--
-- Host: db    Database: db
-- ------------------------------------------------------


--
-- Table structure for table `addresses`
--

CREATE TABLE `addresses` (
  `id` int NOT NULL,
  `ownerId` int DEFAULT NULL,
  `countryCode` varchar(255) NOT NULL,
  `administrativeArea` varchar(255) DEFAULT NULL,
  `locality` varchar(255) DEFAULT NULL,
  `dependentLocality` varchar(255) DEFAULT NULL,
  `postalCode` varchar(255) DEFAULT NULL,
  `sortingCode` varchar(255) DEFAULT NULL,
  `addressLine1` varchar(255) DEFAULT NULL,
  `addressLine2` varchar(255) DEFAULT NULL,
  `organization` varchar(255) DEFAULT NULL,
  `organizationTaxId` varchar(255) DEFAULT NULL,
  `fullName` varchar(255) DEFAULT NULL,
  `firstName` varchar(255) DEFAULT NULL,
  `lastName` varchar(255) DEFAULT NULL,
  `latitude` varchar(255) DEFAULT NULL,
  `longitude` varchar(255) DEFAULT NULL,
  `dateCreated` datetime NOT NULL,
  `dateUpdated` datetime NOT NULL,
  PRIMARY KEY (`id`),
  KEY `fk_jgigqdygvkuyejbbmjtfnhstoqqnbhldaklo` (`ownerId`),
  CONSTRAINT `fk_jgigqdygvkuyejbbmjtfnhstoqqnbhldaklo` FOREIGN KEY (`ownerId`) REFERENCES `elements` (`id`) ON DELETE CASCADE,
  CONSTRAINT `fk_rzetzucljiwsteewqihsmihvtjrtomiqlzog` FOREIGN KEY (`id`) REFERENCES `elements` (`id`) ON DELETE CASCADE
) ENGINE=InnoDB DEFAULT CHARSET=utf8mb3;

--
-- Table structure for table `announcements`
--

CREATE TABLE `announcements` (
  `id` int NOT NULL AUTO_INCREMENT,
  `userId` int NOT NULL,
  `pluginId` int DEFAULT NULL,
  `heading` varchar(255) NOT NULL,
  `body` text NOT NULL,
  `unread` tinyint(1) NOT NULL DEFAULT '1',
  `dateRead` datetime DEFAULT NULL,
  `dateCreated` datetime NOT NULL,
  PRIMARY KEY (`id`),
  KEY `idx_iawwcerjybssnnwbhfodrksilemslwifufln` (`userId`,`unread`,`dateRead`,`dateCreated`),
  KEY `idx_levgsyssoewwxvgkmmetlvmdfbkgyqhmubcv` (`dateRead`),
  KEY `fk_nljdfyrtigqdtfsgbgvjepppaiobbsnpnxbq` (`pluginId`),
  CONSTRAINT `fk_cuyshkgzogrkfvxewxqkiukllultikwxsjyd` FOREIGN KEY (`userId`) REFERENCES `users` (`id`) ON DELETE CASCADE,
  CONSTRAINT `fk_nljdfyrtigqdtfsgbgvjepppaiobbsnpnxbq` FOREIGN KEY (`pluginId`) REFERENCES `plugins` (`id`) ON DELETE CASCADE
) ENGINE=InnoDB DEFAULT CHARSET=utf8mb3;

--
-- Table structure for table `assetindexingsessions`
--

CREATE TABLE `assetindexingsessions` (
  `id` int NOT NULL AUTO_INCREMENT,
  `indexedVolumes` text,
  `totalEntries` int DEFAULT NULL,
  `processedEntries` int NOT NULL DEFAULT '0',
  `cacheRemoteImages` tinyint(1) DEFAULT NULL,
  `listEmptyFolders` tinyint(1) DEFAULT '0',
  `isCli` tinyint(1) DEFAULT '0',
  `actionRequired` tinyint(1) DEFAULT '0',
  `processIfRootEmpty` tinyint(1) DEFAULT '0',
  `dateCreated` datetime NOT NULL,
  `dateUpdated` datetime NOT NULL,
  `uid` char(36) NOT NULL DEFAULT '0',
  PRIMARY KEY (`id`)
) ENGINE=InnoDB AUTO_INCREMENT=2 DEFAULT CHARSET=utf8mb3;

--
-- Table structure for table `assets`
--

CREATE TABLE `assets` (
  `id` int NOT NULL,
  `volumeId` int DEFAULT NULL,
  `folderId` int NOT NULL,
  `uploaderId` int DEFAULT NULL,
  `filename` varchar(255) NOT NULL,
  `kind` varchar(50) NOT NULL DEFAULT 'unknown',
  `alt` text,
  `width` int unsigned DEFAULT NULL,
  `height` int unsigned DEFAULT NULL,
  `size` bigint unsigned DEFAULT NULL,
  `focalPoint` varchar(13) DEFAULT NULL,
  `deletedWithVolume` tinyint(1) DEFAULT NULL,
  `keptFile` tinyint(1) DEFAULT NULL,
  `dateModified` datetime DEFAULT NULL,
  `dateCreated` datetime NOT NULL,
  `dateUpdated` datetime NOT NULL,
  PRIMARY KEY (`id`),
  KEY `idx_hhbyknahgxqzojaeotdrtkjywytcotpngeic` (`filename`,`folderId`),
  KEY `idx_lnebzajxuozidncrfjokdtpkkjwapxxodmem` (`folderId`),
  KEY `idx_rmgjjdexrzniutkqseczhwlicmhdlnlulyns` (`volumeId`),
  KEY `fk_sruqxbuwmbskiiguvjcnwjmjkkzxrllfsxlh` (`uploaderId`),
  CONSTRAINT `fk_dtgkmeyglobhqaplznajpwouzfkfovbqzthw` FOREIGN KEY (`volumeId`) REFERENCES `volumes` (`id`) ON DELETE CASCADE,
  CONSTRAINT `fk_nvzegdvdryqjkmmoswhblhprkzjurjmewrwt` FOREIGN KEY (`folderId`) REFERENCES `volumefolders` (`id`) ON DELETE CASCADE,
  CONSTRAINT `fk_sruqxbuwmbskiiguvjcnwjmjkkzxrllfsxlh` FOREIGN KEY (`uploaderId`) REFERENCES `users` (`id`) ON DELETE SET NULL,
  CONSTRAINT `fk_ulseoycpjpjryndbwipfdbnfcgyvxauodsgv` FOREIGN KEY (`id`) REFERENCES `elements` (`id`) ON DELETE CASCADE
) ENGINE=InnoDB DEFAULT CHARSET=utf8mb3;

--
-- Table structure for table `categories`
--

CREATE TABLE `categories` (
  `id` int NOT NULL,
  `groupId` int NOT NULL,
  `parentId` int DEFAULT NULL,
  `deletedWithGroup` tinyint(1) DEFAULT NULL,
  `dateCreated` datetime NOT NULL,
  `dateUpdated` datetime NOT NULL,
  PRIMARY KEY (`id`),
  KEY `idx_ltdggbalbywumczaqtoetxfvfoomogkhiukt` (`groupId`),
  KEY `fk_fyeacsorfpewlkdhcynnlfemrirnjulaossy` (`parentId`),
  CONSTRAINT `fk_fjxwsztvmpihccgzqqzztjshblefarjaszum` FOREIGN KEY (`id`) REFERENCES `elements` (`id`) ON DELETE CASCADE,
  CONSTRAINT `fk_fyeacsorfpewlkdhcynnlfemrirnjulaossy` FOREIGN KEY (`parentId`) REFERENCES `categories` (`id`) ON DELETE SET NULL,
  CONSTRAINT `fk_qaivficawaivrbqkikrsvnbjxqdepcvpteyr` FOREIGN KEY (`groupId`) REFERENCES `categorygroups` (`id`) ON DELETE CASCADE
) ENGINE=InnoDB DEFAULT CHARSET=utf8mb3;

--
-- Table structure for table `categorygroups`
--

CREATE TABLE `categorygroups` (
  `id` int NOT NULL AUTO_INCREMENT,
  `structureId` int NOT NULL,
  `fieldLayoutId` int DEFAULT NULL,
  `name` varchar(255) NOT NULL,
  `handle` varchar(255) NOT NULL,
  `defaultPlacement` enum('beginning','end') NOT NULL DEFAULT 'end',
  `dateCreated` datetime NOT NULL,
  `dateUpdated` datetime NOT NULL,
  `dateDeleted` datetime DEFAULT NULL,
  `uid` char(36) NOT NULL DEFAULT '0',
  PRIMARY KEY (`id`),
  KEY `idx_mccdpoimenhwcyxlpexvmyqxjiqajrdmzhak` (`name`),
  KEY `idx_novtetufvajitxdtighvvfngrewxdzusdcaf` (`handle`),
  KEY `idx_fkybyuoynogzonqqdcnagktpizndagqsskjg` (`structureId`),
  KEY `idx_hmkbmsvhsysraudvctpbupcipqoailsyhxin` (`fieldLayoutId`),
  KEY `idx_aycqxlwqcqdhwmihnckxuylclqcdubxgyood` (`dateDeleted`),
  CONSTRAINT `fk_njyptuhhadmqkdttdzrmyammkfgclvsvxqhr` FOREIGN KEY (`fieldLayoutId`) REFERENCES `fieldlayouts` (`id`) ON DELETE SET NULL,
  CONSTRAINT `fk_vdqgbliuhyxnibxtxibkuiqctzchvpqmpccx` FOREIGN KEY (`structureId`) REFERENCES `structures` (`id`) ON DELETE CASCADE
) ENGINE=InnoDB DEFAULT CHARSET=utf8mb3;

--
-- Table structure for table `categorygroups_sites`
--

CREATE TABLE `categorygroups_sites` (
  `id` int NOT NULL AUTO_INCREMENT,
  `groupId` int NOT NULL,
  `siteId` int NOT NULL,
  `hasUrls` tinyint(1) NOT NULL DEFAULT '1',
  `uriFormat` text,
  `template` varchar(500) DEFAULT NULL,
  `dateCreated` datetime NOT NULL,
  `dateUpdated` datetime NOT NULL,
  `uid` char(36) NOT NULL DEFAULT '0',
  PRIMARY KEY (`id`),
  UNIQUE KEY `idx_qdawiveuokgjkdejojotdpdexnkudhiqwkvp` (`groupId`,`siteId`),
  KEY `idx_xdxrbcdjhwglbgzkqtxtxruefzgblisqmxba` (`siteId`),
  CONSTRAINT `fk_epouuhigmucdrpxuzlcswicyuzsjahmcqvqj` FOREIGN KEY (`siteId`) REFERENCES `sites` (`id`) ON DELETE CASCADE ON UPDATE CASCADE,
  CONSTRAINT `fk_zuumfpwadzoodrdimbhqaddkcvrstjaysmim` FOREIGN KEY (`groupId`) REFERENCES `categorygroups` (`id`) ON DELETE CASCADE
) ENGINE=InnoDB DEFAULT CHARSET=utf8mb3;

--
-- Table structure for table `changedattributes`
--

CREATE TABLE `changedattributes` (
  `elementId` int NOT NULL,
  `siteId` int NOT NULL,
  `attribute` varchar(255) NOT NULL,
  `dateUpdated` datetime NOT NULL,
  `propagated` tinyint(1) NOT NULL,
  `userId` int DEFAULT NULL,
  PRIMARY KEY (`elementId`,`siteId`,`attribute`),
  KEY `idx_syhvnuuigmnraslrohtmmfwxqvzbkxmnqqnp` (`elementId`,`siteId`,`dateUpdated`),
  KEY `fk_fjtnoifowtkztwvesxixezihgscpcszxaalm` (`siteId`),
  KEY `fk_nxydxkeewrdvzsdtldrhhiyulxoxmkqsgvph` (`userId`),
  CONSTRAINT `fk_cuwdfvilkxbczyauztxlsrafgmzixndrxaqp` FOREIGN KEY (`elementId`) REFERENCES `elements` (`id`) ON DELETE CASCADE ON UPDATE CASCADE,
  CONSTRAINT `fk_fjtnoifowtkztwvesxixezihgscpcszxaalm` FOREIGN KEY (`siteId`) REFERENCES `sites` (`id`) ON DELETE CASCADE ON UPDATE CASCADE,
  CONSTRAINT `fk_nxydxkeewrdvzsdtldrhhiyulxoxmkqsgvph` FOREIGN KEY (`userId`) REFERENCES `users` (`id`) ON DELETE SET NULL ON UPDATE CASCADE
) ENGINE=InnoDB DEFAULT CHARSET=utf8mb3;

--
-- Table structure for table `changedfields`
--

CREATE TABLE `changedfields` (
  `elementId` int NOT NULL,
  `siteId` int NOT NULL,
  `fieldId` int NOT NULL,
  `dateUpdated` datetime NOT NULL,
  `propagated` tinyint(1) NOT NULL,
  `userId` int DEFAULT NULL,
  PRIMARY KEY (`elementId`,`siteId`,`fieldId`),
  KEY `idx_tfogpofksagixtslxpzkcjatiwocwilwtfor` (`elementId`,`siteId`,`dateUpdated`),
  KEY `fk_eysuhdgsiytnrrrfelsadkqkfzsxclxftdct` (`siteId`),
  KEY `fk_hrjdwymoylzmzkopdrxmcqlyevifwlmqagcd` (`fieldId`),
  KEY `fk_wuftmpegbppzccenotpchbdpfbadjroaqziv` (`userId`),
  CONSTRAINT `fk_eysuhdgsiytnrrrfelsadkqkfzsxclxftdct` FOREIGN KEY (`siteId`) REFERENCES `sites` (`id`) ON DELETE CASCADE ON UPDATE CASCADE,
  CONSTRAINT `fk_ezbmzcttrextulzyezozsdxwtliwrelpwsql` FOREIGN KEY (`elementId`) REFERENCES `elements` (`id`) ON DELETE CASCADE ON UPDATE CASCADE,
  CONSTRAINT `fk_hrjdwymoylzmzkopdrxmcqlyevifwlmqagcd` FOREIGN KEY (`fieldId`) REFERENCES `fields` (`id`) ON DELETE CASCADE ON UPDATE CASCADE,
  CONSTRAINT `fk_wuftmpegbppzccenotpchbdpfbadjroaqziv` FOREIGN KEY (`userId`) REFERENCES `users` (`id`) ON DELETE SET NULL ON UPDATE CASCADE
) ENGINE=InnoDB DEFAULT CHARSET=utf8mb3;

--
-- Table structure for table `content`
--

CREATE TABLE `content` (
  `id` int NOT NULL AUTO_INCREMENT,
  `elementId` int NOT NULL,
  `siteId` int NOT NULL,
  `title` varchar(255) DEFAULT NULL,
  `dateCreated` datetime NOT NULL,
  `dateUpdated` datetime NOT NULL,
  `uid` char(36) NOT NULL DEFAULT '0',
  `field_bandcampEmbed_inugegzp` text,
  `field_clientEmail_vhxmksft` text,
  `field_gigDate_rzbqtsud` datetime DEFAULT NULL,
  `field_gigDate_tz_rzbqtsud` varchar(255) DEFAULT NULL,
  `field_gigLink_lcmhpagu` varchar(255) DEFAULT NULL,
  `field_gigLocation_secazwrd` text,
  `field_pageTemplate_jxvqpmcm` text,
  `field_soundcloudEmbed_qpoyhsol` text,
  `field_spotifyEmbed_yzgetqnv` text,
  `field_submissionEmail_qqiavbhr` varchar(255) DEFAULT NULL,
  `field_submissionMessage_rtpzqnhp` text,
  `field_submissionName_fggnchnh` text,
  `field_submissionPhone_siyosvvg` text,
  `field_submissionSubject_ziqqexut` text,
  `field_youtubeVideoId_ydkphbeb` text,
  PRIMARY KEY (`id`),
  UNIQUE KEY `idx_lvwkapthdndtzpdalumjzgrdcioediuoevkk` (`elementId`,`siteId`),
  KEY `idx_enkwfegpmjuefbuiqhwxlmmdpdiiesfjsqud` (`siteId`),
  KEY `idx_uxxueolskzpnfcxekklwuokwnnzwvysyemxx` (`title`),
  CONSTRAINT `fk_cvdzxubmxlnesdxgklowvijlayslevkokvax` FOREIGN KEY (`elementId`) REFERENCES `elements` (`id`) ON DELETE CASCADE,
  CONSTRAINT `fk_erpjoqluwrpaxqpnlxdhencgsoyparkexwtz` FOREIGN KEY (`siteId`) REFERENCES `sites` (`id`) ON DELETE CASCADE ON UPDATE CASCADE
) ENGINE=InnoDB AUTO_INCREMENT=82 DEFAULT CHARSET=utf8mb3;

--
-- Table structure for table `drafts`
--

CREATE TABLE `drafts` (
  `id` int NOT NULL AUTO_INCREMENT,
  `canonicalId` int DEFAULT NULL,
  `creatorId` int DEFAULT NULL,
  `provisional` tinyint(1) NOT NULL DEFAULT '0',
  `name` varchar(255) NOT NULL,
  `notes` text,
  `trackChanges` tinyint(1) NOT NULL DEFAULT '0',
  `dateLastMerged` datetime DEFAULT NULL,
  `saved` tinyint(1) NOT NULL DEFAULT '1',
  PRIMARY KEY (`id`),
  KEY `idx_xkhqcldlgihyqgodcbxsveicatoqpewuckrp` (`creatorId`,`provisional`),
  KEY `idx_xygcgcxaqgzoacwrqzuucgailkiyugggufzg` (`saved`),
  KEY `fk_gywcntesglnrmgkhnyuotzityrrcevasiyvi` (`canonicalId`),
  CONSTRAINT `fk_bxhmwpdzhqfkymqipodxbxpaayyomwyqlozk` FOREIGN KEY (`creatorId`) REFERENCES `users` (`id`) ON DELETE SET NULL,
  CONSTRAINT `fk_gywcntesglnrmgkhnyuotzityrrcevasiyvi` FOREIGN KEY (`canonicalId`) REFERENCES `elements` (`id`) ON DELETE CASCADE
) ENGINE=InnoDB AUTO_INCREMENT=18 DEFAULT CHARSET=utf8mb3;

--
-- Table structure for table `elementactivity`
--

CREATE TABLE `elementactivity` (
  `elementId` int NOT NULL,
  `userId` int NOT NULL,
  `siteId` int NOT NULL,
  `draftId` int DEFAULT NULL,
  `type` varchar(255) NOT NULL,
  `timestamp` datetime DEFAULT NULL,
  PRIMARY KEY (`elementId`,`userId`,`type`),
  KEY `idx_ywwhigjnxdrlrnucqwtjofwolmblqjchwpiw` (`elementId`,`timestamp`,`userId`),
  KEY `fk_qgpvnazgkxyjlwchycrxbfyfolixnlyrmcoy` (`userId`),
  KEY `fk_ylrqadnypgqkwvrnzhnqwsuubbplulxwapmb` (`siteId`),
  KEY `fk_qdabyirodgvrobbkmbgcxtbqwrwjttjlwtwy` (`draftId`),
  CONSTRAINT `fk_cgmospeicdpnuqaafncjucjxylunvnmslieb` FOREIGN KEY (`elementId`) REFERENCES `elements` (`id`) ON DELETE CASCADE,
  CONSTRAINT `fk_qdabyirodgvrobbkmbgcxtbqwrwjttjlwtwy` FOREIGN KEY (`draftId`) REFERENCES `drafts` (`id`) ON DELETE CASCADE,
  CONSTRAINT `fk_qgpvnazgkxyjlwchycrxbfyfolixnlyrmcoy` FOREIGN KEY (`userId`) REFERENCES `users` (`id`) ON DELETE CASCADE,
  CONSTRAINT `fk_ylrqadnypgqkwvrnzhnqwsuubbplulxwapmb` FOREIGN KEY (`siteId`) REFERENCES `sites` (`id`) ON DELETE CASCADE
) ENGINE=InnoDB DEFAULT CHARSET=utf8mb3;

--
-- Table structure for table `elements`
--

CREATE TABLE `elements` (
  `id` int NOT NULL AUTO_INCREMENT,
  `canonicalId` int DEFAULT NULL,
  `draftId` int DEFAULT NULL,
  `revisionId` int DEFAULT NULL,
  `fieldLayoutId` int DEFAULT NULL,
  `type` varchar(255) NOT NULL,
  `enabled` tinyint(1) NOT NULL DEFAULT '1',
  `archived` tinyint(1) NOT NULL DEFAULT '0',
  `dateCreated` datetime NOT NULL,
  `dateUpdated` datetime NOT NULL,
  `dateLastMerged` datetime DEFAULT NULL,
  `dateDeleted` datetime DEFAULT NULL,
  `uid` char(36) NOT NULL DEFAULT '0',
  PRIMARY KEY (`id`),
  KEY `idx_plcsbgocoagtmlkqlujucobabcuunrynyxyh` (`dateDeleted`),
  KEY `idx_jzxndazknouxfjwpxthsgcpzzqhlxqbrhdse` (`fieldLayoutId`),
  KEY `idx_ykmhbmzodqnyggdljtjwwngfbvplvwyrmqml` (`type`),
  KEY `idx_hmhwazbzjxrstqcswpxskyqlgjeqgfidksxx` (`enabled`),
  KEY `idx_ixhanuedhjjpxocujlrjwsjdavkhzwsnwuzx` (`archived`,`dateCreated`),
  KEY `idx_appxvckyvskgxwlcqqtynarxyhnfgfhxayyn` (`archived`,`dateDeleted`,`draftId`,`revisionId`,`canonicalId`),
  KEY `idx_ltbsevtyrosxegdqipupbfxxcxltwcdpplzy` (`archived`,`dateDeleted`,`draftId`,`revisionId`,`canonicalId`,`enabled`),
  KEY `fk_xnxabzqjkopbztbeyshasofjtqxosfhooiwk` (`canonicalId`),
  KEY `fk_nnynnvtojhbxsauyiewvwsanrxdjkkobrqyw` (`draftId`),
  KEY `fk_djxnwqpevivhvfnihnvudejuucnzsffkpnmy` (`revisionId`),
  CONSTRAINT `fk_djxnwqpevivhvfnihnvudejuucnzsffkpnmy` FOREIGN KEY (`revisionId`) REFERENCES `revisions` (`id`) ON DELETE CASCADE,
  CONSTRAINT `fk_nnynnvtojhbxsauyiewvwsanrxdjkkobrqyw` FOREIGN KEY (`draftId`) REFERENCES `drafts` (`id`) ON DELETE CASCADE,
  CONSTRAINT `fk_pjrknukohedntxmahtlzkoavaqighrggmrqw` FOREIGN KEY (`fieldLayoutId`) REFERENCES `fieldlayouts` (`id`) ON DELETE SET NULL,
  CONSTRAINT `fk_xnxabzqjkopbztbeyshasofjtqxosfhooiwk` FOREIGN KEY (`canonicalId`) REFERENCES `elements` (`id`) ON DELETE SET NULL
) ENGINE=InnoDB AUTO_INCREMENT=82 DEFAULT CHARSET=utf8mb3;

--
-- Table structure for table `elements_sites`
--

CREATE TABLE `elements_sites` (
  `id` int NOT NULL AUTO_INCREMENT,
  `elementId` int NOT NULL,
  `siteId` int NOT NULL,
  `slug` varchar(255) DEFAULT NULL,
  `uri` varchar(255) DEFAULT NULL,
  `enabled` tinyint(1) NOT NULL DEFAULT '1',
  `dateCreated` datetime NOT NULL,
  `dateUpdated` datetime NOT NULL,
  `uid` char(36) NOT NULL DEFAULT '0',
  PRIMARY KEY (`id`),
  UNIQUE KEY `idx_npadfznemjwhjiqsltckfyvdvitjcywwxxoq` (`elementId`,`siteId`),
  KEY `idx_nejiicducrjobgcoxanzwigiqqxemmjsqtwz` (`siteId`),
  KEY `idx_mawjdduxaxzfrakyivifeoevsmsqzpierqjr` (`slug`,`siteId`),
  KEY `idx_tvkejgoxjrrygivoolrwlgoeahiwvxuknwuu` (`enabled`),
  KEY `idx_oeeyapicjspqvuovvkdxhbbwowdsmkzgsaej` (`uri`,`siteId`),
  CONSTRAINT `fk_elyyhmkznrpujhouujshkkzrpwhtvabbduwo` FOREIGN KEY (`elementId`) REFERENCES `elements` (`id`) ON DELETE CASCADE,
  CONSTRAINT `fk_zkwraqntxizlcddbpwgruermbglgfqgkxjoc` FOREIGN KEY (`siteId`) REFERENCES `sites` (`id`) ON DELETE CASCADE ON UPDATE CASCADE
) ENGINE=InnoDB AUTO_INCREMENT=82 DEFAULT CHARSET=utf8mb3;

--
-- Table structure for table `entries`
--

CREATE TABLE `entries` (
  `id` int NOT NULL,
  `sectionId` int NOT NULL,
  `parentId` int DEFAULT NULL,
  `typeId` int NOT NULL,
  `authorId` int DEFAULT NULL,
  `postDate` datetime DEFAULT NULL,
  `expiryDate` datetime DEFAULT NULL,
  `deletedWithEntryType` tinyint(1) DEFAULT NULL,
  `dateCreated` datetime NOT NULL,
  `dateUpdated` datetime NOT NULL,
  PRIMARY KEY (`id`),
  KEY `idx_heyfbpphyuvhvjqgttixlpglmhrqxakhuuhe` (`postDate`),
  KEY `idx_wvdppawqpcprjgbwywegydkhcszlurudfxef` (`expiryDate`),
  KEY `idx_nrtjxahkaiehvffrjuipcmijytadzbhlodqj` (`authorId`),
  KEY `idx_kzoxqymskyhinabjdohgoarxhwgvdpuovzxy` (`sectionId`),
  KEY `idx_ivhzatmczspzbkfctwjalpxpgkhrujqixcep` (`typeId`),
  KEY `fk_mmjowjyfbnubwrclzwkflouhmxlgeoehwsjx` (`parentId`),
  CONSTRAINT `fk_glmlqyplvqitvczvbjwixfqtvpccunupocab` FOREIGN KEY (`authorId`) REFERENCES `users` (`id`) ON DELETE SET NULL,
  CONSTRAINT `fk_htjvcvmirnnjiirmdxvsaqfhfvypoyqgaipv` FOREIGN KEY (`sectionId`) REFERENCES `sections` (`id`) ON DELETE CASCADE,
  CONSTRAINT `fk_mmjowjyfbnubwrclzwkflouhmxlgeoehwsjx` FOREIGN KEY (`parentId`) REFERENCES `entries` (`id`) ON DELETE SET NULL,
  CONSTRAINT `fk_rnanaxmxzrkaucebzuvilxnumdlbbdstenos` FOREIGN KEY (`id`) REFERENCES `elements` (`id`) ON DELETE CASCADE,
  CONSTRAINT `fk_tslnenivzsiqogljgxjmcpqhpjzbrmooagev` FOREIGN KEY (`typeId`) REFERENCES `entrytypes` (`id`) ON DELETE CASCADE
) ENGINE=InnoDB DEFAULT CHARSET=utf8mb3;

--
-- Table structure for table `entrytypes`
--

CREATE TABLE `entrytypes` (
  `id` int NOT NULL AUTO_INCREMENT,
  `sectionId` int NOT NULL,
  `fieldLayoutId` int DEFAULT NULL,
  `name` varchar(255) NOT NULL,
  `handle` varchar(255) NOT NULL,
  `hasTitleField` tinyint(1) NOT NULL DEFAULT '1',
  `titleTranslationMethod` varchar(255) NOT NULL DEFAULT 'site',
  `titleTranslationKeyFormat` text,
  `titleFormat` varchar(255) DEFAULT NULL,
  `slugTranslationMethod` varchar(255) NOT NULL DEFAULT 'site',
  `slugTranslationKeyFormat` text,
  `showStatusField` tinyint(1) DEFAULT '1',
  `sortOrder` smallint unsigned DEFAULT NULL,
  `dateCreated` datetime NOT NULL,
  `dateUpdated` datetime NOT NULL,
  `dateDeleted` datetime DEFAULT NULL,
  `uid` char(36) NOT NULL DEFAULT '0',
  PRIMARY KEY (`id`),
  KEY `idx_uxsojtajultwgpwrfegwobsfnidojdscvuwo` (`name`,`sectionId`),
  KEY `idx_vitestztguucxucgjmrynhaszmguvakyeiuh` (`handle`,`sectionId`),
  KEY `idx_aqrqylbummmtndiehukcsfzdnijzrqbhbxuf` (`sectionId`),
  KEY `idx_okzowrbwfhlcxdmdyergkmdnmkpvlnzwdlhv` (`fieldLayoutId`),
  KEY `idx_snqdjvpgyhhogvqcadzzsqsorbtjejrisnzk` (`dateDeleted`),
  CONSTRAINT `fk_elnngctfoqadbqvdowruvkuwnxylekhplwlw` FOREIGN KEY (`fieldLayoutId`) REFERENCES `fieldlayouts` (`id`) ON DELETE SET NULL,
  CONSTRAINT `fk_thsngrmcmlhzcmfctlfrtfhkdrflpzsrdtcq` FOREIGN KEY (`sectionId`) REFERENCES `sections` (`id`) ON DELETE CASCADE
) ENGINE=InnoDB AUTO_INCREMENT=10 DEFAULT CHARSET=utf8mb3;

--
-- Table structure for table `fieldgroups`
--

CREATE TABLE `fieldgroups` (
  `id` int NOT NULL AUTO_INCREMENT,
  `name` varchar(255) NOT NULL,
  `dateCreated` datetime NOT NULL,
  `dateUpdated` datetime NOT NULL,
  `dateDeleted` datetime DEFAULT NULL,
  `uid` char(36) NOT NULL DEFAULT '0',
  PRIMARY KEY (`id`),
  KEY `idx_dxbzitderfvrsrrjrdtfsporxqlcnwvpjnkc` (`name`),
  KEY `idx_nhvisyenvxfvmwcfranhlsryifyeqapwfwto` (`dateDeleted`,`name`)
) ENGINE=InnoDB AUTO_INCREMENT=8 DEFAULT CHARSET=utf8mb3;

--
-- Table structure for table `fieldlayoutfields`
--

CREATE TABLE `fieldlayoutfields` (
  `id` int NOT NULL AUTO_INCREMENT,
  `layoutId` int NOT NULL,
  `tabId` int NOT NULL,
  `fieldId` int NOT NULL,
  `required` tinyint(1) NOT NULL DEFAULT '0',
  `sortOrder` smallint unsigned DEFAULT NULL,
  `dateCreated` datetime NOT NULL,
  `dateUpdated` datetime NOT NULL,
  `uid` char(36) NOT NULL DEFAULT '0',
  PRIMARY KEY (`id`),
  UNIQUE KEY `idx_ejygmizjqlwnapgqvdufzihwlddmabrdzafa` (`layoutId`,`fieldId`),
  KEY `idx_jydrmyouwwjmrtogrcxqzbckiyjgvnycrmdv` (`sortOrder`),
  KEY `idx_kkskswprqzgtrvmnkealpialjkyiurhqzboi` (`tabId`),
  KEY `idx_mwtazupdyxovgpmbnoxcslrvfrduwwcckouj` (`fieldId`),
  CONSTRAINT `fk_swybdgkqvbhyzrkxwrlrkpoaqthgsfutmxke` FOREIGN KEY (`tabId`) REFERENCES `fieldlayouttabs` (`id`) ON DELETE CASCADE,
  CONSTRAINT `fk_yxhvgdtawwmoagntddsxahgetejaddgrarty` FOREIGN KEY (`fieldId`) REFERENCES `fields` (`id`) ON DELETE CASCADE,
  CONSTRAINT `fk_yzqpdbyisyjycowsdmdtrmlydojokejlzexn` FOREIGN KEY (`layoutId`) REFERENCES `fieldlayouts` (`id`) ON DELETE CASCADE
) ENGINE=InnoDB AUTO_INCREMENT=145 DEFAULT CHARSET=utf8mb3;

--
-- Table structure for table `fieldlayouts`
--

CREATE TABLE `fieldlayouts` (
  `id` int NOT NULL AUTO_INCREMENT,
  `type` varchar(255) NOT NULL,
  `dateCreated` datetime NOT NULL,
  `dateUpdated` datetime NOT NULL,
  `dateDeleted` datetime DEFAULT NULL,
  `uid` char(36) NOT NULL DEFAULT '0',
  PRIMARY KEY (`id`),
  KEY `idx_wvcjpdnlcnuiqcgfbbaxtyqphbbokczexjbb` (`dateDeleted`),
  KEY `idx_uaknqlckmktpldgoaxnjulaanbcoopuusvtf` (`type`)
) ENGINE=InnoDB AUTO_INCREMENT=13 DEFAULT CHARSET=utf8mb3;

--
-- Table structure for table `fieldlayouttabs`
--

CREATE TABLE `fieldlayouttabs` (
  `id` int NOT NULL AUTO_INCREMENT,
  `layoutId` int NOT NULL,
  `name` varchar(255) NOT NULL,
  `settings` text,
  `elements` text,
  `sortOrder` smallint unsigned DEFAULT NULL,
  `dateCreated` datetime NOT NULL,
  `dateUpdated` datetime NOT NULL,
  `uid` char(36) NOT NULL DEFAULT '0',
  PRIMARY KEY (`id`),
  KEY `idx_zrgbpgpjfdtchugiuzusrwhhhbmqmjtecwnx` (`sortOrder`),
  KEY `idx_bsdlrdjucelqhbpileoslbvzmbzxiawwujxt` (`layoutId`),
  CONSTRAINT `fk_zdbktzeamlyrnwoynzpolybbuqaujuaqmviq` FOREIGN KEY (`layoutId`) REFERENCES `fieldlayouts` (`id`) ON DELETE CASCADE
) ENGINE=InnoDB AUTO_INCREMENT=97 DEFAULT CHARSET=utf8mb3;

--
-- Table structure for table `fields`
--

CREATE TABLE `fields` (
  `id` int NOT NULL AUTO_INCREMENT,
  `groupId` int DEFAULT NULL,
  `name` varchar(255) NOT NULL,
  `handle` varchar(64) NOT NULL,
  `context` varchar(255) NOT NULL DEFAULT 'global',
  `columnSuffix` char(8) DEFAULT NULL,
  `instructions` text,
  `searchable` tinyint(1) NOT NULL DEFAULT '1',
  `translationMethod` varchar(255) NOT NULL DEFAULT 'none',
  `translationKeyFormat` text,
  `type` varchar(255) NOT NULL,
  `settings` text,
  `dateCreated` datetime NOT NULL,
  `dateUpdated` datetime NOT NULL,
  `uid` char(36) NOT NULL DEFAULT '0',
  PRIMARY KEY (`id`),
  KEY `idx_azwslvtwbtsdrkblzgrplpucwzojtqfgskmu` (`handle`,`context`),
  KEY `idx_pcrqylthkxjuhhblqlatzxnkqsfcjxapigdc` (`groupId`),
  KEY `idx_atsjdzzsjltbgzrmbrmrujtnrimhnddyshtp` (`context`),
  CONSTRAINT `fk_iapahpvofbuebaezmxtldnadzgbhyreqzsmn` FOREIGN KEY (`groupId`) REFERENCES `fieldgroups` (`id`) ON DELETE CASCADE
) ENGINE=InnoDB AUTO_INCREMENT=19 DEFAULT CHARSET=utf8mb3;

--
-- Table structure for table `globalsets`
--

CREATE TABLE `globalsets` (
  `id` int NOT NULL AUTO_INCREMENT,
  `name` varchar(255) NOT NULL,
  `handle` varchar(255) NOT NULL,
  `fieldLayoutId` int DEFAULT NULL,
  `sortOrder` smallint unsigned DEFAULT NULL,
  `dateCreated` datetime NOT NULL,
  `dateUpdated` datetime NOT NULL,
  `uid` char(36) NOT NULL DEFAULT '0',
  PRIMARY KEY (`id`),
  KEY `idx_ltsmxnhtglnaybpfjxozowbebisshlutpvjd` (`name`),
  KEY `idx_jghwhdtcorvfdxkrhqwyuqinunivyzqgvcts` (`handle`),
  KEY `idx_oykywznbtntcprsumxviwbfjufesfsmuzelt` (`fieldLayoutId`),
  KEY `idx_lcqvfaoxpodeeyqxccpulqphfcvmexfudlsi` (`sortOrder`),
  CONSTRAINT `fk_ftbfcsikjzpsalqwiacoakfqqdvpcfowurbg` FOREIGN KEY (`id`) REFERENCES `elements` (`id`) ON DELETE CASCADE,
  CONSTRAINT `fk_jqlkbolqgmwhqtflqbkflfdycdiiwvmpxuxh` FOREIGN KEY (`fieldLayoutId`) REFERENCES `fieldlayouts` (`id`) ON DELETE SET NULL
) ENGINE=InnoDB AUTO_INCREMENT=3 DEFAULT CHARSET=utf8mb3;

--
-- Table structure for table `gqlschemas`
--

CREATE TABLE `gqlschemas` (
  `id` int NOT NULL AUTO_INCREMENT,
  `name` varchar(255) NOT NULL,
  `scope` text,
  `isPublic` tinyint(1) NOT NULL DEFAULT '0',
  `dateCreated` datetime NOT NULL,
  `dateUpdated` datetime NOT NULL,
  `uid` char(36) NOT NULL DEFAULT '0',
  PRIMARY KEY (`id`)
) ENGINE=InnoDB DEFAULT CHARSET=utf8mb3;

--
-- Table structure for table `imagetransformindex`
--

CREATE TABLE `imagetransformindex` (
  `id` int NOT NULL AUTO_INCREMENT,
  `assetId` int NOT NULL,
  `transformer` varchar(255) DEFAULT NULL,
  `filename` varchar(255) DEFAULT NULL,
  `format` varchar(255) DEFAULT NULL,
  `transformString` varchar(255) NOT NULL,
  `fileExists` tinyint(1) NOT NULL DEFAULT '0',
  `inProgress` tinyint(1) NOT NULL DEFAULT '0',
  `error` tinyint(1) NOT NULL DEFAULT '0',
  `dateIndexed` datetime DEFAULT NULL,
  `dateCreated` datetime NOT NULL,
  `dateUpdated` datetime NOT NULL,
  `uid` char(36) NOT NULL DEFAULT '0',
  PRIMARY KEY (`id`),
  KEY `idx_omaaxjlthufnxilduqeslqszayovywnfntri` (`assetId`,`transformString`)
) ENGINE=InnoDB AUTO_INCREMENT=61 DEFAULT CHARSET=utf8mb3;

--
-- Table structure for table `imagetransforms`
--

CREATE TABLE `imagetransforms` (
  `id` int NOT NULL AUTO_INCREMENT,
  `name` varchar(255) NOT NULL,
  `handle` varchar(255) NOT NULL,
  `mode` enum('stretch','fit','crop','letterbox') NOT NULL DEFAULT 'crop',
  `position` enum('top-left','top-center','top-right','center-left','center-center','center-right','bottom-left','bottom-center','bottom-right') NOT NULL DEFAULT 'center-center',
  `width` int unsigned DEFAULT NULL,
  `height` int unsigned DEFAULT NULL,
  `format` varchar(255) DEFAULT NULL,
  `quality` int DEFAULT NULL,
  `interlace` enum('none','line','plane','partition') NOT NULL DEFAULT 'none',
  `fill` varchar(11) DEFAULT NULL,
  `upscale` tinyint(1) NOT NULL DEFAULT '1',
  `parameterChangeTime` datetime DEFAULT NULL,
  `dateCreated` datetime NOT NULL,
  `dateUpdated` datetime NOT NULL,
  `uid` char(36) NOT NULL DEFAULT '0',
  PRIMARY KEY (`id`),
  KEY `idx_iynmoiejpdxvasqmjwxkhsiupvjoenlazehq` (`name`),
  KEY `idx_mfyghahroneyhcvxdrrdtlskkhcbxibflkft` (`handle`)
) ENGINE=InnoDB DEFAULT CHARSET=utf8mb3;

--
-- Table structure for table `info`
--

CREATE TABLE `info` (
  `id` int NOT NULL AUTO_INCREMENT,
  `version` varchar(50) NOT NULL,
  `schemaVersion` varchar(15) NOT NULL,
  `maintenance` tinyint(1) NOT NULL DEFAULT '0',
  `configVersion` char(12) NOT NULL DEFAULT '000000000000',
  `fieldVersion` char(12) NOT NULL DEFAULT '000000000000',
  `dateCreated` datetime NOT NULL,
  `dateUpdated` datetime NOT NULL,
  `uid` char(36) NOT NULL DEFAULT '0',
  PRIMARY KEY (`id`)
) ENGINE=InnoDB AUTO_INCREMENT=2 DEFAULT CHARSET=utf8mb3;

--
-- Table structure for table `matrixblocks`
--

CREATE TABLE `matrixblocks` (
  `id` int NOT NULL,
  `primaryOwnerId` int NOT NULL,
  `fieldId` int NOT NULL,
  `typeId` int NOT NULL,
  `deletedWithOwner` tinyint(1) DEFAULT NULL,
  `dateCreated` datetime NOT NULL,
  `dateUpdated` datetime NOT NULL,
  PRIMARY KEY (`id`),
  KEY `idx_pdxyxjxajeirvpseqxmrqdckrijoklhicrsu` (`primaryOwnerId`),
  KEY `idx_kevwupeywalhcnaqlzmezuxnzmrlpgumdbjx` (`fieldId`),
  KEY `idx_kmhlfgkthnzdjvdkimbwigtegrjpcvihutwr` (`typeId`),
  CONSTRAINT `fk_boyfaxrmdnvoffreqglqgfjiozwqzjbrkokg` FOREIGN KEY (`id`) REFERENCES `elements` (`id`) ON DELETE CASCADE,
  CONSTRAINT `fk_rglrsagsmghqllwymlnfpyfgrjplznwvmqfm` FOREIGN KEY (`typeId`) REFERENCES `matrixblocktypes` (`id`) ON DELETE CASCADE,
  CONSTRAINT `fk_surrcfdcvkxlmefnsnrwxfvoyhygnttprwws` FOREIGN KEY (`fieldId`) REFERENCES `fields` (`id`) ON DELETE CASCADE,
  CONSTRAINT `fk_ysgksrbhmdmdolgmqgtexngffjhjyhfscwah` FOREIGN KEY (`primaryOwnerId`) REFERENCES `elements` (`id`) ON DELETE CASCADE
) ENGINE=InnoDB DEFAULT CHARSET=utf8mb3;

--
-- Table structure for table `matrixblocks_owners`
--

CREATE TABLE `matrixblocks_owners` (
  `blockId` int NOT NULL,
  `ownerId` int NOT NULL,
  `sortOrder` smallint unsigned NOT NULL,
  PRIMARY KEY (`blockId`,`ownerId`),
  KEY `fk_fitbjosmydclkrlfrooftyrakunkifnxmpfq` (`ownerId`),
  CONSTRAINT `fk_fitbjosmydclkrlfrooftyrakunkifnxmpfq` FOREIGN KEY (`ownerId`) REFERENCES `elements` (`id`) ON DELETE CASCADE,
  CONSTRAINT `fk_ireyqfjlagijocamkesojsrmdjkjhxhitwdw` FOREIGN KEY (`blockId`) REFERENCES `matrixblocks` (`id`) ON DELETE CASCADE
) ENGINE=InnoDB DEFAULT CHARSET=utf8mb3;

--
-- Table structure for table `matrixblocktypes`
--

CREATE TABLE `matrixblocktypes` (
  `id` int NOT NULL AUTO_INCREMENT,
  `fieldId` int NOT NULL,
  `fieldLayoutId` int DEFAULT NULL,
  `name` varchar(255) NOT NULL,
  `handle` varchar(255) NOT NULL,
  `sortOrder` smallint unsigned DEFAULT NULL,
  `dateCreated` datetime NOT NULL,
  `dateUpdated` datetime NOT NULL,
  `uid` char(36) NOT NULL DEFAULT '0',
  PRIMARY KEY (`id`),
  KEY `idx_mbtktiekwxejhdynkybukpejgkemyjmjokau` (`name`,`fieldId`),
  KEY `idx_wrlmztkhzrfgdgldvyxzunylifftmgqszwzd` (`handle`,`fieldId`),
  KEY `idx_sszwoxvpxrvgfyhggvavjxvwrasoxjwmxabl` (`fieldId`),
  KEY `idx_raywtmveiqbkhcbonnopzsquyvaszomvklnc` (`fieldLayoutId`),
  CONSTRAINT `fk_dlbnptmffaegsokizdqexzuxxotgcwxxzjhi` FOREIGN KEY (`fieldId`) REFERENCES `fields` (`id`) ON DELETE CASCADE,
  CONSTRAINT `fk_whcdkkkghdtoheeuwyynyajglsqcffrsveyh` FOREIGN KEY (`fieldLayoutId`) REFERENCES `fieldlayouts` (`id`) ON DELETE SET NULL
) ENGINE=InnoDB DEFAULT CHARSET=utf8mb3;

--
-- Table structure for table `migrations`
--

CREATE TABLE `migrations` (
  `id` int NOT NULL AUTO_INCREMENT,
  `track` varchar(255) NOT NULL,
  `name` varchar(255) NOT NULL,
  `applyTime` datetime NOT NULL,
  `dateCreated` datetime NOT NULL,
  `dateUpdated` datetime NOT NULL,
  `uid` char(36) NOT NULL DEFAULT '0',
  PRIMARY KEY (`id`),
  UNIQUE KEY `idx_pimirngqrrxjqvtgtwhiccyebpfkehvmjcwj` (`track`,`name`)
) ENGINE=InnoDB AUTO_INCREMENT=36 DEFAULT CHARSET=utf8mb3;

--
-- Table structure for table `plugins`
--

CREATE TABLE `plugins` (
  `id` int NOT NULL AUTO_INCREMENT,
  `handle` varchar(255) NOT NULL,
  `version` varchar(255) NOT NULL,
  `schemaVersion` varchar(255) NOT NULL,
  `installDate` datetime NOT NULL,
  `dateCreated` datetime NOT NULL,
  `dateUpdated` datetime NOT NULL,
  `uid` char(36) NOT NULL DEFAULT '0',
  PRIMARY KEY (`id`),
  UNIQUE KEY `idx_vvuxxffwuhjwekpoeiigavjrrdryofmkipny` (`handle`)
) ENGINE=InnoDB AUTO_INCREMENT=2 DEFAULT CHARSET=utf8mb3;

--
-- Table structure for table `projectconfig`
--

CREATE TABLE `projectconfig` (
  `path` varchar(255) NOT NULL,
  `value` text NOT NULL,
  PRIMARY KEY (`path`)
) ENGINE=InnoDB DEFAULT CHARSET=utf8mb3;

--
-- Table structure for table `queue`
--

CREATE TABLE `queue` (
  `id` int NOT NULL AUTO_INCREMENT,
  `channel` varchar(255) NOT NULL DEFAULT 'queue',
  `job` longblob NOT NULL,
  `description` text,
  `timePushed` int NOT NULL,
  `ttr` int NOT NULL,
  `delay` int NOT NULL DEFAULT '0',
  `priority` int unsigned NOT NULL DEFAULT '1024',
  `dateReserved` datetime DEFAULT NULL,
  `timeUpdated` int DEFAULT NULL,
  `progress` smallint NOT NULL DEFAULT '0',
  `progressLabel` varchar(255) DEFAULT NULL,
  `attempt` int DEFAULT NULL,
  `fail` tinyint(1) DEFAULT '0',
  `dateFailed` datetime DEFAULT NULL,
  `error` text,
  PRIMARY KEY (`id`),
  KEY `idx_eifnvoutjhcjdkojwsuzlxvqyzmafddlrwgx` (`channel`,`fail`,`timeUpdated`,`timePushed`),
  KEY `idx_vzklueuhoygkgwrqhhnwwohmzcircolsyfwj` (`channel`,`fail`,`timeUpdated`,`delay`)
) ENGINE=InnoDB AUTO_INCREMENT=227 DEFAULT CHARSET=utf8mb3;

--
-- Table structure for table `relations`
--

CREATE TABLE `relations` (
  `id` int NOT NULL AUTO_INCREMENT,
  `fieldId` int NOT NULL,
  `sourceId` int NOT NULL,
  `sourceSiteId` int DEFAULT NULL,
  `targetId` int NOT NULL,
  `sortOrder` smallint unsigned DEFAULT NULL,
  `dateCreated` datetime NOT NULL,
  `dateUpdated` datetime NOT NULL,
  `uid` char(36) NOT NULL DEFAULT '0',
  PRIMARY KEY (`id`),
  UNIQUE KEY `idx_enkzxcltsjlilekiinsynbxusvrgvmqsvseu` (`fieldId`,`sourceId`,`sourceSiteId`,`targetId`),
  KEY `idx_ujobuehswswaszkrgzyxneoesydgaazwvdrq` (`sourceId`),
  KEY `idx_qwuelohfqclpsssjufoyfexqmmnoqaszovzz` (`targetId`),
  KEY `idx_kzecapdoimrjfkystnpiiasimfmwlgbztbus` (`sourceSiteId`),
  CONSTRAINT `fk_owqpagjirwmweugecsygclkvsqrhlxkvsqnu` FOREIGN KEY (`fieldId`) REFERENCES `fields` (`id`) ON DELETE CASCADE,
  CONSTRAINT `fk_pregezqjfptlbclfbfypixssemqfartffdez` FOREIGN KEY (`sourceSiteId`) REFERENCES `sites` (`id`) ON DELETE CASCADE ON UPDATE CASCADE,
  CONSTRAINT `fk_zxnbhrboqjopibwbzcsoprtbnrsjbxhrxjqq` FOREIGN KEY (`sourceId`) REFERENCES `elements` (`id`) ON DELETE CASCADE
) ENGINE=InnoDB AUTO_INCREMENT=34 DEFAULT CHARSET=utf8mb3;

--
-- Table structure for table `revisions`
--

CREATE TABLE `revisions` (
  `id` int NOT NULL AUTO_INCREMENT,
  `canonicalId` int NOT NULL,
  `creatorId` int DEFAULT NULL,
  `num` int NOT NULL,
  `notes` text,
  PRIMARY KEY (`id`),
  UNIQUE KEY `idx_tdiwwnnamgknjnuzrnzwabrjrnoxkufmfzua` (`canonicalId`,`num`),
  KEY `fk_hokcjtpbfjtxvakndepduuuprlgxgbpohkcg` (`creatorId`),
  CONSTRAINT `fk_hokcjtpbfjtxvakndepduuuprlgxgbpohkcg` FOREIGN KEY (`creatorId`) REFERENCES `users` (`id`) ON DELETE SET NULL,
  CONSTRAINT `fk_koisuznttrjmatbnxlykwwtgjrrvmsrnvpja` FOREIGN KEY (`canonicalId`) REFERENCES `elements` (`id`) ON DELETE CASCADE
) ENGINE=InnoDB AUTO_INCREMENT=12 DEFAULT CHARSET=utf8mb3;

--
-- Table structure for table `searchindex`
--

CREATE TABLE `searchindex` (
  `elementId` int NOT NULL,
  `attribute` varchar(25) NOT NULL,
  `fieldId` int NOT NULL,
  `siteId` int NOT NULL,
  `keywords` text NOT NULL,
  PRIMARY KEY (`elementId`,`attribute`,`fieldId`,`siteId`),
  FULLTEXT KEY `idx_nanqjsivzrfjikldlhgpjykktiisysrfyhir` (`keywords`)
) ENGINE=InnoDB DEFAULT CHARSET=utf8mb3;

--
-- Table structure for table `sections`
--

CREATE TABLE `sections` (
  `id` int NOT NULL AUTO_INCREMENT,
  `structureId` int DEFAULT NULL,
  `name` varchar(255) NOT NULL,
  `handle` varchar(255) NOT NULL,
  `type` enum('single','channel','structure') NOT NULL DEFAULT 'channel',
  `enableVersioning` tinyint(1) NOT NULL DEFAULT '0',
  `propagationMethod` varchar(255) NOT NULL DEFAULT 'all',
  `defaultPlacement` enum('beginning','end') NOT NULL DEFAULT 'end',
  `previewTargets` text,
  `dateCreated` datetime NOT NULL,
  `dateUpdated` datetime NOT NULL,
  `dateDeleted` datetime DEFAULT NULL,
  `uid` char(36) NOT NULL DEFAULT '0',
  PRIMARY KEY (`id`),
  KEY `idx_xiftxowkbamaitdqodnozvjpauxtfeminbnl` (`handle`),
  KEY `idx_slwywwajhfepxbhizvucbjsbhhaphsslxaqs` (`name`),
  KEY `idx_orucpqhvixlcuhxbhdvgjdbdekqecoibnlxu` (`structureId`),
  KEY `idx_dpgubgtzvajitptsuaarxftulagwbymajppz` (`dateDeleted`),
  CONSTRAINT `fk_uydxsbczsevydhrqxncwktnjlrmtlptepjzb` FOREIGN KEY (`structureId`) REFERENCES `structures` (`id`) ON DELETE SET NULL
) ENGINE=InnoDB AUTO_INCREMENT=7 DEFAULT CHARSET=utf8mb3;

--
-- Table structure for table `sections_sites`
--

CREATE TABLE `sections_sites` (
  `id` int NOT NULL AUTO_INCREMENT,
  `sectionId` int NOT NULL,
  `siteId` int NOT NULL,
  `hasUrls` tinyint(1) NOT NULL DEFAULT '1',
  `uriFormat` text,
  `template` varchar(500) DEFAULT NULL,
  `enabledByDefault` tinyint(1) NOT NULL DEFAULT '1',
  `dateCreated` datetime NOT NULL,
  `dateUpdated` datetime NOT NULL,
  `uid` char(36) NOT NULL DEFAULT '0',
  PRIMARY KEY (`id`),
  UNIQUE KEY `idx_uqxqxdoylyxiptmemiwmnaiivtvhhuvtfejl` (`sectionId`,`siteId`),
  KEY `idx_wjjqnjeizbtozvxfsjqdgipbgsvbcwycchfd` (`siteId`),
  CONSTRAINT `fk_puqruxqkmxkbccshtifuypuxzubgmxtqowie` FOREIGN KEY (`siteId`) REFERENCES `sites` (`id`) ON DELETE CASCADE ON UPDATE CASCADE,
  CONSTRAINT `fk_vudupuueqcvyawsdnyvalmntabmuybbexkun` FOREIGN KEY (`sectionId`) REFERENCES `sections` (`id`) ON DELETE CASCADE
) ENGINE=InnoDB AUTO_INCREMENT=7 DEFAULT CHARSET=utf8mb3;

--
-- Table structure for table `sequences`
--

CREATE TABLE `sequences` (
  `name` varchar(255) NOT NULL,
  `next` int unsigned NOT NULL DEFAULT '1',
  PRIMARY KEY (`name`)
) ENGINE=InnoDB DEFAULT CHARSET=utf8mb3;

--
-- Table structure for table `shunnedmessages`
--

CREATE TABLE `shunnedmessages` (
  `id` int NOT NULL AUTO_INCREMENT,
  `userId` int NOT NULL,
  `message` varchar(255) NOT NULL,
  `expiryDate` datetime DEFAULT NULL,
  `dateCreated` datetime NOT NULL,
  `dateUpdated` datetime NOT NULL,
  `uid` char(36) NOT NULL DEFAULT '0',
  PRIMARY KEY (`id`),
  UNIQUE KEY `idx_nwicnypcxvgbngxsgswvdlydurgwxhuojxet` (`userId`,`message`),
  CONSTRAINT `fk_cfwfmirjvtqtxpmkvyougeufvdvmdlavxzii` FOREIGN KEY (`userId`) REFERENCES `users` (`id`) ON DELETE CASCADE
) ENGINE=InnoDB DEFAULT CHARSET=utf8mb3;

--
-- Table structure for table `sitegroups`
--

CREATE TABLE `sitegroups` (
  `id` int NOT NULL AUTO_INCREMENT,
  `name` varchar(255) NOT NULL,
  `dateCreated` datetime NOT NULL,
  `dateUpdated` datetime NOT NULL,
  `dateDeleted` datetime DEFAULT NULL,
  `uid` char(36) NOT NULL DEFAULT '0',
  PRIMARY KEY (`id`),
  KEY `idx_irxqcahzcbcivbyyqsctjanwgypsjbbvizmd` (`name`)
) ENGINE=InnoDB AUTO_INCREMENT=2 DEFAULT CHARSET=utf8mb3;

--
-- Table structure for table `sites`
--

CREATE TABLE `sites` (
  `id` int NOT NULL AUTO_INCREMENT,
  `groupId` int NOT NULL,
  `primary` tinyint(1) NOT NULL,
  `enabled` varchar(255) NOT NULL DEFAULT 'true',
  `name` varchar(255) NOT NULL,
  `handle` varchar(255) NOT NULL,
  `language` varchar(12) NOT NULL,
  `hasUrls` tinyint(1) NOT NULL DEFAULT '0',
  `baseUrl` varchar(255) DEFAULT NULL,
  `sortOrder` smallint unsigned DEFAULT NULL,
  `dateCreated` datetime NOT NULL,
  `dateUpdated` datetime NOT NULL,
  `dateDeleted` datetime DEFAULT NULL,
  `uid` char(36) NOT NULL DEFAULT '0',
  PRIMARY KEY (`id`),
  KEY `idx_lcwhzznsumiefxncmpgscwgvdwkafewpgngr` (`dateDeleted`),
  KEY `idx_gfinmbqzskbvpnqurgiuuyxfzaehrlhaswul` (`handle`),
  KEY `idx_fgsjdxescolickrnwqjlqautpqchljovwrsu` (`sortOrder`),
  KEY `fk_mfvvulrkhtbcfdscsqtvrftkosmkygzpfwyr` (`groupId`),
  CONSTRAINT `fk_mfvvulrkhtbcfdscsqtvrftkosmkygzpfwyr` FOREIGN KEY (`groupId`) REFERENCES `sitegroups` (`id`) ON DELETE CASCADE
) ENGINE=InnoDB AUTO_INCREMENT=2 DEFAULT CHARSET=utf8mb3;

--
-- Table structure for table `structureelements`
--

CREATE TABLE `structureelements` (
  `id` int NOT NULL AUTO_INCREMENT,
  `structureId` int NOT NULL,
  `elementId` int DEFAULT NULL,
  `root` int unsigned DEFAULT NULL,
  `lft` int unsigned NOT NULL,
  `rgt` int unsigned NOT NULL,
  `level` smallint unsigned NOT NULL,
  `dateCreated` datetime NOT NULL,
  `dateUpdated` datetime NOT NULL,
  `uid` char(36) NOT NULL DEFAULT '0',
  PRIMARY KEY (`id`),
  UNIQUE KEY `idx_owlksxgmjmgslxeyqhaqekexcuoczwgwstth` (`structureId`,`elementId`),
  KEY `idx_ceufmqubcctikgpezamffafmaxczccrbbvoq` (`root`),
  KEY `idx_jimiwzoqtjomnpeggcbooidomphvwwxqgmdj` (`lft`),
  KEY `idx_bjiavzlnjefkeoivpsedakaqufuynklncebw` (`rgt`),
  KEY `idx_tdefyryilwcpvqkhzpjxaharryhwoudqkogu` (`level`),
  KEY `idx_cjoouxucjcqbyqixukvkgqrgwziiwvevugmx` (`elementId`),
  CONSTRAINT `fk_axkwnoawwbttlbyrqnqiizqjktlpbsodxhik` FOREIGN KEY (`structureId`) REFERENCES `structures` (`id`) ON DELETE CASCADE
) ENGINE=InnoDB AUTO_INCREMENT=7 DEFAULT CHARSET=utf8mb3;

--
-- Table structure for table `structures`
--

CREATE TABLE `structures` (
  `id` int NOT NULL AUTO_INCREMENT,
  `maxLevels` smallint unsigned DEFAULT NULL,
  `dateCreated` datetime NOT NULL,
  `dateUpdated` datetime NOT NULL,
  `dateDeleted` datetime DEFAULT NULL,
  `uid` char(36) NOT NULL DEFAULT '0',
  PRIMARY KEY (`id`),
  KEY `idx_eexlpvyqjnyvdvbajjodvmbcyorvcwhpdhdv` (`dateDeleted`)
) ENGINE=InnoDB AUTO_INCREMENT=2 DEFAULT CHARSET=utf8mb3;

--
-- Table structure for table `taggroups`
--

CREATE TABLE `taggroups` (
  `id` int NOT NULL AUTO_INCREMENT,
  `name` varchar(255) NOT NULL,
  `handle` varchar(255) NOT NULL,
  `fieldLayoutId` int DEFAULT NULL,
  `dateCreated` datetime NOT NULL,
  `dateUpdated` datetime NOT NULL,
  `dateDeleted` datetime DEFAULT NULL,
  `uid` char(36) NOT NULL DEFAULT '0',
  PRIMARY KEY (`id`),
  KEY `idx_cavovbkdqabohnzhacgkmwmsgmpehxmhjvky` (`name`),
  KEY `idx_ogfymfuuqrupymkfvsepjeqxyjbklhonefpb` (`handle`),
  KEY `idx_gnzwettqjzdzvfdmvtustzwfxdizbnlymeou` (`dateDeleted`),
  KEY `fk_lzbnweiqnegfohkgktacsrwhoweridorxjuv` (`fieldLayoutId`),
  CONSTRAINT `fk_lzbnweiqnegfohkgktacsrwhoweridorxjuv` FOREIGN KEY (`fieldLayoutId`) REFERENCES `fieldlayouts` (`id`) ON DELETE SET NULL
) ENGINE=InnoDB DEFAULT CHARSET=utf8mb3;

--
-- Table structure for table `tags`
--

CREATE TABLE `tags` (
  `id` int NOT NULL,
  `groupId` int NOT NULL,
  `deletedWithGroup` tinyint(1) DEFAULT NULL,
  `dateCreated` datetime NOT NULL,
  `dateUpdated` datetime NOT NULL,
  PRIMARY KEY (`id`),
  KEY `idx_khfbxlxjevjdgcxfadptwjaapcxfcwkderou` (`groupId`),
  CONSTRAINT `fk_pbunmkecdiqbugbwvqmbeeuqskzuowyinbyh` FOREIGN KEY (`groupId`) REFERENCES `taggroups` (`id`) ON DELETE CASCADE,
  CONSTRAINT `fk_qfvhskxuvywffbcwmnvflbphgxmjxgrefbfo` FOREIGN KEY (`id`) REFERENCES `elements` (`id`) ON DELETE CASCADE
) ENGINE=InnoDB DEFAULT CHARSET=utf8mb3;

--
-- Table structure for table `usergroups`
--

CREATE TABLE `usergroups` (
  `id` int NOT NULL AUTO_INCREMENT,
  `name` varchar(255) NOT NULL,
  `handle` varchar(255) NOT NULL,
  `description` text,
  `dateCreated` datetime NOT NULL,
  `dateUpdated` datetime NOT NULL,
  `uid` char(36) NOT NULL DEFAULT '0',
  PRIMARY KEY (`id`),
  KEY `idx_jielbdmggbfghhmxxeuboqrkagxmuxdbzkjy` (`handle`),
  KEY `idx_vapuhuhdcwtfqvqbfsafhhbzstzisimkkcoj` (`name`)
) ENGINE=InnoDB DEFAULT CHARSET=utf8mb3;

--
-- Table structure for table `usergroups_users`
--

CREATE TABLE `usergroups_users` (
  `id` int NOT NULL AUTO_INCREMENT,
  `groupId` int NOT NULL,
  `userId` int NOT NULL,
  `dateCreated` datetime NOT NULL,
  `dateUpdated` datetime NOT NULL,
  `uid` char(36) NOT NULL DEFAULT '0',
  PRIMARY KEY (`id`),
  UNIQUE KEY `idx_zxopzewasscaqasvofoofyzauuigycinbqxv` (`groupId`,`userId`),
  KEY `idx_ssrxmjgkfwwavjoxfauvohvcxqitdgnweohe` (`userId`),
  CONSTRAINT `fk_nnapkcmblhqwmirmjkyyfpgvqydhfcvjfagw` FOREIGN KEY (`groupId`) REFERENCES `usergroups` (`id`) ON DELETE CASCADE,
  CONSTRAINT `fk_xrgjdexsggenahaiiyhyfmjflzcogjzclmvg` FOREIGN KEY (`userId`) REFERENCES `users` (`id`) ON DELETE CASCADE
) ENGINE=InnoDB DEFAULT CHARSET=utf8mb3;

--
-- Table structure for table `userpermissions`
--

CREATE TABLE `userpermissions` (
  `id` int NOT NULL AUTO_INCREMENT,
  `name` varchar(255) NOT NULL,
  `dateCreated` datetime NOT NULL,
  `dateUpdated` datetime NOT NULL,
  `uid` char(36) NOT NULL DEFAULT '0',
  PRIMARY KEY (`id`),
  UNIQUE KEY `idx_kfqrrzekpruvcaornomcwsskosjvedmlwtxe` (`name`)
) ENGINE=InnoDB DEFAULT CHARSET=utf8mb3;

--
-- Table structure for table `userpermissions_usergroups`
--

CREATE TABLE `userpermissions_usergroups` (
  `id` int NOT NULL AUTO_INCREMENT,
  `permissionId` int NOT NULL,
  `groupId` int NOT NULL,
  `dateCreated` datetime NOT NULL,
  `dateUpdated` datetime NOT NULL,
  `uid` char(36) NOT NULL DEFAULT '0',
  PRIMARY KEY (`id`),
  UNIQUE KEY `idx_wbpuftgwjuoipsgmhuwjwhsuabqqakmunksv` (`permissionId`,`groupId`),
  KEY `idx_oeafaroayxizcjfmunypphvadhtzbzoodvpu` (`groupId`),
  CONSTRAINT `fk_feonataxdhbwhqpqmmhezshnvpetynokvwjm` FOREIGN KEY (`groupId`) REFERENCES `usergroups` (`id`) ON DELETE CASCADE,
  CONSTRAINT `fk_wpjmcaxrnugoqecufgjubzbsefsiaducuvvm` FOREIGN KEY (`permissionId`) REFERENCES `userpermissions` (`id`) ON DELETE CASCADE
) ENGINE=InnoDB DEFAULT CHARSET=utf8mb3;

--
-- Table structure for table `userpermissions_users`
--

CREATE TABLE `userpermissions_users` (
  `id` int NOT NULL AUTO_INCREMENT,
  `permissionId` int NOT NULL,
  `userId` int NOT NULL,
  `dateCreated` datetime NOT NULL,
  `dateUpdated` datetime NOT NULL,
  `uid` char(36) NOT NULL DEFAULT '0',
  PRIMARY KEY (`id`),
  UNIQUE KEY `idx_srefkiitkvnhtstdgbdkrumxgqbdlnvsjjlt` (`permissionId`,`userId`),
  KEY `idx_tqvolpatmsjcmmtzeqsoglxpnmcwopvxohwc` (`userId`),
  CONSTRAINT `fk_aahgcpkwajittsmpklgrzysejdngmzblmaew` FOREIGN KEY (`userId`) REFERENCES `users` (`id`) ON DELETE CASCADE,
  CONSTRAINT `fk_rzpcfqxojenpnknroibhvmmmxhpjwxncniql` FOREIGN KEY (`permissionId`) REFERENCES `userpermissions` (`id`) ON DELETE CASCADE
) ENGINE=InnoDB DEFAULT CHARSET=utf8mb3;

--
-- Table structure for table `userpreferences`
--

CREATE TABLE `userpreferences` (
  `userId` int NOT NULL AUTO_INCREMENT,
  `preferences` text,
  PRIMARY KEY (`userId`),
  CONSTRAINT `fk_xnhsmmkosidfvzonqnfzyoabxzdamlbpytje` FOREIGN KEY (`userId`) REFERENCES `users` (`id`) ON DELETE CASCADE
) ENGINE=InnoDB AUTO_INCREMENT=4 DEFAULT CHARSET=utf8mb3;

--
-- Table structure for table `volumefolders`
--

CREATE TABLE `volumefolders` (
  `id` int NOT NULL AUTO_INCREMENT,
  `parentId` int DEFAULT NULL,
  `volumeId` int DEFAULT NULL,
  `name` varchar(255) NOT NULL,
  `path` varchar(255) DEFAULT NULL,
  `dateCreated` datetime NOT NULL,
  `dateUpdated` datetime NOT NULL,
  `uid` char(36) NOT NULL DEFAULT '0',
  PRIMARY KEY (`id`),
  UNIQUE KEY `idx_iwxblynufqzhhhwxtdyzgjwvnfsajrdsfpxf` (`name`,`parentId`,`volumeId`),
  KEY `idx_xpssnmfcrjjiqoxccohzgubijghfuwisrkno` (`parentId`),
  KEY `idx_gvtovqonnajjxqnfnnboemwcanmrpwetesgt` (`volumeId`),
  CONSTRAINT `fk_nsfwcolnpbgyxdtjwqbgjrasbwfigvwtobwr` FOREIGN KEY (`parentId`) REFERENCES `volumefolders` (`id`) ON DELETE CASCADE,
  CONSTRAINT `fk_qjmoznhqkmjzecnbnjrovmboyqskblrayxxv` FOREIGN KEY (`volumeId`) REFERENCES `volumes` (`id`) ON DELETE CASCADE
) ENGINE=InnoDB AUTO_INCREMENT=6 DEFAULT CHARSET=utf8mb3;

--
-- Table structure for table `volumes`
--

CREATE TABLE `volumes` (
  `id` int NOT NULL AUTO_INCREMENT,
  `fieldLayoutId` int DEFAULT NULL,
  `name` varchar(255) NOT NULL,
  `handle` varchar(255) NOT NULL,
  `fs` varchar(255) NOT NULL,
  `transformFs` varchar(255) DEFAULT NULL,
  `transformSubpath` varchar(255) DEFAULT NULL,
  `titleTranslationMethod` varchar(255) NOT NULL DEFAULT 'site',
  `titleTranslationKeyFormat` text,
  `sortOrder` smallint unsigned DEFAULT NULL,
  `dateCreated` datetime NOT NULL,
  `dateUpdated` datetime NOT NULL,
  `dateDeleted` datetime DEFAULT NULL,
  `uid` char(36) NOT NULL DEFAULT '0',
  PRIMARY KEY (`id`),
  KEY `idx_kxmnjoadzgfouclqydhpguzyvqbeflcuyrzl` (`name`),
  KEY `idx_wmfbxdehuoxfcyfndcsnrfgxarksialocgnd` (`handle`),
  KEY `idx_lphcgbxakozfidmcicizsscacfexavekojuo` (`fieldLayoutId`),
  KEY `idx_zleuppemowwycvouvliknasvknfovkrvjsbg` (`dateDeleted`),
  CONSTRAINT `fk_yoszwkzmuqzzryowmoqinujdfepaxoukehbc` FOREIGN KEY (`fieldLayoutId`) REFERENCES `fieldlayouts` (`id`) ON DELETE SET NULL
) ENGINE=InnoDB AUTO_INCREMENT=3 DEFAULT CHARSET=utf8mb3;

--
-- Table structure for table `widgets`
--

CREATE TABLE `widgets` (
  `id` int NOT NULL AUTO_INCREMENT,
  `userId` int NOT NULL,
  `type` varchar(255) NOT NULL,
  `sortOrder` smallint unsigned DEFAULT NULL,
  `colspan` tinyint DEFAULT NULL,
  `settings` text,
  `enabled` tinyint(1) NOT NULL DEFAULT '1',
  `dateCreated` datetime NOT NULL,
  `dateUpdated` datetime NOT NULL,
  `uid` char(36) NOT NULL DEFAULT '0',
  PRIMARY KEY (`id`),
  KEY `idx_qiboywljkntxitphmwujrsmnpndqrrqfkmyp` (`userId`),
  CONSTRAINT `fk_amhylosbclgkfoffzshmlzgklzybckursymf` FOREIGN KEY (`userId`) REFERENCES `users` (`id`) ON DELETE CASCADE
) ENGINE=InnoDB AUTO_INCREMENT=5 DEFAULT CHARSET=utf8mb3;

--
-- Dumping routines for database 'db'
--


--
-- Host: db    Database: db
-- ------------------------------------------------------


--
-- Dumping data for table `addresses`
--

set autocommit=0;
commit;

--
-- Dumping data for table `announcements`
--

set autocommit=0;
commit;

--
-- Dumping data for table `assetindexingsessions`
--

set autocommit=0;
commit;

--
-- Dumping data for table `assets`
--

set autocommit=0;
INSERT INTO `assets` VALUES (4,1,1,3,'hobbe-logo.png','image',NULL,150,138,30581,NULL,NULL,NULL,'2023-06-11 22:55:40','2023-06-11 22:55:40','2023-06-11 23:02:39'),(5,1,1,3,'hobbe.png','image',NULL,32,32,2554,NULL,NULL,NULL,'2023-06-11 22:56:21','2023-06-11 22:56:21','2023-06-11 23:02:41'),(6,1,1,NULL,'8static-dominos.jpg','image',NULL,1600,1065,316965,NULL,NULL,NULL,'2023-04-24 18:23:44','2023-06-11 23:02:22','2023-06-11 23:02:22'),(7,1,1,NULL,'about.jpg','image',NULL,1500,998,407741,NULL,NULL,NULL,'2023-04-24 18:23:48','2023-06-11 23:02:24','2023-06-11 23:02:24'),(8,1,1,NULL,'bitgen.jpg','image',NULL,2500,1667,914454,NULL,NULL,NULL,'2023-04-24 18:49:19','2023-06-11 23:02:26','2023-06-11 23:02:26'),(9,1,1,NULL,'gallery-1.jpg','image',NULL,1500,998,320171,NULL,NULL,NULL,'2023-04-24 18:21:44','2023-06-11 23:02:28','2023-06-11 23:02:28'),(10,1,1,NULL,'gallery-2.jpg','image',NULL,827,550,76765,NULL,NULL,NULL,'2023-04-24 18:21:48','2023-06-11 23:02:31','2023-06-11 23:02:31'),(11,1,1,NULL,'gallery-3.jpg','image',NULL,750,499,152482,NULL,NULL,NULL,'2023-04-24 18:21:53','2023-06-11 23:02:33','2023-06-11 23:02:33'),(12,1,1,NULL,'gallery-6.jpg','image',NULL,750,499,165923,NULL,NULL,NULL,'2023-04-24 18:23:53','2023-06-11 23:02:35','2023-06-11 23:02:35'),(13,1,1,NULL,'gallery-7.jpg','image',NULL,750,534,99141,NULL,NULL,NULL,'2023-04-24 18:21:58','2023-06-11 23:02:37','2023-06-11 23:02:37'),(14,1,1,NULL,'home-bg-mobile.jpg','image',NULL,1020,1528,418037,NULL,NULL,NULL,'2023-04-24 18:20:39','2023-06-11 23:02:44','2023-06-11 23:02:44'),(15,1,1,NULL,'sentry-bar-feb2020-alt.jpg','image',NULL,1200,990,274469,NULL,NULL,NULL,'2023-04-24 18:21:08','2023-06-11 23:02:46','2023-06-11 23:02:46'),(16,1,1,NULL,'sentry-bar-feb2020.jpg','image',NULL,1200,990,290033,NULL,NULL,NULL,'2023-04-24 18:21:03','2023-06-11 23:02:48','2023-06-11 23:02:48'),(17,2,2,NULL,'rob-video.mp4','video',NULL,NULL,NULL,13626212,NULL,NULL,NULL,'2023-04-24 18:25:59','2023-06-11 23:02:51','2023-06-11 23:02:51'),(47,1,1,3,'My_Face_Best_Version_Dark_Small.png','image',NULL,150,138,22222,NULL,NULL,NULL,'2023-06-12 18:54:31','2023-06-12 18:54:30','2023-06-12 18:54:31'),(48,1,1,3,'Drums_Blue.jpg','image',NULL,2048,1152,361433,NULL,NULL,NULL,'2023-06-12 18:57:18','2023-06-12 18:57:18','2023-06-12 18:57:18'),(49,1,1,3,'nmlstyl.jpg','image',NULL,960,960,104793,NULL,NULL,NULL,'2023-06-12 18:57:26','2023-06-12 18:57:26','2023-06-12 18:57:26');
commit;

--
-- Dumping data for table `categories`
--

set autocommit=0;
commit;

--
-- Dumping data for table `categorygroups`
--

set autocommit=0;
commit;

--
-- Dumping data for table `categorygroups_sites`
--

set autocommit=0;
commit;

--
-- Dumping data for table `changedattributes`
--

set autocommit=0;
INSERT INTO `changedattributes` VALUES (3,1,'fullName','2024-08-24 00:03:00',0,3),(18,1,'postDate','2023-06-11 23:04:18',0,3),(18,1,'slug','2023-06-11 23:04:03',0,3),(18,1,'title','2023-06-11 23:04:08',0,3),(18,1,'uri','2023-06-11 23:04:03',0,3),(20,1,'postDate','2023-06-11 23:04:54',0,3),(20,1,'slug','2023-06-11 23:04:39',0,3),(20,1,'title','2023-06-11 23:04:39',0,3),(20,1,'uri','2023-06-11 23:04:39',0,3),(22,1,'postDate','2023-06-11 23:05:53',0,3),(22,1,'slug','2023-06-11 23:05:39',0,3),(22,1,'title','2023-06-11 23:05:39',0,3),(22,1,'uri','2023-06-11 23:05:39',0,3),(24,1,'fieldLayoutId','2023-06-11 23:06:20',0,3),(24,1,'postDate','2023-06-11 23:07:20',0,3),(24,1,'slug','2023-06-11 23:06:15',0,3),(24,1,'title','2023-06-11 23:06:15',0,3),(24,1,'typeId','2023-06-11 23:06:20',0,3),(24,1,'uri','2023-06-11 23:06:15',0,3),(26,1,'fieldLayoutId','2023-06-11 23:07:47',0,3),(26,1,'postDate','2023-06-11 23:09:22',0,3),(26,1,'slug','2023-06-11 23:07:47',0,3),(26,1,'title','2023-06-11 23:07:47',0,3),(26,1,'typeId','2023-06-11 23:07:47',0,3),(26,1,'uri','2023-06-11 23:07:47',0,3),(28,1,'fieldLayoutId','2023-06-11 23:13:00',0,3),(28,1,'postDate','2023-06-11 23:13:39',0,3),(28,1,'slug','2023-06-11 23:12:48',0,3),(28,1,'title','2023-06-11 23:12:48',0,3),(28,1,'typeId','2023-06-11 23:13:00',0,3),(29,1,'postDate','2023-06-11 23:15:36',0,3),(29,1,'slug','2023-06-11 23:15:18',0,3),(29,1,'title','2023-06-11 23:15:18',0,3),(30,1,'postDate','2023-06-11 23:18:24',0,3),(30,1,'slug','2023-06-11 23:16:31',0,3),(30,1,'title','2023-06-11 23:16:31',0,3),(31,1,'fieldLayoutId','2023-06-11 23:18:44',0,3),(31,1,'postDate','2023-06-11 23:19:24',0,3),(31,1,'slug','2023-06-11 23:19:24',0,3),(31,1,'title','2023-06-11 23:19:08',0,3),(31,1,'typeId','2023-06-11 23:18:44',0,3),(32,1,'fieldLayoutId','2023-06-11 23:21:25',0,3),(32,1,'postDate','2023-06-11 23:21:54',0,3),(32,1,'slug','2023-06-11 23:21:15',0,3),(32,1,'title','2023-06-11 23:21:15',0,3),(32,1,'typeId','2023-06-11 23:21:25',0,3),(33,1,'postDate','2023-06-11 23:24:30',0,3),(33,1,'slug','2023-06-11 23:23:49',0,3),(33,1,'title','2023-06-11 23:23:49',0,3),(35,1,'postDate','2023-06-11 23:25:49',0,3),(35,1,'slug','2023-06-11 23:25:21',0,3),(35,1,'title','2023-06-11 23:25:21',0,3),(37,1,'postDate','2023-06-11 23:27:16',0,3),(37,1,'slug','2023-06-11 23:26:49',0,3),(37,1,'title','2023-06-11 23:26:49',0,3),(39,1,'postDate','2023-06-11 23:28:53',0,3),(39,1,'slug','2023-06-11 23:28:19',0,3),(39,1,'title','2023-06-11 23:28:19',0,3),(41,1,'postDate','2023-06-11 23:29:55',0,3),(41,1,'slug','2023-06-11 23:29:35',0,3),(41,1,'title','2023-06-11 23:29:35',0,3);
commit;

--
-- Dumping data for table `changedfields`
--

set autocommit=0;
INSERT INTO `changedfields` VALUES (18,1,9,'2023-06-11 23:04:08',0,3),(20,1,9,'2023-06-11 23:04:43',0,3),(22,1,9,'2023-06-11 23:05:45',0,3),(24,1,4,'2023-06-12 18:58:08',0,3),(26,1,9,'2023-06-11 23:09:22',0,3),(28,1,1,'2023-06-11 23:13:39',0,3),(28,1,11,'2023-06-11 23:12:36',0,3),(29,1,1,'2023-06-11 23:15:07',0,3),(30,1,1,'2023-06-11 23:16:31',0,3),(31,1,12,'2023-06-11 23:19:24',0,3),(32,1,11,'2023-06-11 23:21:54',0,3),(32,1,12,'2023-06-11 23:21:20',0,3),(33,1,18,'2023-06-11 23:23:57',0,3),(35,1,18,'2023-06-11 23:25:26',0,3),(37,1,18,'2023-06-11 23:26:55',0,3),(39,1,18,'2023-06-11 23:28:19',0,3),(41,1,18,'2023-06-11 23:29:41',0,3);
commit;

--
-- Dumping data for table `content`
--

set autocommit=0;
INSERT INTO `content` VALUES (1,1,1,'Home','2023-06-11 22:50:14','2023-06-11 23:00:56','c06990a6-4898-4d47-b95a-d4450b14d709',NULL,NULL,NULL,NULL,NULL,NULL,NULL,NULL,NULL,NULL,NULL,NULL,NULL,NULL,NULL),(2,2,1,NULL,'2023-06-11 22:50:15','2024-08-24 00:20:15','dc0771f0-5976-4b3e-a869-bd49790bc8a4',NULL,'robmartinomusic@gmail.com',NULL,NULL,NULL,NULL,NULL,NULL,NULL,NULL,NULL,NULL,NULL,NULL,NULL),(3,3,1,NULL,'2023-06-11 22:50:19','2024-08-24 00:03:00','f313e716-0877-4897-a1dd-fd2d8b76ab44',NULL,NULL,NULL,NULL,NULL,NULL,NULL,NULL,NULL,NULL,NULL,NULL,NULL,NULL,NULL),(4,4,1,'Hobbe logo','2023-06-11 22:55:39','2023-06-11 23:02:39','1e2f2d93-47aa-4fc2-b15d-5a0b2c98fe69',NULL,NULL,NULL,NULL,NULL,NULL,NULL,NULL,NULL,NULL,NULL,NULL,NULL,NULL,NULL),(5,5,1,'Hobbe','2023-06-11 22:56:20','2023-06-11 23:02:41','e610497a-78d0-44b3-b25b-766b3bf19d58',NULL,NULL,NULL,NULL,NULL,NULL,NULL,NULL,NULL,NULL,NULL,NULL,NULL,NULL,NULL),(6,6,1,'8static dominos','2023-06-11 23:02:22','2023-06-11 23:02:22','dfa69312-7093-4d1d-992c-b4da9eb18546',NULL,NULL,NULL,NULL,NULL,NULL,NULL,NULL,NULL,NULL,NULL,NULL,NULL,NULL,NULL),(7,7,1,'About','2023-06-11 23:02:24','2023-06-11 23:02:24','ccf7c798-9a0b-4638-8132-0c45e523b731',NULL,NULL,NULL,NULL,NULL,NULL,NULL,NULL,NULL,NULL,NULL,NULL,NULL,NULL,NULL),(8,8,1,'Bitgen','2023-06-11 23:02:26','2023-06-11 23:02:26','ac484bf1-da96-47ec-8f2f-54565bb504d5',NULL,NULL,NULL,NULL,NULL,NULL,NULL,NULL,NULL,NULL,NULL,NULL,NULL,NULL,NULL),(9,9,1,'Gallery 1','2023-06-11 23:02:28','2023-06-11 23:02:28','3f976c19-525a-4cc2-8e08-33e2485b3709',NULL,NULL,NULL,NULL,NULL,NULL,NULL,NULL,NULL,NULL,NULL,NULL,NULL,NULL,NULL),(10,10,1,'Gallery 2','2023-06-11 23:02:31','2023-06-11 23:02:31','873cc8a0-87b3-4026-961b-c5567ce7011f',NULL,NULL,NULL,NULL,NULL,NULL,NULL,NULL,NULL,NULL,NULL,NULL,NULL,NULL,NULL),(11,11,1,'Gallery 3','2023-06-11 23:02:33','2023-06-11 23:02:33','87f133d8-8f93-4283-9405-4906589a9b12',NULL,NULL,NULL,NULL,NULL,NULL,NULL,NULL,NULL,NULL,NULL,NULL,NULL,NULL,NULL),(12,12,1,'Gallery 6','2023-06-11 23:02:35','2023-06-11 23:02:35','4fd6ed1d-0095-4dae-8111-539f9018b512',NULL,NULL,NULL,NULL,NULL,NULL,NULL,NULL,NULL,NULL,NULL,NULL,NULL,NULL,NULL),(13,13,1,'Gallery 7','2023-06-11 23:02:37','2023-06-11 23:02:37','d2d8288e-86db-480c-8db7-c32c620dd551',NULL,NULL,NULL,NULL,NULL,NULL,NULL,NULL,NULL,NULL,NULL,NULL,NULL,NULL,NULL),(14,14,1,'Home bg mobile','2023-06-11 23:02:44','2023-06-11 23:02:44','669ba06c-7e38-4854-a06d-1928c7a12aa9',NULL,NULL,NULL,NULL,NULL,NULL,NULL,NULL,NULL,NULL,NULL,NULL,NULL,NULL,NULL),(15,15,1,'Sentry bar feb2020 alt','2023-06-11 23:02:46','2023-06-11 23:02:46','b20befd4-f726-454e-a714-b3b6e906a6c5',NULL,NULL,NULL,NULL,NULL,NULL,NULL,NULL,NULL,NULL,NULL,NULL,NULL,NULL,NULL),(16,16,1,'Sentry bar feb2020','2023-06-11 23:02:48','2023-06-11 23:02:48','c613c37c-03c7-4562-8889-b2fb165bbc26',NULL,NULL,NULL,NULL,NULL,NULL,NULL,NULL,NULL,NULL,NULL,NULL,NULL,NULL,NULL),(17,17,1,'Rob video','2023-06-11 23:02:51','2023-06-11 23:02:51','7522eb8c-ef63-49f7-bded-793533166742',NULL,NULL,NULL,NULL,NULL,NULL,NULL,NULL,NULL,NULL,NULL,NULL,NULL,NULL,NULL),(18,18,1,'About','2023-06-11 23:03:42','2023-06-11 23:04:18','e8b921ea-e118-484e-9c00-86973bf23604',NULL,NULL,NULL,NULL,NULL,NULL,'about',NULL,NULL,NULL,NULL,NULL,NULL,NULL,NULL),(19,19,1,'About','2023-06-11 23:04:18','2023-06-11 23:04:18','e1acd005-d493-40a7-8eb6-65f99249ed6c',NULL,NULL,NULL,NULL,NULL,NULL,'about',NULL,NULL,NULL,NULL,NULL,NULL,NULL,NULL),(20,20,1,'Live','2023-06-11 23:04:18','2023-06-11 23:04:55','0620894d-db6a-451d-953d-a9b9dddea875',NULL,NULL,NULL,NULL,NULL,NULL,'live',NULL,NULL,NULL,NULL,NULL,NULL,NULL,NULL),(21,21,1,'Live','2023-06-11 23:04:55','2023-06-11 23:04:55','4f483420-81f5-4159-8394-572d65f92c2a',NULL,NULL,NULL,NULL,NULL,NULL,'live',NULL,NULL,NULL,NULL,NULL,NULL,NULL,NULL),(22,22,1,'Listen','2023-06-11 23:05:20','2023-06-11 23:05:53','b4da6391-86a8-44af-b95d-b1b5cd9a0559',NULL,NULL,NULL,NULL,NULL,NULL,'listen',NULL,NULL,NULL,NULL,NULL,NULL,NULL,NULL),(23,23,1,'Listen','2023-06-11 23:05:54','2023-06-11 23:05:54','096e5d88-1314-46a8-bd25-ae29673e9452',NULL,NULL,NULL,NULL,NULL,NULL,'listen',NULL,NULL,NULL,NULL,NULL,NULL,NULL,NULL),(24,24,1,'Gallery','2023-06-11 23:05:54','2023-06-12 18:58:07','1bb33382-3bd4-40be-9c3d-40da66f551c5',NULL,NULL,NULL,NULL,NULL,NULL,NULL,NULL,NULL,NULL,NULL,NULL,NULL,NULL,NULL),(25,25,1,'Gallery','2023-06-11 23:07:20','2023-06-11 23:07:20','5d280612-c5d3-4db3-a99f-86f013887601',NULL,NULL,NULL,NULL,NULL,NULL,NULL,NULL,NULL,NULL,NULL,NULL,NULL,NULL,NULL),(26,26,1,'Contact','2023-06-11 23:07:20','2023-06-11 23:09:22','15a08c37-109d-4e16-bc7e-8bbf7160f438',NULL,NULL,NULL,NULL,NULL,NULL,'contact',NULL,NULL,NULL,NULL,NULL,NULL,NULL,NULL),(27,27,1,'Contact','2023-06-11 23:09:22','2023-06-11 23:09:22','db6198e2-9511-4751-86f3-c2fecaf7cafb',NULL,NULL,NULL,NULL,NULL,NULL,'contact',NULL,NULL,NULL,NULL,NULL,NULL,NULL,NULL),(28,28,1,'Craggy Rabbit','2023-06-11 23:10:39','2023-06-11 23:13:39','7e8069a4-df3e-4603-b68d-35d514ebeefd','<iframe style=\"border: 0; width: 100%; height: 120px;\" src=\"https://bandcamp.com/EmbeddedPlayer/track=4072598133/size=large/bgcol=333333/linkcol=ffffff/tracklist=false/artwork=small/transparent=true/\" seamless><a href=\"https://robmartinomusic.bandcamp.com/track/craggy-rabbit\">Craggy Rabbit by Rob Martino</a></iframe>',NULL,NULL,NULL,NULL,NULL,NULL,'<iframe style=\"border: 0; width: 100%; height: 120px;\" src=\"https://bandcamp.com/EmbeddedPlayer/track=4072598133/size=large/bgcol=333333/linkcol=ffffff/tracklist=false/artwork=small/transparent=true/\" seamless><a href=\"https://robmartinomusic.bandcamp.com/track/craggy-rabbit\">Craggy Rabbit by Rob Martino</a></iframe>',NULL,NULL,NULL,NULL,NULL,NULL,NULL),(29,29,1,'nmlstyl - fourtitude (Band Version)','2023-06-11 23:13:39','2023-06-11 23:15:36','e85d3603-2342-4393-9328-e6b151dbd88a','<iframe style=\"border: 0; width: 100%; height: 120px;\" src=\"https://bandcamp.com/EmbeddedPlayer/album=1855074200/size=large/bgcol=ffffff/linkcol=0687f5/tracklist=false/artwork=small/track=1453079401/transparent=true/\" seamless><a href=\"https://ptesquad.bandcamp.com/album/hikikomori\">ひきこもり・Hikikomori by nmlstyl</a></iframe>',NULL,NULL,NULL,NULL,NULL,NULL,NULL,NULL,NULL,NULL,NULL,NULL,NULL,NULL),(30,30,1,'Valentine\'s Day Lottery','2023-06-11 23:15:36','2023-06-11 23:18:24','9e4f29ee-ffdb-4772-90b5-95082f92f6de','<iframe style=\"border: 0; width: 100%; height: 120px;\" src=\"https://bandcamp.com/EmbeddedPlayer/track=3885342436/size=large/bgcol=333333/linkcol=ffffff/tracklist=false/artwork=small/transparent=true/\" seamless><a href=\"https://robmartinomusic.bandcamp.com/track/valentines-day-lottery\">Valentine&#39;s Day Lottery by Rob Martino</a></iframe>',NULL,NULL,NULL,NULL,NULL,NULL,NULL,NULL,NULL,NULL,NULL,NULL,NULL,NULL),(31,31,1,'nmlstyl - s/t (Spotify)','2023-06-11 23:18:24','2023-06-11 23:19:24','95916f59-e3bf-4a4e-a3f6-e6b5a3d07f6e',NULL,NULL,NULL,NULL,NULL,NULL,NULL,NULL,'<iframe style=\"border-radius:12px\" src=\"https://open.spotify.com/embed/album/5GGumb4GPisa6Dwba1yuUq?utm_source=generator\" width=\"100%\" height=\"380\" frameBorder=\"0\" allowfullscreen=\"\" allow=\"autoplay; clipboard-write; encrypted-media; fullscreen; picture-in-picture\" loading=\"lazy\"></iframe>',NULL,NULL,NULL,NULL,NULL,NULL),(32,32,1,'Speed of Three - Paradox','2023-06-11 23:19:24','2023-06-11 23:21:54','cb24a204-1ceb-4be7-91e8-760548df2c2e',NULL,NULL,NULL,NULL,NULL,NULL,NULL,'<iframe width=\"100%\" height=\"166\" scrolling=\"no\" frameborder=\"no\" allow=\"autoplay\" src=\"https://w.soundcloud.com/player/?url=https%3A//api.soundcloud.com/tracks/85505705&color=%23283450&auto_play=false&hide_related=false&show_comments=true&show_user=true&show_reposts=false&show_teaser=true\"></iframe><div style=\"font-size: 10px; color: #cccccc;line-break: anywhere;word-break: normal;overflow: hidden;white-space: nowrap;text-overflow: ellipsis; font-family: Interstate,Lucida Grande,Lucida Sans Unicode,Lucida Sans,Garuda,Verdana,Tahoma,sans-serif;font-weight: 100;\"><a href=\"https://soundcloud.com/robmartinodrums\" title=\"Rob Martino\" target=\"_blank\" style=\"color: #cccccc; text-decoration: none;\">Rob Martino</a> · <a href=\"https://soundcloud.com/robmartinodrums/paradox-speed-of-three\" title=\"Paradox-Speed of Three\" target=\"_blank\" style=\"color: #cccccc; text-decoration: none;\">Paradox-Speed of Three</a></div>','<iframe width=\"100%\" height=\"166\" scrolling=\"no\" frameborder=\"no\" allow=\"autoplay\" src=\"https://w.soundcloud.com/player/?url=https%3A//api.soundcloud.com/tracks/85505705&color=%23283450&auto_play=false&hide_related=false&show_comments=true&show_user=true&show_reposts=false&show_teaser=true\"></iframe><div style=\"font-size: 10px; color: #cccccc;line-break: anywhere;word-break: normal;overflow: hidden;white-space: nowrap;text-overflow: ellipsis; font-family: Interstate,Lucida Grande,Lucida Sans Unicode,Lucida Sans,Garuda,Verdana,Tahoma,sans-serif;font-weight: 100;\"><a href=\"https://soundcloud.com/robmartinodrums\" title=\"Rob Martino\" target=\"_blank\" style=\"color: #cccccc; text-decoration: none;\">Rob Martino</a> · <a href=\"https://soundcloud.com/robmartinodrums/paradox-speed-of-three\" title=\"Paradox-Speed of Three\" target=\"_blank\" style=\"color: #cccccc; text-decoration: none;\">Paradox-Speed of Three</a></div>',NULL,NULL,NULL,NULL,NULL,NULL),(33,33,1,'\"110 Percent\" - Mysterious Travelers','2023-06-11 23:22:48','2023-06-11 23:24:30','65082885-687d-42d8-bae3-b63fa015ec17',NULL,NULL,NULL,NULL,NULL,NULL,NULL,NULL,NULL,NULL,NULL,NULL,NULL,NULL,'E_I-b-8QSYA'),(34,34,1,'\"110 Percent\" - Mysterious Travelers','2023-06-11 23:24:30','2023-06-11 23:24:30','b239c7f2-d568-4d70-99a2-497de7fada19',NULL,NULL,NULL,NULL,NULL,NULL,NULL,NULL,NULL,NULL,NULL,NULL,NULL,NULL,'E_I-b-8QSYA'),(35,35,1,'\"Black Monday\" - Mysterious Travelers','2023-06-11 23:24:30','2023-06-11 23:25:49','dbaefef5-a57d-4259-9a8b-f02f16b861ff',NULL,NULL,NULL,NULL,NULL,NULL,NULL,NULL,NULL,NULL,NULL,NULL,NULL,NULL,'iXeAD98tRtg'),(36,36,1,'\"Black Monday\" - Mysterious Travelers','2023-06-11 23:25:49','2023-06-11 23:25:49','3f6f90c2-fb49-4028-9745-6c6f01762e3f',NULL,NULL,NULL,NULL,NULL,NULL,NULL,NULL,NULL,NULL,NULL,NULL,NULL,NULL,'iXeAD98tRtg'),(37,37,1,'\"The Overtime\" - McGill Chamber Jazz Orchestra 2019','2023-06-11 23:25:49','2023-06-11 23:27:16','41f9f0a9-3a95-4678-a482-10819a30b503',NULL,NULL,NULL,NULL,NULL,NULL,NULL,NULL,NULL,NULL,NULL,NULL,NULL,NULL,'7W4Z7B2i52w'),(38,38,1,'\"The Overtime\" - McGill Chamber Jazz Orchestra 2019','2023-06-11 23:27:16','2023-06-11 23:27:16','375974e7-0c6e-4079-9814-b2f265e937ae',NULL,NULL,NULL,NULL,NULL,NULL,NULL,NULL,NULL,NULL,NULL,NULL,NULL,NULL,'7W4Z7B2i52w'),(39,39,1,'\"Infinitaves\" - nmlstyl @ MAGFest 2020','2023-06-11 23:27:16','2023-06-11 23:28:53','33e60ef4-f877-4cef-acca-2144e3eb26d9',NULL,NULL,NULL,NULL,NULL,NULL,NULL,NULL,NULL,NULL,NULL,NULL,NULL,NULL,'3xPYUxdLQ7Y'),(40,40,1,'\"Infinitaves\" - nmlstyl @ MAGFest 2020','2023-06-11 23:28:53','2023-06-11 23:28:53','66af1db7-78a6-4dc1-a8e6-ccf96341d01f',NULL,NULL,NULL,NULL,NULL,NULL,NULL,NULL,NULL,NULL,NULL,NULL,NULL,NULL,'3xPYUxdLQ7Y'),(41,41,1,'nmlstyl - BitGen XIII (full set)','2023-06-11 23:28:53','2023-06-11 23:29:55','72eb4378-11f0-4bf0-94d5-67a1b8f812af',NULL,NULL,NULL,NULL,NULL,NULL,NULL,NULL,NULL,NULL,NULL,NULL,NULL,NULL,'vnDvFTKlQno'),(42,42,1,'nmlstyl - BitGen XIII (full set)','2023-06-11 23:29:55','2023-06-11 23:29:55','1b4aabd6-cca7-4c4c-9c14-73b198ae6eb1',NULL,NULL,NULL,NULL,NULL,NULL,NULL,NULL,NULL,NULL,NULL,NULL,NULL,NULL,'vnDvFTKlQno'),(47,47,1,'My Face Best Version Dark Small','2023-06-12 18:54:29','2023-06-12 18:54:31','dc739d75-383e-4c56-b10e-24abf59dadd2',NULL,NULL,NULL,NULL,NULL,NULL,NULL,NULL,NULL,NULL,NULL,NULL,NULL,NULL,NULL),(48,48,1,'Drums Blue','2023-06-12 18:57:17','2023-06-12 18:57:18','24a89e80-0d35-4d4f-8f35-6d1562529da5',NULL,NULL,NULL,NULL,NULL,NULL,NULL,NULL,NULL,NULL,NULL,NULL,NULL,NULL,NULL),(49,49,1,'Nmlstyl','2023-06-12 18:57:25','2023-06-12 18:57:26','42ec0643-61a3-4bdb-a8dc-b506efbbd339',NULL,NULL,NULL,NULL,NULL,NULL,NULL,NULL,NULL,NULL,NULL,NULL,NULL,NULL,NULL),(51,51,1,'Gallery','2023-06-12 18:58:07','2023-06-12 18:58:07','384f9adf-c1a1-4f93-946f-7ad2b782f861',NULL,NULL,NULL,NULL,NULL,NULL,NULL,NULL,NULL,NULL,NULL,NULL,NULL,NULL,NULL);
commit;
set autocommit=0;
commit;
set autocommit=0;
commit;

--
-- Dumping data for table `drafts`
--

set autocommit=0;
commit;

--
-- Dumping data for table `elementactivity`
--

set autocommit=0;
commit;

--
-- Dumping data for table `elements`
--

set autocommit=0;
INSERT INTO `elements` VALUES (1,NULL,NULL,NULL,6,'craft\\elements\\Entry',1,0,'2023-06-11 22:50:14','2023-06-11 23:00:56',NULL,NULL,'14862431-9caa-4513-8969-b28c40be6302'),(2,NULL,NULL,NULL,10,'craft\\elements\\GlobalSet',1,0,'2023-06-11 22:50:15','2024-08-24 00:20:15',NULL,NULL,'4fa68a9e-b36c-4280-b726-dfd06429714e'),(3,NULL,NULL,NULL,NULL,'craft\\elements\\User',1,0,'2023-06-11 22:50:19','2024-08-24 00:03:00',NULL,NULL,'70a67f1c-6522-44c6-b053-4bb5507ed063'),(4,NULL,NULL,NULL,11,'craft\\elements\\Asset',1,0,'2023-06-11 22:55:39','2023-06-11 23:02:39',NULL,NULL,'650496c3-4aee-454a-b5fa-4cf23fb46c87'),(5,NULL,NULL,NULL,11,'craft\\elements\\Asset',1,0,'2023-06-11 22:56:20','2023-06-11 23:02:41',NULL,NULL,'949f41b7-aa30-44b7-8191-e5f6288cef7d'),(6,NULL,NULL,NULL,11,'craft\\elements\\Asset',1,0,'2023-06-11 23:02:22','2023-06-11 23:02:22',NULL,NULL,'e6a4c5b0-f1ad-428b-b932-295d6336c491'),(7,NULL,NULL,NULL,11,'craft\\elements\\Asset',1,0,'2023-06-11 23:02:24','2023-06-11 23:02:24',NULL,NULL,'5a00bba2-e2d1-4c75-9388-ef5e0c67abef'),(8,NULL,NULL,NULL,11,'craft\\elements\\Asset',1,0,'2023-06-11 23:02:26','2023-06-11 23:02:26',NULL,NULL,'2ec379e2-089d-40b5-9334-fd0de9e0fb39'),(9,NULL,NULL,NULL,11,'craft\\elements\\Asset',1,0,'2023-06-11 23:02:28','2023-06-11 23:02:28',NULL,NULL,'205adaee-3b0a-44f5-bfa0-1a6e5fd53ad7'),(10,NULL,NULL,NULL,11,'craft\\elements\\Asset',1,0,'2023-06-11 23:02:31','2023-06-11 23:02:31',NULL,NULL,'c0ff0753-c746-4edc-abdb-324e73bafd58'),(11,NULL,NULL,NULL,11,'craft\\elements\\Asset',1,0,'2023-06-11 23:02:33','2023-06-11 23:02:33',NULL,NULL,'b6c57ba5-b3f0-4e41-b491-d0096a079e8a'),(12,NULL,NULL,NULL,11,'craft\\elements\\Asset',1,0,'2023-06-11 23:02:35','2023-06-11 23:02:35',NULL,NULL,'4772ff72-35c9-402d-8375-8caeb312e374'),(13,NULL,NULL,NULL,11,'craft\\elements\\Asset',1,0,'2023-06-11 23:02:37','2023-06-11 23:02:37',NULL,NULL,'ddf9cecf-1c3d-4bc0-a31e-e72514d48b26'),(14,NULL,NULL,NULL,11,'craft\\elements\\Asset',1,0,'2023-06-11 23:02:44','2023-06-11 23:02:44',NULL,NULL,'3eb9519a-64e7-4f1c-8520-0af9d5a9c493'),(15,NULL,NULL,NULL,11,'craft\\elements\\Asset',1,0,'2023-06-11 23:02:46','2023-06-11 23:02:46',NULL,NULL,'94de797a-2ee3-402c-bf80-eeebb6055524'),(16,NULL,NULL,NULL,11,'craft\\elements\\Asset',1,0,'2023-06-11 23:02:48','2023-06-11 23:02:48',NULL,NULL,'f4863303-49f1-40c6-8da3-2d1d0c324a35'),(17,NULL,NULL,NULL,12,'craft\\elements\\Asset',1,0,'2023-06-11 23:02:51','2023-06-11 23:02:51',NULL,NULL,'43fa8cbe-cdc0-475d-b8fe-a9163b99205b'),(18,NULL,NULL,NULL,2,'craft\\elements\\Entry',1,0,'2023-06-11 23:03:41','2023-06-11 23:04:18',NULL,NULL,'12405f17-4b88-4fde-a4b5-ad8b3a4f0548'),(19,18,NULL,1,2,'craft\\elements\\Entry',1,0,'2023-06-11 23:04:18','2023-06-11 23:04:18',NULL,NULL,'c07bcfa8-7b38-4c9a-8f5a-7d7552324521'),(20,NULL,NULL,NULL,2,'craft\\elements\\Entry',1,0,'2023-06-11 23:04:18','2023-06-11 23:04:55',NULL,NULL,'f67ccd88-1cf2-4411-80a8-13d36a5ee8a2'),(21,20,NULL,2,2,'craft\\elements\\Entry',1,0,'2023-06-11 23:04:55','2023-06-11 23:04:55',NULL,NULL,'38d6b00c-3c3f-49eb-bea8-9db11e4122f7'),(22,NULL,NULL,NULL,2,'craft\\elements\\Entry',1,0,'2023-06-11 23:05:19','2023-06-11 23:05:53',NULL,NULL,'071075f6-b388-4da9-861c-69a7e7336fb8'),(23,22,NULL,3,2,'craft\\elements\\Entry',1,0,'2023-06-11 23:05:53','2023-06-11 23:05:54',NULL,NULL,'19bfe641-ad8b-430b-9da5-6a9814542ba2'),(24,NULL,NULL,NULL,5,'craft\\elements\\Entry',1,0,'2023-06-11 23:05:54','2023-06-12 18:58:07',NULL,NULL,'3952af60-93ed-428b-a087-7954e118b3ff'),(25,24,NULL,4,5,'craft\\elements\\Entry',1,0,'2023-06-11 23:07:20','2023-06-11 23:07:20',NULL,NULL,'6688da1e-2d16-4e0d-8929-bb623c623aed'),(26,NULL,NULL,NULL,2,'craft\\elements\\Entry',1,0,'2023-06-11 23:07:20','2023-06-11 23:09:22',NULL,NULL,'191ad9b1-7308-4028-8c37-0f40426fd70d'),(27,26,NULL,5,2,'craft\\elements\\Entry',1,0,'2023-06-11 23:09:22','2023-06-11 23:09:22',NULL,NULL,'41350205-a532-48b0-b660-cdefac1bd5e9'),(28,NULL,NULL,NULL,1,'craft\\elements\\Entry',1,0,'2023-06-11 23:10:38','2023-06-11 23:13:39',NULL,NULL,'2a8590c9-d89e-4af9-98dd-c604d5de6327'),(29,NULL,NULL,NULL,1,'craft\\elements\\Entry',1,0,'2023-06-11 23:13:39','2023-06-11 23:15:36',NULL,NULL,'2fadbd75-b3f4-4836-a652-79d31fdcb6d9'),(30,NULL,NULL,NULL,1,'craft\\elements\\Entry',1,0,'2023-06-11 23:15:36','2023-06-11 23:18:24',NULL,NULL,'49a31bd3-0b20-4064-8277-f019b527ce34'),(31,NULL,NULL,NULL,8,'craft\\elements\\Entry',1,0,'2023-06-11 23:18:24','2023-06-11 23:19:24',NULL,NULL,'b1998339-1e0e-48c1-95e5-7c53021d22f6'),(32,NULL,NULL,NULL,7,'craft\\elements\\Entry',1,0,'2023-06-11 23:19:24','2023-06-11 23:21:54',NULL,NULL,'48d902a0-279b-4d18-ac8f-7c8d93d23c4c'),(33,NULL,NULL,NULL,9,'craft\\elements\\Entry',1,0,'2023-06-11 23:22:47','2023-06-11 23:24:30',NULL,NULL,'c8f68cd4-0b74-4bcb-8881-c4792af8cf01'),(34,33,NULL,6,9,'craft\\elements\\Entry',1,0,'2023-06-11 23:24:30','2023-06-11 23:24:30',NULL,NULL,'e2a3c207-94c7-4ad7-91c6-e4edd93162cc'),(35,NULL,NULL,NULL,9,'craft\\elements\\Entry',1,0,'2023-06-11 23:24:30','2023-06-11 23:25:49',NULL,NULL,'fa9fa8bc-bc59-4033-87d8-5a93e6ed19cf'),(36,35,NULL,7,9,'craft\\elements\\Entry',1,0,'2023-06-11 23:25:49','2023-06-11 23:25:49',NULL,NULL,'a42ef3e9-7c3f-4991-9636-198243cb2128'),(37,NULL,NULL,NULL,9,'craft\\elements\\Entry',1,0,'2023-06-11 23:25:49','2023-06-11 23:27:16',NULL,NULL,'32a642d6-2b98-44ac-a017-b82386051dbb'),(38,37,NULL,8,9,'craft\\elements\\Entry',1,0,'2023-06-11 23:27:16','2023-06-11 23:27:16',NULL,NULL,'fe431de8-38dc-4394-86e7-dd8646ce7223'),(39,NULL,NULL,NULL,9,'craft\\elements\\Entry',1,0,'2023-06-11 23:27:16','2023-06-11 23:28:53',NULL,NULL,'be74fdea-c642-4254-be4a-fd123adc84ab'),(40,39,NULL,9,9,'craft\\elements\\Entry',1,0,'2023-06-11 23:28:53','2023-06-11 23:28:53',NULL,NULL,'481cf8d3-e085-4956-815f-6d43b9471b6d'),(41,NULL,NULL,NULL,9,'craft\\elements\\Entry',1,0,'2023-06-11 23:28:53','2023-06-11 23:29:55',NULL,NULL,'e5241ec1-c762-4f17-9749-a07eea099f1d'),(42,41,NULL,10,9,'craft\\elements\\Entry',1,0,'2023-06-11 23:29:55','2023-06-11 23:29:55',NULL,NULL,'65912094-69ff-49fd-b047-68a5c87bd67d'),(47,NULL,NULL,NULL,11,'craft\\elements\\Asset',1,0,'2023-06-12 18:54:29','2023-06-12 18:54:31',NULL,NULL,'58944770-9ecb-4857-ae8e-0666130a9db2'),(48,NULL,NULL,NULL,11,'craft\\elements\\Asset',1,0,'2023-06-12 18:57:17','2023-06-12 18:57:18',NULL,NULL,'24287c2a-7ef3-4bbb-b1a0-568e4e4724f7'),(49,NULL,NULL,NULL,11,'craft\\elements\\Asset',1,0,'2023-06-12 18:57:24','2023-06-12 18:57:26',NULL,NULL,'52060e17-848d-40f2-ae85-19dab9fdc85c'),(51,24,NULL,11,5,'craft\\elements\\Entry',1,0,'2023-06-12 18:58:07','2023-06-12 18:58:07',NULL,NULL,'734fb5c5-e202-4546-88cf-ef97fab7544a');
commit;

--
-- Dumping data for table `elements_sites`
--

set autocommit=0;
INSERT INTO `elements_sites` VALUES (1,1,1,'home','__home__',1,'2023-06-11 22:50:14','2023-06-11 22:50:14','3af4e3f5-7666-411d-84f7-85f6751e2fad'),(2,2,1,NULL,NULL,1,'2023-06-11 22:50:15','2023-06-11 22:50:15','49ad5732-d456-4c77-92dc-1bcc9949c640'),(3,3,1,NULL,NULL,1,'2023-06-11 22:50:19','2023-06-11 22:50:19','8e84b3ec-7e86-4964-ad07-ba69f7bf4780'),(4,4,1,NULL,NULL,1,'2023-06-11 22:55:39','2023-06-11 22:55:39','7748b5bb-6a46-4fb6-939e-5145010f47aa'),(5,5,1,NULL,NULL,1,'2023-06-11 22:56:20','2023-06-11 22:56:20','66d00ee1-c0a4-4541-9447-6c3973b184d8'),(6,6,1,NULL,NULL,1,'2023-06-11 23:02:22','2023-06-11 23:02:22','53155c30-26d1-4b2f-9f3a-740bf6ba8c30'),(7,7,1,NULL,NULL,1,'2023-06-11 23:02:24','2023-06-11 23:02:24','711d749d-333c-40ed-85bc-c3b75359bd98'),(8,8,1,NULL,NULL,1,'2023-06-11 23:02:26','2023-06-11 23:02:26','a6156c49-7c62-4438-ab5c-130695a19d3f'),(9,9,1,NULL,NULL,1,'2023-06-11 23:02:28','2023-06-11 23:02:28','f1fff760-44fc-4d3a-987a-cd73391a39b7'),(10,10,1,NULL,NULL,1,'2023-06-11 23:02:31','2023-06-11 23:02:31','3ef41ed9-5551-4fda-bf3c-50443d3335ec'),(11,11,1,NULL,NULL,1,'2023-06-11 23:02:33','2023-06-11 23:02:33','90de4f4a-60a2-44e6-9aa3-d582456f022c'),(12,12,1,NULL,NULL,1,'2023-06-11 23:02:35','2023-06-11 23:02:35','50a9e381-8bec-4e78-ba51-364529f4b097'),(13,13,1,NULL,NULL,1,'2023-06-11 23:02:37','2023-06-11 23:02:37','3d2e8d18-ff64-49bc-b432-94cd6448f8fe'),(14,14,1,NULL,NULL,1,'2023-06-11 23:02:44','2023-06-11 23:02:44','07e50f46-79fb-4614-9059-220af99562f2'),(15,15,1,NULL,NULL,1,'2023-06-11 23:02:46','2023-06-11 23:02:46','5891f27f-3d39-43d2-ae99-0125e49157d7'),(16,16,1,NULL,NULL,1,'2023-06-11 23:02:48','2023-06-11 23:02:48','058abd61-b9b8-49d5-b6ea-ae5e569466a4'),(17,17,1,NULL,NULL,1,'2023-06-11 23:02:51','2023-06-11 23:02:51','6e851845-d7b8-4883-b7d1-aabf9c794f62'),(18,18,1,'about','about',1,'2023-06-11 23:03:41','2024-12-06 20:38:20','c2702226-67da-48b2-b29d-f960f5ee9d2a'),(19,19,1,'about','about',1,'2023-06-11 23:04:18','2023-06-11 23:04:18','9a6f5e07-8fe6-4dee-82d9-85d66da5c6d2'),(20,20,1,'live','live',1,'2023-06-11 23:04:18','2024-12-06 20:42:25','a07b2e35-78c1-46a1-b5ad-c16e1979a447'),(21,21,1,'live','live',1,'2023-06-11 23:04:55','2023-06-11 23:04:55','b8ee31a4-f9a1-490e-ae15-013c00cab477'),(22,22,1,'listen','listen',1,'2023-06-11 23:05:19','2023-06-11 23:05:39','b5487cf1-a465-4342-85c6-1c3dc458c48d'),(23,23,1,'listen','listen',1,'2023-06-11 23:05:54','2023-06-11 23:05:54','7248c653-8b92-4280-8818-9164803984aa'),(24,24,1,'gallery','gallery',1,'2023-06-11 23:05:54','2023-06-11 23:06:15','34dca773-c23c-4fff-8fdc-9a318100596a'),(25,25,1,'gallery','gallery',1,'2023-06-11 23:07:20','2023-06-11 23:07:20','412a8d7d-7f18-4417-856a-99690554cf94'),(26,26,1,'contact','contact',1,'2023-06-11 23:07:20','2023-06-11 23:07:47','b67c6d55-bdad-4e03-be1f-29d5a31fdd30'),(27,27,1,'contact','contact',1,'2023-06-11 23:09:22','2023-06-11 23:09:22','7275ac15-5ad8-4aff-8c8d-698584531e68'),(28,28,1,'craggy-rabbit',NULL,1,'2023-06-11 23:10:38','2023-06-11 23:12:48','9ecf994c-a7bd-42d4-8fba-0bf61697fffb'),(29,29,1,'nmlstyl-fourtitude-band-version',NULL,1,'2023-06-11 23:13:39','2023-06-11 23:15:18','eff5e9b1-b24b-4fa9-8fd7-281dd791d173'),(30,30,1,'valentines-day-lottery',NULL,1,'2023-06-11 23:15:36','2023-06-11 23:16:31','fcfef28f-7b13-4897-a9be-80cc1a3cba1e'),(31,31,1,'nmlstyl-s-t-spotify',NULL,1,'2023-06-11 23:18:24','2023-06-11 23:19:24','e57b5e6a-19e7-4bb4-a937-44d70136c011'),(32,32,1,'speed-of-three-paradox',NULL,1,'2023-06-11 23:19:24','2023-06-11 23:21:15','42ad2951-88ef-4e18-8e75-0b880a9b5219'),(33,33,1,'110-percent-mysterious-travelers',NULL,1,'2023-06-11 23:22:47','2023-06-11 23:23:49','74fe8855-e221-4fa8-b336-968bc716f84e'),(34,34,1,'110-percent-mysterious-travelers',NULL,1,'2023-06-11 23:24:30','2023-06-11 23:24:30','c33da2d1-29ee-48a5-80c6-99ab2680d3b5'),(35,35,1,'black-monday-mysterious-travelers',NULL,1,'2023-06-11 23:24:30','2023-06-11 23:25:20','78abffaf-9b30-4210-b383-743613604517'),(36,36,1,'black-monday-mysterious-travelers',NULL,1,'2023-06-11 23:25:49','2023-06-11 23:25:49','d5d740bf-ffba-4fed-8600-77432f20d423'),(37,37,1,'the-overtime-mcgill-chamber-jazz-orchestra-2019',NULL,1,'2023-06-11 23:25:49','2023-06-11 23:26:48','4ac4a917-a180-45ef-89b2-bff6610763e7'),(38,38,1,'the-overtime-mcgill-chamber-jazz-orchestra-2019',NULL,1,'2023-06-11 23:27:16','2023-06-11 23:27:16','0390a999-80e8-42bf-9edf-dcdf8163286f'),(39,39,1,'infinitaves-nmlstyl-magfest-2020',NULL,1,'2023-06-11 23:27:16','2023-06-11 23:28:19','ebb26527-7e45-4ecb-ab35-b8943a65c7ef'),(40,40,1,'infinitaves-nmlstyl-magfest-2020',NULL,1,'2023-06-11 23:28:53','2023-06-11 23:28:53','f6804f8a-435b-47be-b12f-38386a639938'),(41,41,1,'nmlstyl-bitgen-xiii-full-set',NULL,1,'2023-06-11 23:28:53','2023-06-11 23:29:35','375a3c98-6cd3-4920-bdf1-761d030908e7'),(42,42,1,'nmlstyl-bitgen-xiii-full-set',NULL,1,'2023-06-11 23:29:55','2023-06-11 23:29:55','35b09517-6c3f-4971-9995-fea365365709'),(47,47,1,NULL,NULL,1,'2023-06-12 18:54:29','2023-06-12 18:54:29','6a016ecb-fc93-4aea-82ba-1385a7a1f08f'),(48,48,1,NULL,NULL,1,'2023-06-12 18:57:17','2023-06-12 18:57:17','9343b348-ecc9-4c96-9abd-dbfb7177380e'),(49,49,1,NULL,NULL,1,'2023-06-12 18:57:24','2023-06-12 18:57:24','b5062f08-6a40-4324-8a13-6cf5f554ff5f'),(51,51,1,'gallery','gallery',1,'2023-06-12 18:58:07','2023-06-12 18:58:07','74f37029-8041-4ec3-afbe-148734b14b95');
commit;

--
-- Dumping data for table `entries`
--

set autocommit=0;
INSERT INTO `entries` VALUES (1,4,NULL,6,NULL,'2023-06-11 22:50:00',NULL,NULL,'2023-06-11 22:50:14','2023-06-11 22:50:14'),(18,5,NULL,2,3,'2023-06-11 23:04:00',NULL,NULL,'2023-06-11 23:03:41','2023-06-11 23:04:17'),(19,5,NULL,2,3,'2023-06-11 23:04:00',NULL,NULL,'2023-06-11 23:04:18','2023-06-11 23:04:18'),(20,5,NULL,2,3,'2023-06-11 23:04:00',NULL,NULL,'2023-06-11 23:04:18','2023-06-11 23:04:54'),(21,5,NULL,2,3,'2023-06-11 23:04:00',NULL,NULL,'2023-06-11 23:04:55','2023-06-11 23:04:55'),(22,5,NULL,2,3,'2023-06-11 23:05:00',NULL,NULL,'2023-06-11 23:05:19','2023-06-11 23:05:53'),(23,5,NULL,2,3,'2023-06-11 23:05:00',NULL,NULL,'2023-06-11 23:05:54','2023-06-11 23:05:54'),(24,5,NULL,5,3,'2023-06-11 23:07:00',NULL,NULL,'2023-06-11 23:05:54','2023-06-11 23:07:20'),(25,5,NULL,5,3,'2023-06-11 23:07:00',NULL,NULL,'2023-06-11 23:07:20','2023-06-11 23:07:20'),(26,5,NULL,2,3,'2023-06-11 23:09:00',NULL,NULL,'2023-06-11 23:07:20','2023-06-11 23:09:21'),(27,5,NULL,2,3,'2023-06-11 23:09:00',NULL,NULL,'2023-06-11 23:09:22','2023-06-11 23:09:22'),(28,2,NULL,1,3,'2023-06-11 23:13:00',NULL,NULL,'2023-06-11 23:10:38','2023-06-11 23:13:38'),(29,2,NULL,1,3,'2023-06-11 23:15:00',NULL,NULL,'2023-06-11 23:13:39','2023-06-11 23:15:36'),(30,2,NULL,1,3,'2023-06-11 23:18:00',NULL,NULL,'2023-06-11 23:15:36','2023-06-11 23:18:23'),(31,2,NULL,8,3,'2023-06-11 23:19:00',NULL,NULL,'2023-06-11 23:18:24','2023-06-11 23:19:24'),(32,2,NULL,7,3,'2023-06-11 23:21:00',NULL,NULL,'2023-06-11 23:19:24','2023-06-11 23:21:53'),(33,6,NULL,9,3,'2023-06-11 23:24:00',NULL,NULL,'2023-06-11 23:22:47','2023-06-11 23:24:30'),(34,6,NULL,9,3,'2023-06-11 23:24:00',NULL,NULL,'2023-06-11 23:24:30','2023-06-11 23:24:30'),(35,6,NULL,9,3,'2023-06-11 23:25:00',NULL,NULL,'2023-06-11 23:24:30','2023-06-11 23:25:48'),(36,6,NULL,9,3,'2023-06-11 23:25:00',NULL,NULL,'2023-06-11 23:25:49','2023-06-11 23:25:49'),(37,6,NULL,9,3,'2023-06-11 23:27:00',NULL,NULL,'2023-06-11 23:25:49','2023-06-11 23:27:15'),(38,6,NULL,9,3,'2023-06-11 23:27:00',NULL,NULL,'2023-06-11 23:27:16','2023-06-11 23:27:16'),(39,6,NULL,9,3,'2023-06-11 23:28:00',NULL,NULL,'2023-06-11 23:27:16','2023-06-11 23:28:53'),(40,6,NULL,9,3,'2023-06-11 23:28:00',NULL,NULL,'2023-06-11 23:28:53','2023-06-11 23:28:53'),(41,6,NULL,9,3,'2023-06-11 23:29:00',NULL,NULL,'2023-06-11 23:28:53','2023-06-11 23:29:54'),(42,6,NULL,9,3,'2023-06-11 23:29:00',NULL,NULL,'2023-06-11 23:29:55','2023-06-11 23:29:55'),(51,5,NULL,5,3,'2023-06-11 23:07:00',NULL,NULL,'2023-06-12 18:58:07','2023-06-12 18:58:07');
commit;

--
-- Dumping data for table `entrytypes`
--

set autocommit=0;
INSERT INTO `entrytypes` VALUES (1,2,1,'Bandcamp Embed','bandcampEmbed',1,'site',NULL,NULL,'site',NULL,1,2,'2023-06-11 22:50:13','2023-06-11 22:50:13',NULL,'1ba6b8f5-1f13-4f16-8dd0-f90db9e050f9'),(2,5,2,'Custom Page','customPage',1,'site',NULL,NULL,'site',NULL,1,1,'2023-06-11 22:50:13','2023-06-11 22:50:13',NULL,'7a3aa4ab-1d46-43c7-b592-2aaa13c4e1d1'),(3,1,3,'Default','default',0,'site',NULL,'Contact Form Submission from {submissionName}','site',NULL,1,1,'2023-06-11 22:50:13','2023-06-11 22:50:13',NULL,'4b6a6661-54b1-49e2-a03d-867751ea75b9'),(4,3,4,'Default','default',1,'site',NULL,NULL,'site',NULL,1,1,'2023-06-11 22:50:13','2023-06-11 22:50:13',NULL,'66d475d7-97b8-40dc-9212-f05ea6e23d4c'),(5,5,5,'Gallery Page','galleryPage',1,'site',NULL,NULL,'site',NULL,1,2,'2023-06-11 22:50:13','2023-06-11 22:50:13',NULL,'d9a1cab9-8fb1-45aa-be80-4a16b5d5a3ae'),(6,4,6,'Home','home',0,'site',NULL,'{section.name|raw}','site',NULL,1,1,'2023-06-11 22:50:13','2023-06-11 22:50:13',NULL,'8506d742-5b2a-47fe-97d8-880505113629'),(7,2,7,'SoundCloud Embed','soundcloudEmbed',1,'site',NULL,NULL,'site',NULL,1,1,'2023-06-11 22:50:15','2023-06-11 22:50:15',NULL,'44f5fc6a-9bb6-457e-99fd-d88a30b802f0'),(8,2,8,'Spotify Embed','spotifyEmbed',1,'site',NULL,NULL,'site',NULL,1,3,'2023-06-11 22:50:15','2023-06-11 22:50:15',NULL,'f494ab8a-02d3-48a3-bf69-103c6c96824c'),(9,6,9,'YouTube Video','youtubeVideo',1,'site',NULL,NULL,'site',NULL,1,1,'2023-06-11 22:50:15','2023-06-11 22:50:15',NULL,'3879dbdd-7514-41f1-b0f8-cb825ab28546');
commit;

--
-- Dumping data for table `fieldgroups`
--

set autocommit=0;
INSERT INTO `fieldgroups` VALUES (1,'Contact Submissions','2023-06-11 22:50:10','2023-06-11 22:50:10',NULL,'58a9a081-b18a-491b-8415-a98c88e1f715'),(2,'Gigs','2023-06-11 22:50:10','2023-06-11 22:50:10',NULL,'6666a6a1-03de-48f8-8656-d742d3252af4'),(3,'Embed','2023-06-11 22:50:10','2023-06-11 22:50:10',NULL,'6885f695-10c5-4850-ae3d-56e141e36098'),(4,'Pages','2023-06-11 22:50:10','2023-06-11 22:50:10',NULL,'89bc9f6a-115e-483a-ac07-1c6733a325b1'),(5,'Videos','2023-06-11 22:50:10','2023-06-11 22:50:10',NULL,'bf844600-a572-48d3-a982-cc9650cb5663'),(6,'Globals','2023-06-11 22:50:10','2023-06-11 22:50:10',NULL,'c40c2df4-0c17-4c5b-a5f4-44d6c0866c4f'),(7,'Common','2023-06-11 22:50:10','2023-06-11 22:50:10',NULL,'f218cbd0-5c1b-4ff8-a4eb-df6bd7a9164f');
commit;

--
-- Dumping data for table `fieldlayoutfields`
--

set autocommit=0;
INSERT INTO `fieldlayoutfields` VALUES (110,1,74,1,0,1,'2023-06-11 23:00:56','2023-06-11 23:00:56','b30224a3-b4c7-4726-a46c-9c654c87e027'),(112,2,76,9,0,1,'2023-06-11 23:00:56','2023-06-11 23:00:56','f9cdc524-ffbd-4a68-9af3-6a6258874563'),(118,3,78,15,0,1,'2023-06-11 23:00:56','2023-06-11 23:00:56','1f3bd750-6f59-4b22-9278-d05dc4588eb6'),(119,3,78,13,0,2,'2023-06-11 23:00:56','2023-06-11 23:00:56','c2667515-ac71-4041-b5fa-ae5a703584e0'),(120,3,78,16,0,3,'2023-06-11 23:00:56','2023-06-11 23:00:56','196eb49d-55fb-4e4a-b4bb-9ceab9106bb7'),(121,3,78,17,0,4,'2023-06-11 23:00:56','2023-06-11 23:00:56','4de77ea4-d36b-41bb-9e79-e823174fdab8'),(122,3,78,14,0,5,'2023-06-11 23:00:56','2023-06-11 23:00:56','24cc9657-6757-4962-8482-4a285892a86e'),(127,4,80,5,0,1,'2023-06-11 23:00:56','2023-06-11 23:00:56','6086fd75-0322-4c72-a554-03d4575a555c'),(128,4,80,8,0,2,'2023-06-11 23:00:56','2023-06-11 23:00:56','8ccde5c1-c0ec-46cf-a685-c7a70fc6d33d'),(129,4,80,6,0,3,'2023-06-11 23:00:56','2023-06-11 23:00:56','95e759d0-795b-4392-b9ca-91f46330e4fd'),(130,4,80,7,0,4,'2023-06-11 23:00:56','2023-06-11 23:00:56','1b1581b3-d5e4-4d1b-a1bc-68adca8e073b'),(132,5,82,4,0,1,'2023-06-11 23:00:56','2023-06-11 23:00:56','707ab882-521f-45cd-a720-b6d92bb62a44'),(134,7,86,11,0,1,'2023-06-11 23:00:57','2023-06-11 23:00:57','a6ba906d-2c69-4feb-a4b7-d29891c88e84'),(136,8,88,12,0,1,'2023-06-11 23:00:57','2023-06-11 23:00:57','79bbf38e-4317-4ff5-a099-3289341b4263'),(138,9,90,18,0,1,'2023-06-11 23:00:57','2023-06-11 23:00:57','4c0dbcc0-be92-42bb-853c-e0121633b231'),(142,10,92,10,0,0,'2023-06-11 23:00:58','2023-06-11 23:00:58','d431fafe-4464-4b9c-aaa4-13aa44e7a807'),(143,10,92,3,0,1,'2023-06-11 23:00:58','2023-06-11 23:00:58','0cca9910-a1a3-4200-ae2d-efe0b20c0159'),(144,10,92,2,0,2,'2023-06-11 23:00:58','2023-06-11 23:00:58','51db9605-fcc2-43f7-9f0f-6b30136a0e53');
commit;

--
-- Dumping data for table `fieldlayouts`
--

set autocommit=0;
INSERT INTO `fieldlayouts` VALUES (1,'craft\\elements\\Entry','2023-06-11 22:50:13','2023-06-11 22:50:13',NULL,'a17f307f-c301-4429-8b56-b7558f30ea0c'),(2,'craft\\elements\\Entry','2023-06-11 22:50:13','2023-06-11 22:50:13',NULL,'25586ae0-ad0e-4e86-84bc-2aa4a77fbc94'),(3,'craft\\elements\\Entry','2023-06-11 22:50:13','2023-06-11 22:50:13',NULL,'a7baad5b-c005-4637-86a2-c2c0b003e82f'),(4,'craft\\elements\\Entry','2023-06-11 22:50:13','2023-06-11 22:50:13',NULL,'45ee0ef2-d574-44c6-a28d-ac7826a02477'),(5,'craft\\elements\\Entry','2023-06-11 22:50:13','2023-06-11 22:50:13',NULL,'279e5b91-22f6-4dbb-8e3d-95bc6c2706a9'),(6,'craft\\elements\\Entry','2023-06-11 22:50:13','2023-06-11 22:50:13',NULL,'d4aefd62-4576-451d-bfed-e8d83cd166ff'),(7,'craft\\elements\\Entry','2023-06-11 22:50:15','2023-06-11 22:50:15',NULL,'e4347c61-d895-4989-b23b-7902e307d7da'),(8,'craft\\elements\\Entry','2023-06-11 22:50:15','2023-06-11 22:50:15',NULL,'c123a272-94e8-4203-bbe3-9b0757fe5ebc'),(9,'craft\\elements\\Entry','2023-06-11 22:50:15','2023-06-11 22:50:15',NULL,'c1f4dd43-494c-4ed0-a33e-4dd588a90f0d'),(10,'craft\\elements\\GlobalSet','2023-06-11 22:50:15','2023-06-11 22:50:15',NULL,'f894566f-5464-4b8d-8ad0-d61946bf5361'),(11,'craft\\elements\\Asset','2023-06-11 22:50:16','2023-06-11 22:50:16',NULL,'d30ad1d2-d72e-47f0-b630-a60820c3ddb2'),(12,'craft\\elements\\Asset','2023-06-11 22:50:16','2023-06-11 22:50:16',NULL,'4631d292-bafd-4363-a467-9e79d10e2b83');
commit;

--
-- Dumping data for table `fieldlayouttabs`
--

set autocommit=0;
INSERT INTO `fieldlayouttabs` VALUES (74,1,'Bandcamp Embed','{\"userCondition\":null,\"elementCondition\":null}','[{\"type\":\"craft\\\\fieldlayoutelements\\\\entries\\\\EntryTitleField\",\"autocomplete\":false,\"class\":null,\"size\":null,\"name\":null,\"autocorrect\":true,\"autocapitalize\":true,\"disabled\":false,\"readonly\":false,\"title\":null,\"placeholder\":null,\"step\":null,\"min\":null,\"max\":null,\"requirable\":false,\"id\":null,\"containerAttributes\":[],\"inputContainerAttributes\":[],\"labelAttributes\":[],\"orientation\":null,\"label\":null,\"instructions\":null,\"tip\":null,\"warning\":null,\"width\":100,\"uid\":\"d3f55934-f5cf-488b-b225-68d224808a22\",\"userCondition\":null,\"elementCondition\":null},{\"type\":\"craft\\\\fieldlayoutelements\\\\CustomField\",\"label\":null,\"instructions\":null,\"tip\":null,\"warning\":null,\"required\":false,\"width\":100,\"uid\":\"8a8f6a4e-e44f-4f75-ba6c-93934f05d583\",\"userCondition\":null,\"elementCondition\":null,\"fieldUid\":\"e8fbb0cf-f013-47b2-8a71-e0aac50e9a06\"}]',1,'2023-06-11 23:00:56','2023-06-11 23:00:56','358b2e5f-a79a-4b07-8eeb-00b203dc8e18'),(76,2,'Custom Page','{\"userCondition\":null,\"elementCondition\":null}','[{\"type\":\"craft\\\\fieldlayoutelements\\\\entries\\\\EntryTitleField\",\"autocomplete\":false,\"class\":null,\"size\":null,\"name\":null,\"autocorrect\":true,\"autocapitalize\":true,\"disabled\":false,\"readonly\":false,\"title\":null,\"placeholder\":null,\"step\":null,\"min\":null,\"max\":null,\"requirable\":false,\"id\":null,\"containerAttributes\":[],\"inputContainerAttributes\":[],\"labelAttributes\":[],\"orientation\":null,\"label\":null,\"instructions\":null,\"tip\":null,\"warning\":null,\"width\":100,\"uid\":\"ccf316cc-dcf8-4899-ad56-a2c7a5b7b9c3\",\"userCondition\":null,\"elementCondition\":null},{\"type\":\"craft\\\\fieldlayoutelements\\\\CustomField\",\"label\":null,\"instructions\":null,\"tip\":null,\"warning\":null,\"required\":false,\"width\":100,\"uid\":\"00aaed21-f3e9-4b6c-958f-618a06e3e7ca\",\"userCondition\":null,\"elementCondition\":null,\"fieldUid\":\"139b20e8-6e1b-4e75-be7f-776bc8a50d43\"}]',1,'2023-06-11 23:00:56','2023-06-11 23:00:56','ba7ae951-de64-4bf5-9fab-7c37580fc30a'),(78,3,'Contact Submissions','{\"userCondition\":null,\"elementCondition\":null}','[{\"type\":\"craft\\\\fieldlayoutelements\\\\entries\\\\EntryTitleField\",\"autocomplete\":false,\"class\":null,\"size\":null,\"name\":null,\"autocorrect\":true,\"autocapitalize\":true,\"disabled\":false,\"readonly\":false,\"title\":null,\"placeholder\":null,\"step\":null,\"min\":null,\"max\":null,\"requirable\":false,\"id\":null,\"containerAttributes\":[],\"inputContainerAttributes\":[],\"labelAttributes\":[],\"orientation\":null,\"label\":null,\"instructions\":null,\"tip\":null,\"warning\":null,\"width\":100,\"uid\":\"2202f7d9-ad9f-4611-b478-63330f7d4cc3\",\"userCondition\":null,\"elementCondition\":null},{\"type\":\"craft\\\\fieldlayoutelements\\\\CustomField\",\"label\":null,\"instructions\":null,\"tip\":null,\"warning\":null,\"required\":false,\"width\":100,\"uid\":\"12c56acf-63ea-41f8-9d5f-385aeb753e03\",\"userCondition\":null,\"elementCondition\":null,\"fieldUid\":\"b61a32ce-4093-4b76-986a-5303ee05cc28\"},{\"type\":\"craft\\\\fieldlayoutelements\\\\CustomField\",\"label\":null,\"instructions\":null,\"tip\":null,\"warning\":null,\"required\":false,\"width\":100,\"uid\":\"72061359-ac58-4692-88c2-8cc2dd434c64\",\"userCondition\":null,\"elementCondition\":null,\"fieldUid\":\"57ee90df-01e6-437a-8c5c-38815877f909\"},{\"type\":\"craft\\\\fieldlayoutelements\\\\CustomField\",\"label\":null,\"instructions\":null,\"tip\":null,\"warning\":null,\"required\":false,\"width\":100,\"uid\":\"5c6a4f9d-60af-465a-bbe1-c207f6d11963\",\"userCondition\":null,\"elementCondition\":null,\"fieldUid\":\"ea0ea7a1-4453-4b64-ac7c-c9b0d226ab5d\"},{\"type\":\"craft\\\\fieldlayoutelements\\\\CustomField\",\"label\":null,\"instructions\":null,\"tip\":null,\"warning\":null,\"required\":false,\"width\":100,\"uid\":\"80dea10e-c07a-443e-8410-71f84c5b0494\",\"userCondition\":null,\"elementCondition\":null,\"fieldUid\":\"962ca735-e2e0-4550-a295-93f517459468\"},{\"type\":\"craft\\\\fieldlayoutelements\\\\CustomField\",\"label\":null,\"instructions\":null,\"tip\":null,\"warning\":null,\"required\":false,\"width\":100,\"uid\":\"52c44e7a-2bd1-48cb-8845-a2ddade30902\",\"userCondition\":null,\"elementCondition\":null,\"fieldUid\":\"e17818c9-74b2-427e-9cf0-57f61d51b663\"}]',1,'2023-06-11 23:00:56','2023-06-11 23:00:56','ac070adf-3ea5-4e63-a5dc-1f10de087af0'),(80,4,'Gigs','{\"userCondition\":null,\"elementCondition\":null}','[{\"type\":\"craft\\\\fieldlayoutelements\\\\entries\\\\EntryTitleField\",\"autocomplete\":false,\"class\":null,\"size\":null,\"name\":null,\"autocorrect\":true,\"autocapitalize\":true,\"disabled\":false,\"readonly\":false,\"title\":null,\"placeholder\":null,\"step\":null,\"min\":null,\"max\":null,\"requirable\":false,\"id\":null,\"containerAttributes\":[],\"inputContainerAttributes\":[],\"labelAttributes\":[],\"orientation\":null,\"label\":null,\"instructions\":null,\"tip\":null,\"warning\":null,\"width\":100,\"uid\":\"6dfceb4f-a9aa-4a26-ac03-e7b49f426172\",\"userCondition\":null,\"elementCondition\":null},{\"type\":\"craft\\\\fieldlayoutelements\\\\CustomField\",\"label\":null,\"instructions\":null,\"tip\":null,\"warning\":null,\"required\":false,\"width\":100,\"uid\":\"4449fc6a-6bcd-4096-9f74-db2eb500d9c3\",\"userCondition\":null,\"elementCondition\":null,\"fieldUid\":\"cf9cc357-e972-4534-96a3-16243a7d4e25\"},{\"type\":\"craft\\\\fieldlayoutelements\\\\CustomField\",\"label\":null,\"instructions\":null,\"tip\":null,\"warning\":null,\"required\":false,\"width\":100,\"uid\":\"09393b89-901f-431a-ac15-6e09ec994593\",\"userCondition\":null,\"elementCondition\":null,\"fieldUid\":\"e2acdefe-2270-4161-989c-4cacd80454da\"},{\"type\":\"craft\\\\fieldlayoutelements\\\\CustomField\",\"label\":null,\"instructions\":null,\"tip\":null,\"warning\":null,\"required\":false,\"width\":100,\"uid\":\"24fce9c1-bfcc-4bc8-be40-6c1a4d7b1bf2\",\"userCondition\":null,\"elementCondition\":null,\"fieldUid\":\"afa92d21-9da5-4728-b388-676ab1b11c37\"},{\"type\":\"craft\\\\fieldlayoutelements\\\\CustomField\",\"label\":null,\"instructions\":null,\"tip\":null,\"warning\":null,\"required\":false,\"width\":100,\"uid\":\"f0b26a45-2a0e-4226-97d0-031e0c5f7f1e\",\"userCondition\":null,\"elementCondition\":null,\"fieldUid\":\"82e690ff-8e29-4b0d-850d-c09a6cc8871f\"}]',1,'2023-06-11 23:00:56','2023-06-11 23:00:56','49e37225-d557-43d3-bf39-bc06951a61f1'),(82,5,'Gallery Page','{\"userCondition\":null,\"elementCondition\":null}','[{\"type\":\"craft\\\\fieldlayoutelements\\\\entries\\\\EntryTitleField\",\"autocomplete\":false,\"class\":null,\"size\":null,\"name\":null,\"autocorrect\":true,\"autocapitalize\":true,\"disabled\":false,\"readonly\":false,\"title\":null,\"placeholder\":null,\"step\":null,\"min\":null,\"max\":null,\"requirable\":false,\"id\":null,\"containerAttributes\":[],\"inputContainerAttributes\":[],\"labelAttributes\":[],\"orientation\":null,\"label\":null,\"instructions\":null,\"tip\":null,\"warning\":null,\"width\":100,\"uid\":\"22625b58-3084-4a82-b270-15b8198b5ce6\",\"userCondition\":null,\"elementCondition\":null},{\"type\":\"craft\\\\fieldlayoutelements\\\\CustomField\",\"label\":null,\"instructions\":null,\"tip\":null,\"warning\":null,\"required\":false,\"width\":100,\"uid\":\"7c7f8bad-b29c-43d4-aab7-e46e00775240\",\"userCondition\":null,\"elementCondition\":null,\"fieldUid\":\"ad2a34fc-908d-4a7e-b211-235d769602d3\"}]',1,'2023-06-11 23:00:56','2023-06-11 23:00:56','7436cdd9-7d2e-4b5e-a35f-3aa5153924ca'),(84,6,'Content','{\"userCondition\":null,\"elementCondition\":null}','[{\"type\":\"craft\\\\fieldlayoutelements\\\\entries\\\\EntryTitleField\",\"autocomplete\":false,\"class\":null,\"size\":null,\"name\":null,\"autocorrect\":true,\"autocapitalize\":true,\"disabled\":false,\"readonly\":false,\"title\":null,\"placeholder\":null,\"step\":null,\"min\":null,\"max\":null,\"requirable\":false,\"id\":null,\"containerAttributes\":[],\"inputContainerAttributes\":[],\"labelAttributes\":[],\"orientation\":null,\"label\":null,\"instructions\":null,\"tip\":null,\"warning\":null,\"width\":100,\"uid\":\"42a8242e-e886-4d5e-a584-5d348a68a8ce\",\"userCondition\":null,\"elementCondition\":null}]',1,'2023-06-11 23:00:56','2023-06-11 23:00:56','8165a1c5-0fdb-4e05-b74d-815df015a964'),(86,7,'SoundCloud Embed','{\"userCondition\":null,\"elementCondition\":null}','[{\"type\":\"craft\\\\fieldlayoutelements\\\\entries\\\\EntryTitleField\",\"autocomplete\":false,\"class\":null,\"size\":null,\"name\":null,\"autocorrect\":true,\"autocapitalize\":true,\"disabled\":false,\"readonly\":false,\"title\":null,\"placeholder\":null,\"step\":null,\"min\":null,\"max\":null,\"requirable\":false,\"id\":null,\"containerAttributes\":[],\"inputContainerAttributes\":[],\"labelAttributes\":[],\"orientation\":null,\"label\":null,\"instructions\":null,\"tip\":null,\"warning\":null,\"width\":100,\"uid\":\"47116a2f-d30d-40a7-a63e-23502354a68d\",\"userCondition\":null,\"elementCondition\":null},{\"type\":\"craft\\\\fieldlayoutelements\\\\CustomField\",\"label\":null,\"instructions\":null,\"tip\":null,\"warning\":null,\"required\":false,\"width\":100,\"uid\":\"036d6841-6bb9-487d-a01b-c28cb4d2937b\",\"userCondition\":null,\"elementCondition\":null,\"fieldUid\":\"be2a1882-9121-4306-87b1-450de9d53256\"}]',1,'2023-06-11 23:00:57','2023-06-11 23:00:57','20decf46-25c4-45dc-87cc-dd00b5b911b9'),(88,8,'Spotify Embed','{\"userCondition\":null,\"elementCondition\":null}','[{\"type\":\"craft\\\\fieldlayoutelements\\\\entries\\\\EntryTitleField\",\"autocomplete\":false,\"class\":null,\"size\":null,\"name\":null,\"autocorrect\":true,\"autocapitalize\":true,\"disabled\":false,\"readonly\":false,\"title\":null,\"placeholder\":null,\"step\":null,\"min\":null,\"max\":null,\"requirable\":false,\"id\":null,\"containerAttributes\":[],\"inputContainerAttributes\":[],\"labelAttributes\":[],\"orientation\":null,\"label\":null,\"instructions\":null,\"tip\":null,\"warning\":null,\"width\":100,\"uid\":\"9a388b4a-5b98-4822-82f9-ef14e26b3e64\",\"userCondition\":null,\"elementCondition\":null},{\"type\":\"craft\\\\fieldlayoutelements\\\\CustomField\",\"label\":null,\"instructions\":null,\"tip\":null,\"warning\":null,\"required\":false,\"width\":100,\"uid\":\"58557f92-7d83-4a51-8d3e-b9b38ab91b11\",\"userCondition\":null,\"elementCondition\":null,\"fieldUid\":\"9529e1cb-135c-4e74-bd95-f62c6d2bc858\"}]',1,'2023-06-11 23:00:57','2023-06-11 23:00:57','9dd4191e-eea3-4711-bfea-cf7c2564ca6e'),(90,9,'YouTube Video','{\"userCondition\":null,\"elementCondition\":null}','[{\"type\":\"craft\\\\fieldlayoutelements\\\\entries\\\\EntryTitleField\",\"autocomplete\":false,\"class\":null,\"size\":null,\"name\":null,\"autocorrect\":true,\"autocapitalize\":true,\"disabled\":false,\"readonly\":false,\"title\":null,\"placeholder\":null,\"step\":null,\"min\":null,\"max\":null,\"requirable\":false,\"id\":null,\"containerAttributes\":[],\"inputContainerAttributes\":[],\"labelAttributes\":[],\"orientation\":null,\"label\":null,\"instructions\":null,\"tip\":null,\"warning\":null,\"width\":100,\"uid\":\"6fc70047-bb74-4133-9e67-2e87291af2a2\",\"userCondition\":null,\"elementCondition\":null},{\"type\":\"craft\\\\fieldlayoutelements\\\\CustomField\",\"label\":null,\"instructions\":null,\"tip\":null,\"warning\":null,\"required\":false,\"width\":100,\"uid\":\"fe57c07c-1d69-43c3-8baf-c2260e45ac3e\",\"userCondition\":null,\"elementCondition\":null,\"fieldUid\":\"21bf5ac9-a185-4970-b6dc-e66c96ef0807\"}]',1,'2023-06-11 23:00:57','2023-06-11 23:00:57','722bb48c-811c-419a-9a90-a20cf0e98a2c'),(92,10,'Globals','{\"userCondition\":null,\"elementCondition\":null}','[{\"type\":\"craft\\\\fieldlayoutelements\\\\CustomField\",\"label\":null,\"instructions\":null,\"tip\":null,\"warning\":null,\"required\":false,\"width\":100,\"uid\":\"ce516f33-2e70-405c-99a1-2d8d64bacc3d\",\"userCondition\":null,\"elementCondition\":null,\"fieldUid\":\"a10d1b66-619c-4f4b-99c3-ad63094cbee2\"},{\"type\":\"craft\\\\fieldlayoutelements\\\\CustomField\",\"label\":null,\"instructions\":null,\"tip\":null,\"warning\":null,\"required\":false,\"width\":100,\"uid\":\"71169323-2209-4100-8975-7e9bb5a6d9d7\",\"userCondition\":null,\"elementCondition\":null,\"fieldUid\":\"dc9dbdd1-71b5-4b7e-8fc1-134104cb3a83\"},{\"type\":\"craft\\\\fieldlayoutelements\\\\CustomField\",\"label\":null,\"instructions\":null,\"tip\":null,\"warning\":null,\"required\":false,\"width\":100,\"uid\":\"c8c54e69-7104-493a-bd99-0e36b6428cac\",\"userCondition\":null,\"elementCondition\":null,\"fieldUid\":\"9167b446-1840-45ea-8aa9-300e555b1344\"}]',1,'2023-06-11 23:00:58','2023-06-11 23:00:58','c0ed7fb0-9c7a-44ca-8762-26003b537f66'),(94,11,'Content','{\"userCondition\":null,\"elementCondition\":null}','[{\"type\":\"craft\\\\fieldlayoutelements\\\\assets\\\\AssetTitleField\",\"autocomplete\":false,\"class\":null,\"size\":null,\"name\":null,\"autocorrect\":true,\"autocapitalize\":true,\"disabled\":false,\"readonly\":false,\"title\":null,\"placeholder\":null,\"step\":null,\"min\":null,\"max\":null,\"requirable\":false,\"id\":null,\"containerAttributes\":[],\"inputContainerAttributes\":[],\"labelAttributes\":[],\"orientation\":null,\"label\":null,\"instructions\":null,\"tip\":null,\"warning\":null,\"width\":100,\"uid\":\"f278b982-ac20-4918-ac40-1849d642bb11\",\"userCondition\":null,\"elementCondition\":null}]',1,'2023-06-11 23:00:58','2023-06-11 23:00:58','feee6ad3-4eb1-45da-99bf-88c9fe87c140'),(96,12,'Content','{\"userCondition\":null,\"elementCondition\":null}','[{\"type\":\"craft\\\\fieldlayoutelements\\\\assets\\\\AssetTitleField\",\"autocomplete\":false,\"class\":null,\"size\":null,\"name\":null,\"autocorrect\":true,\"autocapitalize\":true,\"disabled\":false,\"readonly\":false,\"title\":null,\"placeholder\":null,\"step\":null,\"min\":null,\"max\":null,\"requirable\":false,\"id\":null,\"containerAttributes\":[],\"inputContainerAttributes\":[],\"labelAttributes\":[],\"orientation\":null,\"label\":null,\"instructions\":null,\"tip\":null,\"warning\":null,\"width\":100,\"uid\":\"b1e1be8c-0a34-4ab5-b928-12be7d716ef3\",\"userCondition\":null,\"elementCondition\":null}]',1,'2023-06-11 23:00:58','2023-06-11 23:00:58','36b29584-0e2c-44aa-9183-9125ce17a094');
commit;

--
-- Dumping data for table `fields`
--

set autocommit=0;
INSERT INTO `fields` VALUES (1,3,'Bandcamp Embed','bandcampEmbed','global','inugegzp','Copy the Embed code from Bandcamp and paste it here ...',0,'none',NULL,'craft\\fields\\PlainText','{\"byteLimit\":null,\"charLimit\":null,\"code\":false,\"columnType\":null,\"initialRows\":10,\"multiline\":true,\"placeholder\":\"Code goes here ...\",\"uiMode\":\"normal\"}','2023-06-11 22:50:10','2023-06-11 22:50:10','e8fbb0cf-f013-47b2-8a71-e0aac50e9a06'),(2,6,'Client Email','clientEmail','global','vhxmksft',NULL,0,'none',NULL,'craft\\fields\\PlainText','{\"byteLimit\":null,\"charLimit\":null,\"code\":false,\"columnType\":null,\"initialRows\":4,\"multiline\":false,\"placeholder\":\"email@email.com\",\"uiMode\":\"normal\"}','2023-06-11 22:50:11','2023-06-11 22:50:11','9167b446-1840-45ea-8aa9-300e555b1344'),(3,6,'Favicon','favicon','global',NULL,NULL,0,'site',NULL,'craft\\fields\\Assets','{\"allowSelfRelations\":false,\"allowSubfolders\":false,\"allowUploads\":true,\"allowedKinds\":[\"image\"],\"defaultUploadLocationSource\":\"volume:4be4bc77-6721-4564-9441-605a1a6c0bad\",\"defaultUploadLocationSubpath\":null,\"localizeRelations\":false,\"maxRelations\":1,\"minRelations\":null,\"previewMode\":\"full\",\"restrictFiles\":true,\"restrictLocation\":false,\"restrictedDefaultUploadSubpath\":null,\"restrictedLocationSource\":\"volume:4be4bc77-6721-4564-9441-605a1a6c0bad\",\"restrictedLocationSubpath\":null,\"selectionCondition\":{\"elementType\":\"craft\\\\elements\\\\Asset\",\"fieldContext\":\"global\",\"class\":\"craft\\\\elements\\\\conditions\\\\assets\\\\AssetCondition\"},\"selectionLabel\":\"Add a favicon\",\"showSiteMenu\":false,\"showUnpermittedFiles\":false,\"showUnpermittedVolumes\":false,\"source\":null,\"sources\":[\"volume:4be4bc77-6721-4564-9441-605a1a6c0bad\"],\"targetSiteId\":null,\"validateRelatedElements\":false,\"viewMode\":\"list\"}','2023-06-11 22:50:11','2023-06-11 22:50:11','dc9dbdd1-71b5-4b7e-8fc1-134104cb3a83'),(4,4,'Gallery Images','galleryImages','global',NULL,NULL,0,'site',NULL,'craft\\fields\\Assets','{\"allowSelfRelations\":false,\"allowSubfolders\":false,\"allowUploads\":true,\"allowedKinds\":[\"image\"],\"defaultUploadLocationSource\":\"volume:4be4bc77-6721-4564-9441-605a1a6c0bad\",\"defaultUploadLocationSubpath\":null,\"localizeRelations\":false,\"maxRelations\":null,\"minRelations\":null,\"previewMode\":\"full\",\"restrictFiles\":true,\"restrictLocation\":false,\"restrictedDefaultUploadSubpath\":null,\"restrictedLocationSource\":\"volume:4be4bc77-6721-4564-9441-605a1a6c0bad\",\"restrictedLocationSubpath\":null,\"selectionCondition\":{\"elementType\":\"craft\\\\elements\\\\Asset\",\"fieldContext\":\"global\",\"class\":\"craft\\\\elements\\\\conditions\\\\assets\\\\AssetCondition\"},\"selectionLabel\":\"Add Gallery images\",\"showSiteMenu\":false,\"showUnpermittedFiles\":false,\"showUnpermittedVolumes\":false,\"source\":null,\"sources\":[\"volume:4be4bc77-6721-4564-9441-605a1a6c0bad\"],\"targetSiteId\":null,\"validateRelatedElements\":false,\"viewMode\":\"list\"}','2023-06-11 22:50:11','2023-06-11 22:50:11','ad2a34fc-908d-4a7e-b211-235d769602d3'),(5,2,'Date','gigDate','global','rzbqtsud',NULL,0,'none',NULL,'craft\\fields\\Date','{\"max\":null,\"min\":null,\"minuteIncrement\":30,\"showDate\":true,\"showTime\":true,\"showTimeZone\":true}','2023-06-11 22:50:11','2023-06-11 22:50:11','cf9cc357-e972-4534-96a3-16243a7d4e25'),(6,2,'Featured Image','gigFeaturedImage','global',NULL,NULL,0,'site',NULL,'craft\\fields\\Assets','{\"allowSelfRelations\":false,\"allowSubfolders\":false,\"allowUploads\":true,\"allowedKinds\":[\"image\"],\"defaultUploadLocationSource\":\"volume:4be4bc77-6721-4564-9441-605a1a6c0bad\",\"defaultUploadLocationSubpath\":null,\"localizeRelations\":false,\"maxRelations\":1,\"minRelations\":null,\"previewMode\":\"full\",\"restrictFiles\":true,\"restrictLocation\":false,\"restrictedDefaultUploadSubpath\":null,\"restrictedLocationSource\":\"volume:4be4bc77-6721-4564-9441-605a1a6c0bad\",\"restrictedLocationSubpath\":null,\"selectionCondition\":{\"elementType\":\"craft\\\\elements\\\\Asset\",\"fieldContext\":\"global\",\"class\":\"craft\\\\elements\\\\conditions\\\\assets\\\\AssetCondition\"},\"selectionLabel\":\"Add a featured image\",\"showSiteMenu\":false,\"showUnpermittedFiles\":false,\"showUnpermittedVolumes\":false,\"source\":null,\"sources\":[\"volume:4be4bc77-6721-4564-9441-605a1a6c0bad\"],\"targetSiteId\":null,\"validateRelatedElements\":false,\"viewMode\":\"large\"}','2023-06-11 22:50:11','2023-06-11 22:50:11','afa92d21-9da5-4728-b388-676ab1b11c37'),(7,2,'Link','gigLink','global','lcmhpagu',NULL,0,'none',NULL,'craft\\fields\\Url','{\"maxLength\":255,\"types\":[\"url\"]}','2023-06-11 22:50:11','2023-06-11 22:50:11','82e690ff-8e29-4b0d-850d-c09a6cc8871f'),(8,2,'Location','gigLocation','global','secazwrd',NULL,0,'none',NULL,'craft\\fields\\PlainText','{\"byteLimit\":null,\"charLimit\":null,\"code\":false,\"columnType\":null,\"initialRows\":4,\"multiline\":false,\"placeholder\":null,\"uiMode\":\"normal\"}','2023-06-11 22:50:11','2023-06-11 22:50:11','e2acdefe-2270-4161-989c-4cacd80454da'),(9,4,'Page Template','pageTemplate','global','jxvqpmcm','Path to page template',0,'none',NULL,'craft\\fields\\PlainText','{\"byteLimit\":null,\"charLimit\":null,\"code\":false,\"columnType\":null,\"initialRows\":4,\"multiline\":false,\"placeholder\":null,\"uiMode\":\"normal\"}','2023-06-11 22:50:11','2023-06-11 22:50:11','139b20e8-6e1b-4e75-be7f-776bc8a50d43'),(10,6,'Site Logo','siteLogo','global',NULL,NULL,0,'site',NULL,'craft\\fields\\Assets','{\"allowSelfRelations\":false,\"allowSubfolders\":false,\"allowUploads\":true,\"allowedKinds\":[\"image\"],\"defaultUploadLocationSource\":\"volume:4be4bc77-6721-4564-9441-605a1a6c0bad\",\"defaultUploadLocationSubpath\":null,\"localizeRelations\":false,\"maxRelations\":1,\"minRelations\":null,\"previewMode\":\"full\",\"restrictFiles\":true,\"restrictLocation\":false,\"restrictedDefaultUploadSubpath\":null,\"restrictedLocationSource\":\"volume:4be4bc77-6721-4564-9441-605a1a6c0bad\",\"restrictedLocationSubpath\":null,\"selectionCondition\":{\"elementType\":\"craft\\\\elements\\\\Asset\",\"fieldContext\":\"global\",\"class\":\"craft\\\\elements\\\\conditions\\\\assets\\\\AssetCondition\"},\"selectionLabel\":null,\"showSiteMenu\":false,\"showUnpermittedFiles\":false,\"showUnpermittedVolumes\":false,\"source\":null,\"sources\":[\"volume:4be4bc77-6721-4564-9441-605a1a6c0bad\"],\"targetSiteId\":null,\"validateRelatedElements\":false,\"viewMode\":\"large\"}','2023-06-11 22:50:11','2023-06-11 22:50:11','a10d1b66-619c-4f4b-99c3-ad63094cbee2'),(11,3,'SoundCloud Embed','soundcloudEmbed','global','qpoyhsol','Copy the SoiundCloud Embed code from your track and paste it here ...',0,'none',NULL,'craft\\fields\\PlainText','{\"byteLimit\":null,\"charLimit\":null,\"code\":false,\"columnType\":null,\"initialRows\":10,\"multiline\":true,\"placeholder\":\"Code goes here ...\",\"uiMode\":\"normal\"}','2023-06-11 22:50:11','2023-06-11 22:50:11','be2a1882-9121-4306-87b1-450de9d53256'),(12,3,'Spotify Embed','spotifyEmbed','global','yzgetqnv','Copy your Spotify Embed code and paste it here ...',0,'none',NULL,'craft\\fields\\PlainText','{\"byteLimit\":null,\"charLimit\":null,\"code\":false,\"columnType\":null,\"initialRows\":10,\"multiline\":true,\"placeholder\":\"Code goes here ...\",\"uiMode\":\"normal\"}','2023-06-11 22:50:12','2023-06-11 22:50:12','9529e1cb-135c-4e74-bd95-f62c6d2bc858'),(13,1,'Email Address','submissionEmail','global','qqiavbhr',NULL,0,'none',NULL,'craft\\fields\\Email','{\"placeholder\":null}','2023-06-11 22:50:12','2023-06-11 22:50:12','57ee90df-01e6-437a-8c5c-38815877f909'),(14,1,'Message','submissionMessage','global','rtpzqnhp',NULL,0,'none',NULL,'craft\\fields\\PlainText','{\"byteLimit\":null,\"charLimit\":null,\"code\":false,\"columnType\":null,\"initialRows\":6,\"multiline\":true,\"placeholder\":null,\"uiMode\":\"normal\"}','2023-06-11 22:50:12','2023-06-11 22:50:12','e17818c9-74b2-427e-9cf0-57f61d51b663'),(15,1,'Name','submissionName','global','fggnchnh',NULL,0,'none',NULL,'craft\\fields\\PlainText','{\"byteLimit\":null,\"charLimit\":null,\"code\":false,\"columnType\":null,\"initialRows\":4,\"multiline\":false,\"placeholder\":null,\"uiMode\":\"normal\"}','2023-06-11 22:50:12','2023-06-11 22:50:12','b61a32ce-4093-4b76-986a-5303ee05cc28'),(16,1,'Phone Number','submissionPhone','global','siyosvvg',NULL,0,'none',NULL,'craft\\fields\\PlainText','{\"byteLimit\":null,\"charLimit\":null,\"code\":false,\"columnType\":null,\"initialRows\":4,\"multiline\":false,\"placeholder\":null,\"uiMode\":\"normal\"}','2023-06-11 22:50:12','2023-06-11 22:50:12','ea0ea7a1-4453-4b64-ac7c-c9b0d226ab5d'),(17,1,'Subject','submissionSubject','global','ziqqexut',NULL,0,'none',NULL,'craft\\fields\\PlainText','{\"byteLimit\":null,\"charLimit\":null,\"code\":false,\"columnType\":null,\"initialRows\":4,\"multiline\":false,\"placeholder\":null,\"uiMode\":\"normal\"}','2023-06-11 22:50:12','2023-06-11 22:50:12','962ca735-e2e0-4550-a295-93f517459468'),(18,5,'YouTube Video ID','youtubeVideoId','global','ydkphbeb','YouTube Video ID\r\nExample: ID for https://www.youtube.com/watch?v=E_l-b-8qSYA is E_l-b-8qSYA.',0,'none',NULL,'craft\\fields\\PlainText','{\"byteLimit\":null,\"charLimit\":null,\"code\":false,\"columnType\":null,\"initialRows\":4,\"multiline\":false,\"placeholder\":null,\"uiMode\":\"normal\"}','2023-06-11 22:50:12','2023-06-11 22:50:12','21bf5ac9-a185-4970-b6dc-e66c96ef0807');
commit;

--
-- Dumping data for table `globalsets`
--

set autocommit=0;
INSERT INTO `globalsets` VALUES (2,'Site Globals','siteGlobals',10,1,'2023-06-11 22:50:16','2023-06-11 22:50:16','4fa68a9e-b36c-4280-b726-dfd06429714e');
commit;

--
-- Dumping data for table `gqlschemas`
--

set autocommit=0;
commit;
set autocommit=0;
commit;

--
-- Dumping data for table `imagetransforms`
--

set autocommit=0;
commit;

--
-- Dumping data for table `info`
--

set autocommit=0;
INSERT INTO `info` VALUES (1,'4.10.7','4.5.3.0',0,'bbiecrzffdmn','3@fklemighnh','2023-06-11 22:50:08','2024-12-06 21:14:31','7bab98a6-ec04-44d4-9af9-e0dff0f28fb8');
commit;

--
-- Dumping data for table `matrixblocks`
--

set autocommit=0;
commit;

--
-- Dumping data for table `matrixblocks_owners`
--

set autocommit=0;
commit;

--
-- Dumping data for table `matrixblocktypes`
--

set autocommit=0;
commit;

--
-- Dumping data for table `migrations`
--

set autocommit=0;
INSERT INTO `migrations` VALUES (1,'craft','Install','2023-06-11 22:50:20','2023-06-11 22:50:20','2023-06-11 22:50:20','e6496df1-2457-4b44-b1a2-8c943f4ab606'),(2,'craft','m210121_145800_asset_indexing_changes','2023-06-11 22:50:20','2023-06-11 22:50:20','2023-06-11 22:50:20','d35ca70d-a03e-4db9-ba25-fd2ff4f07031'),(3,'craft','m210624_222934_drop_deprecated_tables','2023-06-11 22:50:20','2023-06-11 22:50:20','2023-06-11 22:50:20','87ab561b-4207-4232-a567-f4213d8d0735'),(4,'craft','m210724_180756_rename_source_cols','2023-06-11 22:50:20','2023-06-11 22:50:20','2023-06-11 22:50:20','4e4039aa-6822-40ed-8a52-572fffc27963'),(5,'craft','m210809_124211_remove_superfluous_uids','2023-06-11 22:50:20','2023-06-11 22:50:20','2023-06-11 22:50:20','6e811cba-1f8c-409b-b163-b5363341fd97'),(6,'craft','m210817_014201_universal_users','2023-06-11 22:50:20','2023-06-11 22:50:20','2023-06-11 22:50:20','ffe5ca4f-bd6d-48ed-86e6-bc2c9360ee00'),(7,'craft','m210904_132612_store_element_source_settings_in_project_config','2023-06-11 22:50:20','2023-06-11 22:50:20','2023-06-11 22:50:20','37120a12-f1db-49b0-947b-b98ea7e89fc9'),(8,'craft','m211115_135500_image_transformers','2023-06-11 22:50:20','2023-06-11 22:50:20','2023-06-11 22:50:20','b4a774e0-e8b9-41bb-aaff-82b11e7327f8'),(9,'craft','m211201_131000_filesystems','2023-06-11 22:50:20','2023-06-11 22:50:20','2023-06-11 22:50:20','5d15ac19-2550-49da-b22a-59242ddea22d'),(10,'craft','m220103_043103_tab_conditions','2023-06-11 22:50:20','2023-06-11 22:50:20','2023-06-11 22:50:20','2f5f3b7c-06f6-4a2d-8a03-d599cb650eda'),(11,'craft','m220104_003433_asset_alt_text','2023-06-11 22:50:20','2023-06-11 22:50:20','2023-06-11 22:50:20','74937d73-ecc2-4bdc-9c3f-404370ad2686'),(12,'craft','m220123_213619_update_permissions','2023-06-11 22:50:20','2023-06-11 22:50:20','2023-06-11 22:50:20','464546d3-23ea-4082-a27c-fd77fe7175be'),(13,'craft','m220126_003432_addresses','2023-06-11 22:50:20','2023-06-11 22:50:20','2023-06-11 22:50:20','c1377c31-518c-4236-919a-fa23deb969e3'),(14,'craft','m220209_095604_add_indexes','2023-06-11 22:50:20','2023-06-11 22:50:20','2023-06-11 22:50:20','90b23be4-5789-41a4-8885-a18b1710b9d8'),(15,'craft','m220213_015220_matrixblocks_owners_table','2023-06-11 22:50:20','2023-06-11 22:50:20','2023-06-11 22:50:20','6a8e57bd-a265-44b4-b038-dd0cf2d7e464'),(16,'craft','m220214_000000_truncate_sessions','2023-06-11 22:50:20','2023-06-11 22:50:20','2023-06-11 22:50:20','2a6ae5bd-5a7c-463d-8a69-7c3f4ce8041a'),(17,'craft','m220222_122159_full_names','2023-06-11 22:50:20','2023-06-11 22:50:20','2023-06-11 22:50:20','87da3a8e-3cc7-4991-80f1-620e1e258a8b'),(18,'craft','m220223_180559_nullable_address_owner','2023-06-11 22:50:20','2023-06-11 22:50:20','2023-06-11 22:50:20','96da61b2-5d9b-4b9e-92e7-03b4a4c27d30'),(19,'craft','m220225_165000_transform_filesystems','2023-06-11 22:50:20','2023-06-11 22:50:20','2023-06-11 22:50:20','6745d69a-585f-4d82-b606-ea702fdaa214'),(20,'craft','m220309_152006_rename_field_layout_elements','2023-06-11 22:50:20','2023-06-11 22:50:20','2023-06-11 22:50:20','171f1d27-7403-411b-b6e4-f2c3ca8d3d18'),(21,'craft','m220314_211928_field_layout_element_uids','2023-06-11 22:50:20','2023-06-11 22:50:20','2023-06-11 22:50:20','1610e337-6fb1-4b97-86cf-52991547db72'),(22,'craft','m220316_123800_transform_fs_subpath','2023-06-11 22:50:20','2023-06-11 22:50:20','2023-06-11 22:50:20','410725ee-ffe8-43a8-8d16-0583feb104a3'),(23,'craft','m220317_174250_release_all_jobs','2023-06-11 22:50:20','2023-06-11 22:50:20','2023-06-11 22:50:20','022d65fe-1a44-4d75-8cf3-dba3ca178821'),(24,'craft','m220330_150000_add_site_gql_schema_components','2023-06-11 22:50:20','2023-06-11 22:50:20','2023-06-11 22:50:20','c798f803-3bd2-4f55-af98-aefa6cfb1c76'),(25,'craft','m220413_024536_site_enabled_string','2023-06-11 22:50:20','2023-06-11 22:50:20','2023-06-11 22:50:20','914e0178-a88c-4a39-bca0-fe12de266a47'),(26,'craft','m221027_160703_add_image_transform_fill','2023-11-10 04:19:31','2023-11-10 04:19:31','2023-11-10 04:19:31','b7e5dcc1-89fb-4eee-b16a-6c6a0ed24d7f'),(27,'craft','m221028_130548_add_canonical_id_index','2023-11-10 04:19:31','2023-11-10 04:19:31','2023-11-10 04:19:31','f66531f5-401b-46ce-8ed9-4279cb62c18b'),(28,'craft','m221118_003031_drop_element_fks','2023-11-10 04:19:32','2023-11-10 04:19:32','2023-11-10 04:19:32','70925e40-14a7-41c2-8858-585f1cb605ff'),(29,'craft','m230131_120713_asset_indexing_session_new_options','2023-11-10 04:19:32','2023-11-10 04:19:32','2023-11-10 04:19:32','c0362dde-5322-4901-b5d8-10aef405cec9'),(30,'craft','m230226_013114_drop_plugin_license_columns','2023-11-10 04:19:32','2023-11-10 04:19:32','2023-11-10 04:19:32','434600ca-1686-4bce-b272-5c05e9c32e84'),(31,'craft','m230531_123004_add_entry_type_show_status_field','2023-11-10 04:19:32','2023-11-10 04:19:32','2023-11-10 04:19:32','0eab53e3-7b7b-4008-8983-70305847324b'),(32,'craft','m230607_102049_add_entrytype_slug_translation_columns','2023-11-10 04:19:32','2023-11-10 04:19:32','2023-11-10 04:19:32','cd7845eb-321d-464b-83c5-398d374412a9'),(33,'craft','m230710_162700_element_activity','2023-11-10 04:19:32','2023-11-10 04:19:32','2023-11-10 04:19:32','07b42165-4800-4dda-bbe4-d70c3c74df64'),(34,'craft','m230820_162023_fix_cache_id_type','2023-11-10 04:19:33','2023-11-10 04:19:33','2023-11-10 04:19:33','548d23c0-7eb6-4625-a895-f0b05e89d963'),(35,'craft','m230826_094050_fix_session_id_type','2023-11-10 04:19:33','2023-11-10 04:19:33','2023-11-10 04:19:33','92cd7979-6a4e-43c5-ac91-fae88c49e872');
commit;

--
-- Dumping data for table `plugins`
--

set autocommit=0;
INSERT INTO `plugins` VALUES (1,'google-recaptcha','2.3.0','1.0.0','2023-11-10 04:19:39','2023-11-10 04:19:39','2023-11-10 04:19:39','bac3b5eb-086e-4237-b9a4-cb68a96a0baa');
commit;

--
-- Dumping data for table `projectconfig`
--

set autocommit=0;
INSERT INTO `projectconfig` VALUES ('dateModified','1733519670'),('elementSources.craft\\elements\\Entry.0.key','\"*\"'),('elementSources.craft\\elements\\Entry.0.type','\"native\"'),('elementSources.craft\\elements\\Entry.1.heading','\"Pages\"'),('elementSources.craft\\elements\\Entry.1.type','\"heading\"'),('elementSources.craft\\elements\\Entry.2.key','\"singles\"'),('elementSources.craft\\elements\\Entry.2.type','\"native\"'),('elementSources.craft\\elements\\Entry.3.defaultSort.0','\"title\"'),('elementSources.craft\\elements\\Entry.3.defaultSort.1','\"asc\"'),('elementSources.craft\\elements\\Entry.3.disabled','false'),('elementSources.craft\\elements\\Entry.3.key','\"section:d9c26beb-6bee-444c-b33f-13a168793722\"'),('elementSources.craft\\elements\\Entry.3.tableAttributes.0','\"type\"'),('elementSources.craft\\elements\\Entry.3.tableAttributes.1','\"dateUpdated\"'),('elementSources.craft\\elements\\Entry.3.tableAttributes.2','\"uri\"'),('elementSources.craft\\elements\\Entry.3.type','\"native\"'),('elementSources.craft\\elements\\Entry.4.heading','\"Components\"'),('elementSources.craft\\elements\\Entry.4.type','\"heading\"'),('elementSources.craft\\elements\\Entry.5.defaultSort.0','\"postDate\"'),('elementSources.craft\\elements\\Entry.5.defaultSort.1','\"desc\"'),('elementSources.craft\\elements\\Entry.5.disabled','false'),('elementSources.craft\\elements\\Entry.5.key','\"section:da0be12f-51b0-474c-915f-0d17dfa97850\"'),('elementSources.craft\\elements\\Entry.5.tableAttributes.0','\"postDate\"'),('elementSources.craft\\elements\\Entry.5.tableAttributes.1','\"field:57ee90df-01e6-437a-8c5c-38815877f909\"'),('elementSources.craft\\elements\\Entry.5.tableAttributes.2','\"field:962ca735-e2e0-4550-a295-93f517459468\"'),('elementSources.craft\\elements\\Entry.5.type','\"native\"'),('elementSources.craft\\elements\\Entry.6.defaultSort.0','\"title\"'),('elementSources.craft\\elements\\Entry.6.defaultSort.1','\"asc\"'),('elementSources.craft\\elements\\Entry.6.disabled','false'),('elementSources.craft\\elements\\Entry.6.key','\"section:e83e534b-ba3e-41e5-9e73-051db8c4b65b\"'),('elementSources.craft\\elements\\Entry.6.tableAttributes.0','\"type\"'),('elementSources.craft\\elements\\Entry.6.tableAttributes.1','\"postDate\"'),('elementSources.craft\\elements\\Entry.6.type','\"native\"'),('elementSources.craft\\elements\\Entry.7.defaultSort.0','\"postDate\"'),('elementSources.craft\\elements\\Entry.7.defaultSort.1','\"desc\"'),('elementSources.craft\\elements\\Entry.7.disabled','false'),('elementSources.craft\\elements\\Entry.7.key','\"section:825f4bb2-160e-43de-b9e1-179a555f48ec\"'),('elementSources.craft\\elements\\Entry.7.tableAttributes.0','\"postDate\"'),('elementSources.craft\\elements\\Entry.7.tableAttributes.1','\"field:cf9cc357-e972-4534-96a3-16243a7d4e25\"'),('elementSources.craft\\elements\\Entry.7.tableAttributes.2','\"field:e2acdefe-2270-4161-989c-4cacd80454da\"'),('elementSources.craft\\elements\\Entry.7.tableAttributes.3','\"link\"'),('elementSources.craft\\elements\\Entry.7.type','\"native\"'),('elementSources.craft\\elements\\Entry.8.defaultSort.0','\"postDate\"'),('elementSources.craft\\elements\\Entry.8.defaultSort.1','\"desc\"'),('elementSources.craft\\elements\\Entry.8.disabled','false'),('elementSources.craft\\elements\\Entry.8.key','\"section:15fdb8d9-166a-4c6c-b61e-17cbec66abd1\"'),('elementSources.craft\\elements\\Entry.8.tableAttributes.0','\"type\"'),('elementSources.craft\\elements\\Entry.8.tableAttributes.1','\"postDate\"'),('elementSources.craft\\elements\\Entry.8.type','\"native\"'),('email.fromEmail','\"$EMAIL_SYS_ADDRESS\"'),('email.fromName','\"$SENDER_NAME\"'),('email.replyToEmail','\"$REPLY_TO_ADDRESS\"'),('email.template','null'),('email.transportSettings.command','\"/usr/sbin/sendmail -bs\"'),('email.transportType','\"craft\\\\mail\\\\transportadapters\\\\Sendmail\"'),('entryTypes.1ba6b8f5-1f13-4f16-8dd0-f90db9e050f9.fieldLayouts.a17f307f-c301-4429-8b56-b7558f30ea0c.tabs.0.elementCondition','null'),('entryTypes.1ba6b8f5-1f13-4f16-8dd0-f90db9e050f9.fieldLayouts.a17f307f-c301-4429-8b56-b7558f30ea0c.tabs.0.elements.0.autocapitalize','true'),('entryTypes.1ba6b8f5-1f13-4f16-8dd0-f90db9e050f9.fieldLayouts.a17f307f-c301-4429-8b56-b7558f30ea0c.tabs.0.elements.0.autocomplete','false'),('entryTypes.1ba6b8f5-1f13-4f16-8dd0-f90db9e050f9.fieldLayouts.a17f307f-c301-4429-8b56-b7558f30ea0c.tabs.0.elements.0.autocorrect','true'),('entryTypes.1ba6b8f5-1f13-4f16-8dd0-f90db9e050f9.fieldLayouts.a17f307f-c301-4429-8b56-b7558f30ea0c.tabs.0.elements.0.class','null'),('entryTypes.1ba6b8f5-1f13-4f16-8dd0-f90db9e050f9.fieldLayouts.a17f307f-c301-4429-8b56-b7558f30ea0c.tabs.0.elements.0.disabled','false'),('entryTypes.1ba6b8f5-1f13-4f16-8dd0-f90db9e050f9.fieldLayouts.a17f307f-c301-4429-8b56-b7558f30ea0c.tabs.0.elements.0.elementCondition','null'),('entryTypes.1ba6b8f5-1f13-4f16-8dd0-f90db9e050f9.fieldLayouts.a17f307f-c301-4429-8b56-b7558f30ea0c.tabs.0.elements.0.id','null'),('entryTypes.1ba6b8f5-1f13-4f16-8dd0-f90db9e050f9.fieldLayouts.a17f307f-c301-4429-8b56-b7558f30ea0c.tabs.0.elements.0.inputType','null'),('entryTypes.1ba6b8f5-1f13-4f16-8dd0-f90db9e050f9.fieldLayouts.a17f307f-c301-4429-8b56-b7558f30ea0c.tabs.0.elements.0.instructions','null'),('entryTypes.1ba6b8f5-1f13-4f16-8dd0-f90db9e050f9.fieldLayouts.a17f307f-c301-4429-8b56-b7558f30ea0c.tabs.0.elements.0.label','null'),('entryTypes.1ba6b8f5-1f13-4f16-8dd0-f90db9e050f9.fieldLayouts.a17f307f-c301-4429-8b56-b7558f30ea0c.tabs.0.elements.0.max','null'),('entryTypes.1ba6b8f5-1f13-4f16-8dd0-f90db9e050f9.fieldLayouts.a17f307f-c301-4429-8b56-b7558f30ea0c.tabs.0.elements.0.min','null'),('entryTypes.1ba6b8f5-1f13-4f16-8dd0-f90db9e050f9.fieldLayouts.a17f307f-c301-4429-8b56-b7558f30ea0c.tabs.0.elements.0.name','null'),('entryTypes.1ba6b8f5-1f13-4f16-8dd0-f90db9e050f9.fieldLayouts.a17f307f-c301-4429-8b56-b7558f30ea0c.tabs.0.elements.0.orientation','null'),('entryTypes.1ba6b8f5-1f13-4f16-8dd0-f90db9e050f9.fieldLayouts.a17f307f-c301-4429-8b56-b7558f30ea0c.tabs.0.elements.0.placeholder','null'),('entryTypes.1ba6b8f5-1f13-4f16-8dd0-f90db9e050f9.fieldLayouts.a17f307f-c301-4429-8b56-b7558f30ea0c.tabs.0.elements.0.readonly','false'),('entryTypes.1ba6b8f5-1f13-4f16-8dd0-f90db9e050f9.fieldLayouts.a17f307f-c301-4429-8b56-b7558f30ea0c.tabs.0.elements.0.requirable','false'),('entryTypes.1ba6b8f5-1f13-4f16-8dd0-f90db9e050f9.fieldLayouts.a17f307f-c301-4429-8b56-b7558f30ea0c.tabs.0.elements.0.size','null'),('entryTypes.1ba6b8f5-1f13-4f16-8dd0-f90db9e050f9.fieldLayouts.a17f307f-c301-4429-8b56-b7558f30ea0c.tabs.0.elements.0.step','null'),('entryTypes.1ba6b8f5-1f13-4f16-8dd0-f90db9e050f9.fieldLayouts.a17f307f-c301-4429-8b56-b7558f30ea0c.tabs.0.elements.0.tip','null'),('entryTypes.1ba6b8f5-1f13-4f16-8dd0-f90db9e050f9.fieldLayouts.a17f307f-c301-4429-8b56-b7558f30ea0c.tabs.0.elements.0.title','null'),('entryTypes.1ba6b8f5-1f13-4f16-8dd0-f90db9e050f9.fieldLayouts.a17f307f-c301-4429-8b56-b7558f30ea0c.tabs.0.elements.0.type','\"craft\\\\fieldlayoutelements\\\\entries\\\\EntryTitleField\"'),('entryTypes.1ba6b8f5-1f13-4f16-8dd0-f90db9e050f9.fieldLayouts.a17f307f-c301-4429-8b56-b7558f30ea0c.tabs.0.elements.0.uid','\"d3f55934-f5cf-488b-b225-68d224808a22\"'),('entryTypes.1ba6b8f5-1f13-4f16-8dd0-f90db9e050f9.fieldLayouts.a17f307f-c301-4429-8b56-b7558f30ea0c.tabs.0.elements.0.userCondition','null'),('entryTypes.1ba6b8f5-1f13-4f16-8dd0-f90db9e050f9.fieldLayouts.a17f307f-c301-4429-8b56-b7558f30ea0c.tabs.0.elements.0.warning','null'),('entryTypes.1ba6b8f5-1f13-4f16-8dd0-f90db9e050f9.fieldLayouts.a17f307f-c301-4429-8b56-b7558f30ea0c.tabs.0.elements.0.width','100'),('entryTypes.1ba6b8f5-1f13-4f16-8dd0-f90db9e050f9.fieldLayouts.a17f307f-c301-4429-8b56-b7558f30ea0c.tabs.0.elements.1.elementCondition','null'),('entryTypes.1ba6b8f5-1f13-4f16-8dd0-f90db9e050f9.fieldLayouts.a17f307f-c301-4429-8b56-b7558f30ea0c.tabs.0.elements.1.fieldUid','\"e8fbb0cf-f013-47b2-8a71-e0aac50e9a06\"'),('entryTypes.1ba6b8f5-1f13-4f16-8dd0-f90db9e050f9.fieldLayouts.a17f307f-c301-4429-8b56-b7558f30ea0c.tabs.0.elements.1.instructions','null'),('entryTypes.1ba6b8f5-1f13-4f16-8dd0-f90db9e050f9.fieldLayouts.a17f307f-c301-4429-8b56-b7558f30ea0c.tabs.0.elements.1.label','null'),('entryTypes.1ba6b8f5-1f13-4f16-8dd0-f90db9e050f9.fieldLayouts.a17f307f-c301-4429-8b56-b7558f30ea0c.tabs.0.elements.1.required','false'),('entryTypes.1ba6b8f5-1f13-4f16-8dd0-f90db9e050f9.fieldLayouts.a17f307f-c301-4429-8b56-b7558f30ea0c.tabs.0.elements.1.tip','null'),('entryTypes.1ba6b8f5-1f13-4f16-8dd0-f90db9e050f9.fieldLayouts.a17f307f-c301-4429-8b56-b7558f30ea0c.tabs.0.elements.1.type','\"craft\\\\fieldlayoutelements\\\\CustomField\"'),('entryTypes.1ba6b8f5-1f13-4f16-8dd0-f90db9e050f9.fieldLayouts.a17f307f-c301-4429-8b56-b7558f30ea0c.tabs.0.elements.1.uid','\"8a8f6a4e-e44f-4f75-ba6c-93934f05d583\"'),('entryTypes.1ba6b8f5-1f13-4f16-8dd0-f90db9e050f9.fieldLayouts.a17f307f-c301-4429-8b56-b7558f30ea0c.tabs.0.elements.1.userCondition','null'),('entryTypes.1ba6b8f5-1f13-4f16-8dd0-f90db9e050f9.fieldLayouts.a17f307f-c301-4429-8b56-b7558f30ea0c.tabs.0.elements.1.warning','null'),('entryTypes.1ba6b8f5-1f13-4f16-8dd0-f90db9e050f9.fieldLayouts.a17f307f-c301-4429-8b56-b7558f30ea0c.tabs.0.elements.1.width','100'),('entryTypes.1ba6b8f5-1f13-4f16-8dd0-f90db9e050f9.fieldLayouts.a17f307f-c301-4429-8b56-b7558f30ea0c.tabs.0.name','\"Bandcamp Embed\"'),('entryTypes.1ba6b8f5-1f13-4f16-8dd0-f90db9e050f9.fieldLayouts.a17f307f-c301-4429-8b56-b7558f30ea0c.tabs.0.uid','\"358b2e5f-a79a-4b07-8eeb-00b203dc8e18\"'),('entryTypes.1ba6b8f5-1f13-4f16-8dd0-f90db9e050f9.fieldLayouts.a17f307f-c301-4429-8b56-b7558f30ea0c.tabs.0.userCondition','null'),('entryTypes.1ba6b8f5-1f13-4f16-8dd0-f90db9e050f9.handle','\"bandcampEmbed\"'),('entryTypes.1ba6b8f5-1f13-4f16-8dd0-f90db9e050f9.hasTitleField','true'),('entryTypes.1ba6b8f5-1f13-4f16-8dd0-f90db9e050f9.name','\"Bandcamp Embed\"'),('entryTypes.1ba6b8f5-1f13-4f16-8dd0-f90db9e050f9.section','\"e83e534b-ba3e-41e5-9e73-051db8c4b65b\"'),('entryTypes.1ba6b8f5-1f13-4f16-8dd0-f90db9e050f9.showStatusField','true'),('entryTypes.1ba6b8f5-1f13-4f16-8dd0-f90db9e050f9.slugTranslationKeyFormat','null'),('entryTypes.1ba6b8f5-1f13-4f16-8dd0-f90db9e050f9.slugTranslationMethod','\"site\"'),('entryTypes.1ba6b8f5-1f13-4f16-8dd0-f90db9e050f9.sortOrder','2'),('entryTypes.1ba6b8f5-1f13-4f16-8dd0-f90db9e050f9.titleFormat','null'),('entryTypes.1ba6b8f5-1f13-4f16-8dd0-f90db9e050f9.titleTranslationKeyFormat','null'),('entryTypes.1ba6b8f5-1f13-4f16-8dd0-f90db9e050f9.titleTranslationMethod','\"site\"'),('entryTypes.3879dbdd-7514-41f1-b0f8-cb825ab28546.fieldLayouts.c1f4dd43-494c-4ed0-a33e-4dd588a90f0d.tabs.0.elementCondition','null'),('entryTypes.3879dbdd-7514-41f1-b0f8-cb825ab28546.fieldLayouts.c1f4dd43-494c-4ed0-a33e-4dd588a90f0d.tabs.0.elements.0.autocapitalize','true'),('entryTypes.3879dbdd-7514-41f1-b0f8-cb825ab28546.fieldLayouts.c1f4dd43-494c-4ed0-a33e-4dd588a90f0d.tabs.0.elements.0.autocomplete','false'),('entryTypes.3879dbdd-7514-41f1-b0f8-cb825ab28546.fieldLayouts.c1f4dd43-494c-4ed0-a33e-4dd588a90f0d.tabs.0.elements.0.autocorrect','true'),('entryTypes.3879dbdd-7514-41f1-b0f8-cb825ab28546.fieldLayouts.c1f4dd43-494c-4ed0-a33e-4dd588a90f0d.tabs.0.elements.0.class','null'),('entryTypes.3879dbdd-7514-41f1-b0f8-cb825ab28546.fieldLayouts.c1f4dd43-494c-4ed0-a33e-4dd588a90f0d.tabs.0.elements.0.disabled','false'),('entryTypes.3879dbdd-7514-41f1-b0f8-cb825ab28546.fieldLayouts.c1f4dd43-494c-4ed0-a33e-4dd588a90f0d.tabs.0.elements.0.elementCondition','null'),('entryTypes.3879dbdd-7514-41f1-b0f8-cb825ab28546.fieldLayouts.c1f4dd43-494c-4ed0-a33e-4dd588a90f0d.tabs.0.elements.0.id','null'),('entryTypes.3879dbdd-7514-41f1-b0f8-cb825ab28546.fieldLayouts.c1f4dd43-494c-4ed0-a33e-4dd588a90f0d.tabs.0.elements.0.inputType','null'),('entryTypes.3879dbdd-7514-41f1-b0f8-cb825ab28546.fieldLayouts.c1f4dd43-494c-4ed0-a33e-4dd588a90f0d.tabs.0.elements.0.instructions','null'),('entryTypes.3879dbdd-7514-41f1-b0f8-cb825ab28546.fieldLayouts.c1f4dd43-494c-4ed0-a33e-4dd588a90f0d.tabs.0.elements.0.label','null'),('entryTypes.3879dbdd-7514-41f1-b0f8-cb825ab28546.fieldLayouts.c1f4dd43-494c-4ed0-a33e-4dd588a90f0d.tabs.0.elements.0.max','null'),('entryTypes.3879dbdd-7514-41f1-b0f8-cb825ab28546.fieldLayouts.c1f4dd43-494c-4ed0-a33e-4dd588a90f0d.tabs.0.elements.0.min','null'),('entryTypes.3879dbdd-7514-41f1-b0f8-cb825ab28546.fieldLayouts.c1f4dd43-494c-4ed0-a33e-4dd588a90f0d.tabs.0.elements.0.name','null'),('entryTypes.3879dbdd-7514-41f1-b0f8-cb825ab28546.fieldLayouts.c1f4dd43-494c-4ed0-a33e-4dd588a90f0d.tabs.0.elements.0.orientation','null'),('entryTypes.3879dbdd-7514-41f1-b0f8-cb825ab28546.fieldLayouts.c1f4dd43-494c-4ed0-a33e-4dd588a90f0d.tabs.0.elements.0.placeholder','null'),('entryTypes.3879dbdd-7514-41f1-b0f8-cb825ab28546.fieldLayouts.c1f4dd43-494c-4ed0-a33e-4dd588a90f0d.tabs.0.elements.0.readonly','false'),('entryTypes.3879dbdd-7514-41f1-b0f8-cb825ab28546.fieldLayouts.c1f4dd43-494c-4ed0-a33e-4dd588a90f0d.tabs.0.elements.0.requirable','false'),('entryTypes.3879dbdd-7514-41f1-b0f8-cb825ab28546.fieldLayouts.c1f4dd43-494c-4ed0-a33e-4dd588a90f0d.tabs.0.elements.0.size','null'),('entryTypes.3879dbdd-7514-41f1-b0f8-cb825ab28546.fieldLayouts.c1f4dd43-494c-4ed0-a33e-4dd588a90f0d.tabs.0.elements.0.step','null'),('entryTypes.3879dbdd-7514-41f1-b0f8-cb825ab28546.fieldLayouts.c1f4dd43-494c-4ed0-a33e-4dd588a90f0d.tabs.0.elements.0.tip','null'),('entryTypes.3879dbdd-7514-41f1-b0f8-cb825ab28546.fieldLayouts.c1f4dd43-494c-4ed0-a33e-4dd588a90f0d.tabs.0.elements.0.title','null'),('entryTypes.3879dbdd-7514-41f1-b0f8-cb825ab28546.fieldLayouts.c1f4dd43-494c-4ed0-a33e-4dd588a90f0d.tabs.0.elements.0.type','\"craft\\\\fieldlayoutelements\\\\entries\\\\EntryTitleField\"'),('entryTypes.3879dbdd-7514-41f1-b0f8-cb825ab28546.fieldLayouts.c1f4dd43-494c-4ed0-a33e-4dd588a90f0d.tabs.0.elements.0.uid','\"6fc70047-bb74-4133-9e67-2e87291af2a2\"'),('entryTypes.3879dbdd-7514-41f1-b0f8-cb825ab28546.fieldLayouts.c1f4dd43-494c-4ed0-a33e-4dd588a90f0d.tabs.0.elements.0.userCondition','null'),('entryTypes.3879dbdd-7514-41f1-b0f8-cb825ab28546.fieldLayouts.c1f4dd43-494c-4ed0-a33e-4dd588a90f0d.tabs.0.elements.0.warning','null'),('entryTypes.3879dbdd-7514-41f1-b0f8-cb825ab28546.fieldLayouts.c1f4dd43-494c-4ed0-a33e-4dd588a90f0d.tabs.0.elements.0.width','100'),('entryTypes.3879dbdd-7514-41f1-b0f8-cb825ab28546.fieldLayouts.c1f4dd43-494c-4ed0-a33e-4dd588a90f0d.tabs.0.elements.1.elementCondition','null'),('entryTypes.3879dbdd-7514-41f1-b0f8-cb825ab28546.fieldLayouts.c1f4dd43-494c-4ed0-a33e-4dd588a90f0d.tabs.0.elements.1.fieldUid','\"21bf5ac9-a185-4970-b6dc-e66c96ef0807\"'),('entryTypes.3879dbdd-7514-41f1-b0f8-cb825ab28546.fieldLayouts.c1f4dd43-494c-4ed0-a33e-4dd588a90f0d.tabs.0.elements.1.instructions','null'),('entryTypes.3879dbdd-7514-41f1-b0f8-cb825ab28546.fieldLayouts.c1f4dd43-494c-4ed0-a33e-4dd588a90f0d.tabs.0.elements.1.label','null'),('entryTypes.3879dbdd-7514-41f1-b0f8-cb825ab28546.fieldLayouts.c1f4dd43-494c-4ed0-a33e-4dd588a90f0d.tabs.0.elements.1.required','false'),('entryTypes.3879dbdd-7514-41f1-b0f8-cb825ab28546.fieldLayouts.c1f4dd43-494c-4ed0-a33e-4dd588a90f0d.tabs.0.elements.1.tip','null'),('entryTypes.3879dbdd-7514-41f1-b0f8-cb825ab28546.fieldLayouts.c1f4dd43-494c-4ed0-a33e-4dd588a90f0d.tabs.0.elements.1.type','\"craft\\\\fieldlayoutelements\\\\CustomField\"'),('entryTypes.3879dbdd-7514-41f1-b0f8-cb825ab28546.fieldLayouts.c1f4dd43-494c-4ed0-a33e-4dd588a90f0d.tabs.0.elements.1.uid','\"fe57c07c-1d69-43c3-8baf-c2260e45ac3e\"'),('entryTypes.3879dbdd-7514-41f1-b0f8-cb825ab28546.fieldLayouts.c1f4dd43-494c-4ed0-a33e-4dd588a90f0d.tabs.0.elements.1.userCondition','null'),('entryTypes.3879dbdd-7514-41f1-b0f8-cb825ab28546.fieldLayouts.c1f4dd43-494c-4ed0-a33e-4dd588a90f0d.tabs.0.elements.1.warning','null'),('entryTypes.3879dbdd-7514-41f1-b0f8-cb825ab28546.fieldLayouts.c1f4dd43-494c-4ed0-a33e-4dd588a90f0d.tabs.0.elements.1.width','100'),('entryTypes.3879dbdd-7514-41f1-b0f8-cb825ab28546.fieldLayouts.c1f4dd43-494c-4ed0-a33e-4dd588a90f0d.tabs.0.name','\"YouTube Video\"'),('entryTypes.3879dbdd-7514-41f1-b0f8-cb825ab28546.fieldLayouts.c1f4dd43-494c-4ed0-a33e-4dd588a90f0d.tabs.0.uid','\"722bb48c-811c-419a-9a90-a20cf0e98a2c\"'),('entryTypes.3879dbdd-7514-41f1-b0f8-cb825ab28546.fieldLayouts.c1f4dd43-494c-4ed0-a33e-4dd588a90f0d.tabs.0.userCondition','null'),('entryTypes.3879dbdd-7514-41f1-b0f8-cb825ab28546.handle','\"youtubeVideo\"'),('entryTypes.3879dbdd-7514-41f1-b0f8-cb825ab28546.hasTitleField','true'),('entryTypes.3879dbdd-7514-41f1-b0f8-cb825ab28546.name','\"YouTube Video\"'),('entryTypes.3879dbdd-7514-41f1-b0f8-cb825ab28546.section','\"15fdb8d9-166a-4c6c-b61e-17cbec66abd1\"'),('entryTypes.3879dbdd-7514-41f1-b0f8-cb825ab28546.showStatusField','true'),('entryTypes.3879dbdd-7514-41f1-b0f8-cb825ab28546.slugTranslationKeyFormat','null'),('entryTypes.3879dbdd-7514-41f1-b0f8-cb825ab28546.slugTranslationMethod','\"site\"'),('entryTypes.3879dbdd-7514-41f1-b0f8-cb825ab28546.sortOrder','1'),('entryTypes.3879dbdd-7514-41f1-b0f8-cb825ab28546.titleFormat','null'),('entryTypes.3879dbdd-7514-41f1-b0f8-cb825ab28546.titleTranslationKeyFormat','null'),('entryTypes.3879dbdd-7514-41f1-b0f8-cb825ab28546.titleTranslationMethod','\"site\"'),('entryTypes.44f5fc6a-9bb6-457e-99fd-d88a30b802f0.fieldLayouts.e4347c61-d895-4989-b23b-7902e307d7da.tabs.0.elementCondition','null'),('entryTypes.44f5fc6a-9bb6-457e-99fd-d88a30b802f0.fieldLayouts.e4347c61-d895-4989-b23b-7902e307d7da.tabs.0.elements.0.autocapitalize','true'),('entryTypes.44f5fc6a-9bb6-457e-99fd-d88a30b802f0.fieldLayouts.e4347c61-d895-4989-b23b-7902e307d7da.tabs.0.elements.0.autocomplete','false'),('entryTypes.44f5fc6a-9bb6-457e-99fd-d88a30b802f0.fieldLayouts.e4347c61-d895-4989-b23b-7902e307d7da.tabs.0.elements.0.autocorrect','true'),('entryTypes.44f5fc6a-9bb6-457e-99fd-d88a30b802f0.fieldLayouts.e4347c61-d895-4989-b23b-7902e307d7da.tabs.0.elements.0.class','null'),('entryTypes.44f5fc6a-9bb6-457e-99fd-d88a30b802f0.fieldLayouts.e4347c61-d895-4989-b23b-7902e307d7da.tabs.0.elements.0.disabled','false'),('entryTypes.44f5fc6a-9bb6-457e-99fd-d88a30b802f0.fieldLayouts.e4347c61-d895-4989-b23b-7902e307d7da.tabs.0.elements.0.elementCondition','null'),('entryTypes.44f5fc6a-9bb6-457e-99fd-d88a30b802f0.fieldLayouts.e4347c61-d895-4989-b23b-7902e307d7da.tabs.0.elements.0.id','null'),('entryTypes.44f5fc6a-9bb6-457e-99fd-d88a30b802f0.fieldLayouts.e4347c61-d895-4989-b23b-7902e307d7da.tabs.0.elements.0.inputType','null'),('entryTypes.44f5fc6a-9bb6-457e-99fd-d88a30b802f0.fieldLayouts.e4347c61-d895-4989-b23b-7902e307d7da.tabs.0.elements.0.instructions','null'),('entryTypes.44f5fc6a-9bb6-457e-99fd-d88a30b802f0.fieldLayouts.e4347c61-d895-4989-b23b-7902e307d7da.tabs.0.elements.0.label','null'),('entryTypes.44f5fc6a-9bb6-457e-99fd-d88a30b802f0.fieldLayouts.e4347c61-d895-4989-b23b-7902e307d7da.tabs.0.elements.0.max','null'),('entryTypes.44f5fc6a-9bb6-457e-99fd-d88a30b802f0.fieldLayouts.e4347c61-d895-4989-b23b-7902e307d7da.tabs.0.elements.0.min','null'),('entryTypes.44f5fc6a-9bb6-457e-99fd-d88a30b802f0.fieldLayouts.e4347c61-d895-4989-b23b-7902e307d7da.tabs.0.elements.0.name','null'),('entryTypes.44f5fc6a-9bb6-457e-99fd-d88a30b802f0.fieldLayouts.e4347c61-d895-4989-b23b-7902e307d7da.tabs.0.elements.0.orientation','null'),('entryTypes.44f5fc6a-9bb6-457e-99fd-d88a30b802f0.fieldLayouts.e4347c61-d895-4989-b23b-7902e307d7da.tabs.0.elements.0.placeholder','null'),('entryTypes.44f5fc6a-9bb6-457e-99fd-d88a30b802f0.fieldLayouts.e4347c61-d895-4989-b23b-7902e307d7da.tabs.0.elements.0.readonly','false'),('entryTypes.44f5fc6a-9bb6-457e-99fd-d88a30b802f0.fieldLayouts.e4347c61-d895-4989-b23b-7902e307d7da.tabs.0.elements.0.requirable','false'),('entryTypes.44f5fc6a-9bb6-457e-99fd-d88a30b802f0.fieldLayouts.e4347c61-d895-4989-b23b-7902e307d7da.tabs.0.elements.0.size','null'),('entryTypes.44f5fc6a-9bb6-457e-99fd-d88a30b802f0.fieldLayouts.e4347c61-d895-4989-b23b-7902e307d7da.tabs.0.elements.0.step','null'),('entryTypes.44f5fc6a-9bb6-457e-99fd-d88a30b802f0.fieldLayouts.e4347c61-d895-4989-b23b-7902e307d7da.tabs.0.elements.0.tip','null'),('entryTypes.44f5fc6a-9bb6-457e-99fd-d88a30b802f0.fieldLayouts.e4347c61-d895-4989-b23b-7902e307d7da.tabs.0.elements.0.title','null'),('entryTypes.44f5fc6a-9bb6-457e-99fd-d88a30b802f0.fieldLayouts.e4347c61-d895-4989-b23b-7902e307d7da.tabs.0.elements.0.type','\"craft\\\\fieldlayoutelements\\\\entries\\\\EntryTitleField\"'),('entryTypes.44f5fc6a-9bb6-457e-99fd-d88a30b802f0.fieldLayouts.e4347c61-d895-4989-b23b-7902e307d7da.tabs.0.elements.0.uid','\"47116a2f-d30d-40a7-a63e-23502354a68d\"'),('entryTypes.44f5fc6a-9bb6-457e-99fd-d88a30b802f0.fieldLayouts.e4347c61-d895-4989-b23b-7902e307d7da.tabs.0.elements.0.userCondition','null'),('entryTypes.44f5fc6a-9bb6-457e-99fd-d88a30b802f0.fieldLayouts.e4347c61-d895-4989-b23b-7902e307d7da.tabs.0.elements.0.warning','null'),('entryTypes.44f5fc6a-9bb6-457e-99fd-d88a30b802f0.fieldLayouts.e4347c61-d895-4989-b23b-7902e307d7da.tabs.0.elements.0.width','100'),('entryTypes.44f5fc6a-9bb6-457e-99fd-d88a30b802f0.fieldLayouts.e4347c61-d895-4989-b23b-7902e307d7da.tabs.0.elements.1.elementCondition','null'),('entryTypes.44f5fc6a-9bb6-457e-99fd-d88a30b802f0.fieldLayouts.e4347c61-d895-4989-b23b-7902e307d7da.tabs.0.elements.1.fieldUid','\"be2a1882-9121-4306-87b1-450de9d53256\"'),('entryTypes.44f5fc6a-9bb6-457e-99fd-d88a30b802f0.fieldLayouts.e4347c61-d895-4989-b23b-7902e307d7da.tabs.0.elements.1.instructions','null'),('entryTypes.44f5fc6a-9bb6-457e-99fd-d88a30b802f0.fieldLayouts.e4347c61-d895-4989-b23b-7902e307d7da.tabs.0.elements.1.label','null'),('entryTypes.44f5fc6a-9bb6-457e-99fd-d88a30b802f0.fieldLayouts.e4347c61-d895-4989-b23b-7902e307d7da.tabs.0.elements.1.required','false'),('entryTypes.44f5fc6a-9bb6-457e-99fd-d88a30b802f0.fieldLayouts.e4347c61-d895-4989-b23b-7902e307d7da.tabs.0.elements.1.tip','null'),('entryTypes.44f5fc6a-9bb6-457e-99fd-d88a30b802f0.fieldLayouts.e4347c61-d895-4989-b23b-7902e307d7da.tabs.0.elements.1.type','\"craft\\\\fieldlayoutelements\\\\CustomField\"'),('entryTypes.44f5fc6a-9bb6-457e-99fd-d88a30b802f0.fieldLayouts.e4347c61-d895-4989-b23b-7902e307d7da.tabs.0.elements.1.uid','\"036d6841-6bb9-487d-a01b-c28cb4d2937b\"'),('entryTypes.44f5fc6a-9bb6-457e-99fd-d88a30b802f0.fieldLayouts.e4347c61-d895-4989-b23b-7902e307d7da.tabs.0.elements.1.userCondition','null'),('entryTypes.44f5fc6a-9bb6-457e-99fd-d88a30b802f0.fieldLayouts.e4347c61-d895-4989-b23b-7902e307d7da.tabs.0.elements.1.warning','null'),('entryTypes.44f5fc6a-9bb6-457e-99fd-d88a30b802f0.fieldLayouts.e4347c61-d895-4989-b23b-7902e307d7da.tabs.0.elements.1.width','100'),('entryTypes.44f5fc6a-9bb6-457e-99fd-d88a30b802f0.fieldLayouts.e4347c61-d895-4989-b23b-7902e307d7da.tabs.0.name','\"SoundCloud Embed\"'),('entryTypes.44f5fc6a-9bb6-457e-99fd-d88a30b802f0.fieldLayouts.e4347c61-d895-4989-b23b-7902e307d7da.tabs.0.uid','\"20decf46-25c4-45dc-87cc-dd00b5b911b9\"'),('entryTypes.44f5fc6a-9bb6-457e-99fd-d88a30b802f0.fieldLayouts.e4347c61-d895-4989-b23b-7902e307d7da.tabs.0.userCondition','null'),('entryTypes.44f5fc6a-9bb6-457e-99fd-d88a30b802f0.handle','\"soundcloudEmbed\"'),('entryTypes.44f5fc6a-9bb6-457e-99fd-d88a30b802f0.hasTitleField','true'),('entryTypes.44f5fc6a-9bb6-457e-99fd-d88a30b802f0.name','\"SoundCloud Embed\"'),('entryTypes.44f5fc6a-9bb6-457e-99fd-d88a30b802f0.section','\"e83e534b-ba3e-41e5-9e73-051db8c4b65b\"'),('entryTypes.44f5fc6a-9bb6-457e-99fd-d88a30b802f0.showStatusField','true'),('entryTypes.44f5fc6a-9bb6-457e-99fd-d88a30b802f0.slugTranslationKeyFormat','null'),('entryTypes.44f5fc6a-9bb6-457e-99fd-d88a30b802f0.slugTranslationMethod','\"site\"'),('entryTypes.44f5fc6a-9bb6-457e-99fd-d88a30b802f0.sortOrder','1'),('entryTypes.44f5fc6a-9bb6-457e-99fd-d88a30b802f0.titleFormat','null'),('entryTypes.44f5fc6a-9bb6-457e-99fd-d88a30b802f0.titleTranslationKeyFormat','null'),('entryTypes.44f5fc6a-9bb6-457e-99fd-d88a30b802f0.titleTranslationMethod','\"site\"'),('entryTypes.4b6a6661-54b1-49e2-a03d-867751ea75b9.fieldLayouts.a7baad5b-c005-4637-86a2-c2c0b003e82f.tabs.0.elementCondition','null'),('entryTypes.4b6a6661-54b1-49e2-a03d-867751ea75b9.fieldLayouts.a7baad5b-c005-4637-86a2-c2c0b003e82f.tabs.0.elements.0.autocapitalize','true'),('entryTypes.4b6a6661-54b1-49e2-a03d-867751ea75b9.fieldLayouts.a7baad5b-c005-4637-86a2-c2c0b003e82f.tabs.0.elements.0.autocomplete','false'),('entryTypes.4b6a6661-54b1-49e2-a03d-867751ea75b9.fieldLayouts.a7baad5b-c005-4637-86a2-c2c0b003e82f.tabs.0.elements.0.autocorrect','true'),('entryTypes.4b6a6661-54b1-49e2-a03d-867751ea75b9.fieldLayouts.a7baad5b-c005-4637-86a2-c2c0b003e82f.tabs.0.elements.0.class','null'),('entryTypes.4b6a6661-54b1-49e2-a03d-867751ea75b9.fieldLayouts.a7baad5b-c005-4637-86a2-c2c0b003e82f.tabs.0.elements.0.disabled','false'),('entryTypes.4b6a6661-54b1-49e2-a03d-867751ea75b9.fieldLayouts.a7baad5b-c005-4637-86a2-c2c0b003e82f.tabs.0.elements.0.elementCondition','null'),('entryTypes.4b6a6661-54b1-49e2-a03d-867751ea75b9.fieldLayouts.a7baad5b-c005-4637-86a2-c2c0b003e82f.tabs.0.elements.0.id','null'),('entryTypes.4b6a6661-54b1-49e2-a03d-867751ea75b9.fieldLayouts.a7baad5b-c005-4637-86a2-c2c0b003e82f.tabs.0.elements.0.inputType','null'),('entryTypes.4b6a6661-54b1-49e2-a03d-867751ea75b9.fieldLayouts.a7baad5b-c005-4637-86a2-c2c0b003e82f.tabs.0.elements.0.instructions','null'),('entryTypes.4b6a6661-54b1-49e2-a03d-867751ea75b9.fieldLayouts.a7baad5b-c005-4637-86a2-c2c0b003e82f.tabs.0.elements.0.label','null'),('entryTypes.4b6a6661-54b1-49e2-a03d-867751ea75b9.fieldLayouts.a7baad5b-c005-4637-86a2-c2c0b003e82f.tabs.0.elements.0.max','null'),('entryTypes.4b6a6661-54b1-49e2-a03d-867751ea75b9.fieldLayouts.a7baad5b-c005-4637-86a2-c2c0b003e82f.tabs.0.elements.0.min','null'),('entryTypes.4b6a6661-54b1-49e2-a03d-867751ea75b9.fieldLayouts.a7baad5b-c005-4637-86a2-c2c0b003e82f.tabs.0.elements.0.name','null'),('entryTypes.4b6a6661-54b1-49e2-a03d-867751ea75b9.fieldLayouts.a7baad5b-c005-4637-86a2-c2c0b003e82f.tabs.0.elements.0.orientation','null'),('entryTypes.4b6a6661-54b1-49e2-a03d-867751ea75b9.fieldLayouts.a7baad5b-c005-4637-86a2-c2c0b003e82f.tabs.0.elements.0.placeholder','null'),('entryTypes.4b6a6661-54b1-49e2-a03d-867751ea75b9.fieldLayouts.a7baad5b-c005-4637-86a2-c2c0b003e82f.tabs.0.elements.0.readonly','false'),('entryTypes.4b6a6661-54b1-49e2-a03d-867751ea75b9.fieldLayouts.a7baad5b-c005-4637-86a2-c2c0b003e82f.tabs.0.elements.0.requirable','false'),('entryTypes.4b6a6661-54b1-49e2-a03d-867751ea75b9.fieldLayouts.a7baad5b-c005-4637-86a2-c2c0b003e82f.tabs.0.elements.0.size','null'),('entryTypes.4b6a6661-54b1-49e2-a03d-867751ea75b9.fieldLayouts.a7baad5b-c005-4637-86a2-c2c0b003e82f.tabs.0.elements.0.step','null'),('entryTypes.4b6a6661-54b1-49e2-a03d-867751ea75b9.fieldLayouts.a7baad5b-c005-4637-86a2-c2c0b003e82f.tabs.0.elements.0.tip','null'),('entryTypes.4b6a6661-54b1-49e2-a03d-867751ea75b9.fieldLayouts.a7baad5b-c005-4637-86a2-c2c0b003e82f.tabs.0.elements.0.title','null'),('entryTypes.4b6a6661-54b1-49e2-a03d-867751ea75b9.fieldLayouts.a7baad5b-c005-4637-86a2-c2c0b003e82f.tabs.0.elements.0.type','\"craft\\\\fieldlayoutelements\\\\entries\\\\EntryTitleField\"'),('entryTypes.4b6a6661-54b1-49e2-a03d-867751ea75b9.fieldLayouts.a7baad5b-c005-4637-86a2-c2c0b003e82f.tabs.0.elements.0.uid','\"2202f7d9-ad9f-4611-b478-63330f7d4cc3\"'),('entryTypes.4b6a6661-54b1-49e2-a03d-867751ea75b9.fieldLayouts.a7baad5b-c005-4637-86a2-c2c0b003e82f.tabs.0.elements.0.userCondition','null'),('entryTypes.4b6a6661-54b1-49e2-a03d-867751ea75b9.fieldLayouts.a7baad5b-c005-4637-86a2-c2c0b003e82f.tabs.0.elements.0.warning','null'),('entryTypes.4b6a6661-54b1-49e2-a03d-867751ea75b9.fieldLayouts.a7baad5b-c005-4637-86a2-c2c0b003e82f.tabs.0.elements.0.width','100'),('entryTypes.4b6a6661-54b1-49e2-a03d-867751ea75b9.fieldLayouts.a7baad5b-c005-4637-86a2-c2c0b003e82f.tabs.0.elements.1.elementCondition','null'),('entryTypes.4b6a6661-54b1-49e2-a03d-867751ea75b9.fieldLayouts.a7baad5b-c005-4637-86a2-c2c0b003e82f.tabs.0.elements.1.fieldUid','\"b61a32ce-4093-4b76-986a-5303ee05cc28\"'),('entryTypes.4b6a6661-54b1-49e2-a03d-867751ea75b9.fieldLayouts.a7baad5b-c005-4637-86a2-c2c0b003e82f.tabs.0.elements.1.instructions','null'),('entryTypes.4b6a6661-54b1-49e2-a03d-867751ea75b9.fieldLayouts.a7baad5b-c005-4637-86a2-c2c0b003e82f.tabs.0.elements.1.label','null'),('entryTypes.4b6a6661-54b1-49e2-a03d-867751ea75b9.fieldLayouts.a7baad5b-c005-4637-86a2-c2c0b003e82f.tabs.0.elements.1.required','false'),('entryTypes.4b6a6661-54b1-49e2-a03d-867751ea75b9.fieldLayouts.a7baad5b-c005-4637-86a2-c2c0b003e82f.tabs.0.elements.1.tip','null'),('entryTypes.4b6a6661-54b1-49e2-a03d-867751ea75b9.fieldLayouts.a7baad5b-c005-4637-86a2-c2c0b003e82f.tabs.0.elements.1.type','\"craft\\\\fieldlayoutelements\\\\CustomField\"'),('entryTypes.4b6a6661-54b1-49e2-a03d-867751ea75b9.fieldLayouts.a7baad5b-c005-4637-86a2-c2c0b003e82f.tabs.0.elements.1.uid','\"12c56acf-63ea-41f8-9d5f-385aeb753e03\"'),('entryTypes.4b6a6661-54b1-49e2-a03d-867751ea75b9.fieldLayouts.a7baad5b-c005-4637-86a2-c2c0b003e82f.tabs.0.elements.1.userCondition','null'),('entryTypes.4b6a6661-54b1-49e2-a03d-867751ea75b9.fieldLayouts.a7baad5b-c005-4637-86a2-c2c0b003e82f.tabs.0.elements.1.warning','null'),('entryTypes.4b6a6661-54b1-49e2-a03d-867751ea75b9.fieldLayouts.a7baad5b-c005-4637-86a2-c2c0b003e82f.tabs.0.elements.1.width','100'),('entryTypes.4b6a6661-54b1-49e2-a03d-867751ea75b9.fieldLayouts.a7baad5b-c005-4637-86a2-c2c0b003e82f.tabs.0.elements.2.elementCondition','null'),('entryTypes.4b6a6661-54b1-49e2-a03d-867751ea75b9.fieldLayouts.a7baad5b-c005-4637-86a2-c2c0b003e82f.tabs.0.elements.2.fieldUid','\"57ee90df-01e6-437a-8c5c-38815877f909\"'),('entryTypes.4b6a6661-54b1-49e2-a03d-867751ea75b9.fieldLayouts.a7baad5b-c005-4637-86a2-c2c0b003e82f.tabs.0.elements.2.instructions','null'),('entryTypes.4b6a6661-54b1-49e2-a03d-867751ea75b9.fieldLayouts.a7baad5b-c005-4637-86a2-c2c0b003e82f.tabs.0.elements.2.label','null'),('entryTypes.4b6a6661-54b1-49e2-a03d-867751ea75b9.fieldLayouts.a7baad5b-c005-4637-86a2-c2c0b003e82f.tabs.0.elements.2.required','false'),('entryTypes.4b6a6661-54b1-49e2-a03d-867751ea75b9.fieldLayouts.a7baad5b-c005-4637-86a2-c2c0b003e82f.tabs.0.elements.2.tip','null'),('entryTypes.4b6a6661-54b1-49e2-a03d-867751ea75b9.fieldLayouts.a7baad5b-c005-4637-86a2-c2c0b003e82f.tabs.0.elements.2.type','\"craft\\\\fieldlayoutelements\\\\CustomField\"'),('entryTypes.4b6a6661-54b1-49e2-a03d-867751ea75b9.fieldLayouts.a7baad5b-c005-4637-86a2-c2c0b003e82f.tabs.0.elements.2.uid','\"72061359-ac58-4692-88c2-8cc2dd434c64\"'),('entryTypes.4b6a6661-54b1-49e2-a03d-867751ea75b9.fieldLayouts.a7baad5b-c005-4637-86a2-c2c0b003e82f.tabs.0.elements.2.userCondition','null'),('entryTypes.4b6a6661-54b1-49e2-a03d-867751ea75b9.fieldLayouts.a7baad5b-c005-4637-86a2-c2c0b003e82f.tabs.0.elements.2.warning','null'),('entryTypes.4b6a6661-54b1-49e2-a03d-867751ea75b9.fieldLayouts.a7baad5b-c005-4637-86a2-c2c0b003e82f.tabs.0.elements.2.width','100'),('entryTypes.4b6a6661-54b1-49e2-a03d-867751ea75b9.fieldLayouts.a7baad5b-c005-4637-86a2-c2c0b003e82f.tabs.0.elements.3.elementCondition','null'),('entryTypes.4b6a6661-54b1-49e2-a03d-867751ea75b9.fieldLayouts.a7baad5b-c005-4637-86a2-c2c0b003e82f.tabs.0.elements.3.fieldUid','\"ea0ea7a1-4453-4b64-ac7c-c9b0d226ab5d\"'),('entryTypes.4b6a6661-54b1-49e2-a03d-867751ea75b9.fieldLayouts.a7baad5b-c005-4637-86a2-c2c0b003e82f.tabs.0.elements.3.instructions','null'),('entryTypes.4b6a6661-54b1-49e2-a03d-867751ea75b9.fieldLayouts.a7baad5b-c005-4637-86a2-c2c0b003e82f.tabs.0.elements.3.label','null'),('entryTypes.4b6a6661-54b1-49e2-a03d-867751ea75b9.fieldLayouts.a7baad5b-c005-4637-86a2-c2c0b003e82f.tabs.0.elements.3.required','false'),('entryTypes.4b6a6661-54b1-49e2-a03d-867751ea75b9.fieldLayouts.a7baad5b-c005-4637-86a2-c2c0b003e82f.tabs.0.elements.3.tip','null'),('entryTypes.4b6a6661-54b1-49e2-a03d-867751ea75b9.fieldLayouts.a7baad5b-c005-4637-86a2-c2c0b003e82f.tabs.0.elements.3.type','\"craft\\\\fieldlayoutelements\\\\CustomField\"'),('entryTypes.4b6a6661-54b1-49e2-a03d-867751ea75b9.fieldLayouts.a7baad5b-c005-4637-86a2-c2c0b003e82f.tabs.0.elements.3.uid','\"5c6a4f9d-60af-465a-bbe1-c207f6d11963\"'),('entryTypes.4b6a6661-54b1-49e2-a03d-867751ea75b9.fieldLayouts.a7baad5b-c005-4637-86a2-c2c0b003e82f.tabs.0.elements.3.userCondition','null'),('entryTypes.4b6a6661-54b1-49e2-a03d-867751ea75b9.fieldLayouts.a7baad5b-c005-4637-86a2-c2c0b003e82f.tabs.0.elements.3.warning','null'),('entryTypes.4b6a6661-54b1-49e2-a03d-867751ea75b9.fieldLayouts.a7baad5b-c005-4637-86a2-c2c0b003e82f.tabs.0.elements.3.width','100'),('entryTypes.4b6a6661-54b1-49e2-a03d-867751ea75b9.fieldLayouts.a7baad5b-c005-4637-86a2-c2c0b003e82f.tabs.0.elements.4.elementCondition','null'),('entryTypes.4b6a6661-54b1-49e2-a03d-867751ea75b9.fieldLayouts.a7baad5b-c005-4637-86a2-c2c0b003e82f.tabs.0.elements.4.fieldUid','\"962ca735-e2e0-4550-a295-93f517459468\"'),('entryTypes.4b6a6661-54b1-49e2-a03d-867751ea75b9.fieldLayouts.a7baad5b-c005-4637-86a2-c2c0b003e82f.tabs.0.elements.4.instructions','null'),('entryTypes.4b6a6661-54b1-49e2-a03d-867751ea75b9.fieldLayouts.a7baad5b-c005-4637-86a2-c2c0b003e82f.tabs.0.elements.4.label','null'),('entryTypes.4b6a6661-54b1-49e2-a03d-867751ea75b9.fieldLayouts.a7baad5b-c005-4637-86a2-c2c0b003e82f.tabs.0.elements.4.required','false'),('entryTypes.4b6a6661-54b1-49e2-a03d-867751ea75b9.fieldLayouts.a7baad5b-c005-4637-86a2-c2c0b003e82f.tabs.0.elements.4.tip','null'),('entryTypes.4b6a6661-54b1-49e2-a03d-867751ea75b9.fieldLayouts.a7baad5b-c005-4637-86a2-c2c0b003e82f.tabs.0.elements.4.type','\"craft\\\\fieldlayoutelements\\\\CustomField\"'),('entryTypes.4b6a6661-54b1-49e2-a03d-867751ea75b9.fieldLayouts.a7baad5b-c005-4637-86a2-c2c0b003e82f.tabs.0.elements.4.uid','\"80dea10e-c07a-443e-8410-71f84c5b0494\"'),('entryTypes.4b6a6661-54b1-49e2-a03d-867751ea75b9.fieldLayouts.a7baad5b-c005-4637-86a2-c2c0b003e82f.tabs.0.elements.4.userCondition','null'),('entryTypes.4b6a6661-54b1-49e2-a03d-867751ea75b9.fieldLayouts.a7baad5b-c005-4637-86a2-c2c0b003e82f.tabs.0.elements.4.warning','null'),('entryTypes.4b6a6661-54b1-49e2-a03d-867751ea75b9.fieldLayouts.a7baad5b-c005-4637-86a2-c2c0b003e82f.tabs.0.elements.4.width','100'),('entryTypes.4b6a6661-54b1-49e2-a03d-867751ea75b9.fieldLayouts.a7baad5b-c005-4637-86a2-c2c0b003e82f.tabs.0.elements.5.elementCondition','null'),('entryTypes.4b6a6661-54b1-49e2-a03d-867751ea75b9.fieldLayouts.a7baad5b-c005-4637-86a2-c2c0b003e82f.tabs.0.elements.5.fieldUid','\"e17818c9-74b2-427e-9cf0-57f61d51b663\"'),('entryTypes.4b6a6661-54b1-49e2-a03d-867751ea75b9.fieldLayouts.a7baad5b-c005-4637-86a2-c2c0b003e82f.tabs.0.elements.5.instructions','null'),('entryTypes.4b6a6661-54b1-49e2-a03d-867751ea75b9.fieldLayouts.a7baad5b-c005-4637-86a2-c2c0b003e82f.tabs.0.elements.5.label','null'),('entryTypes.4b6a6661-54b1-49e2-a03d-867751ea75b9.fieldLayouts.a7baad5b-c005-4637-86a2-c2c0b003e82f.tabs.0.elements.5.required','false'),('entryTypes.4b6a6661-54b1-49e2-a03d-867751ea75b9.fieldLayouts.a7baad5b-c005-4637-86a2-c2c0b003e82f.tabs.0.elements.5.tip','null'),('entryTypes.4b6a6661-54b1-49e2-a03d-867751ea75b9.fieldLayouts.a7baad5b-c005-4637-86a2-c2c0b003e82f.tabs.0.elements.5.type','\"craft\\\\fieldlayoutelements\\\\CustomField\"'),('entryTypes.4b6a6661-54b1-49e2-a03d-867751ea75b9.fieldLayouts.a7baad5b-c005-4637-86a2-c2c0b003e82f.tabs.0.elements.5.uid','\"52c44e7a-2bd1-48cb-8845-a2ddade30902\"'),('entryTypes.4b6a6661-54b1-49e2-a03d-867751ea75b9.fieldLayouts.a7baad5b-c005-4637-86a2-c2c0b003e82f.tabs.0.elements.5.userCondition','null'),('entryTypes.4b6a6661-54b1-49e2-a03d-867751ea75b9.fieldLayouts.a7baad5b-c005-4637-86a2-c2c0b003e82f.tabs.0.elements.5.warning','null'),('entryTypes.4b6a6661-54b1-49e2-a03d-867751ea75b9.fieldLayouts.a7baad5b-c005-4637-86a2-c2c0b003e82f.tabs.0.elements.5.width','100'),('entryTypes.4b6a6661-54b1-49e2-a03d-867751ea75b9.fieldLayouts.a7baad5b-c005-4637-86a2-c2c0b003e82f.tabs.0.name','\"Contact Submissions\"'),('entryTypes.4b6a6661-54b1-49e2-a03d-867751ea75b9.fieldLayouts.a7baad5b-c005-4637-86a2-c2c0b003e82f.tabs.0.uid','\"ac070adf-3ea5-4e63-a5dc-1f10de087af0\"'),('entryTypes.4b6a6661-54b1-49e2-a03d-867751ea75b9.fieldLayouts.a7baad5b-c005-4637-86a2-c2c0b003e82f.tabs.0.userCondition','null'),('entryTypes.4b6a6661-54b1-49e2-a03d-867751ea75b9.handle','\"default\"'),('entryTypes.4b6a6661-54b1-49e2-a03d-867751ea75b9.hasTitleField','false'),('entryTypes.4b6a6661-54b1-49e2-a03d-867751ea75b9.name','\"Default\"'),('entryTypes.4b6a6661-54b1-49e2-a03d-867751ea75b9.section','\"da0be12f-51b0-474c-915f-0d17dfa97850\"'),('entryTypes.4b6a6661-54b1-49e2-a03d-867751ea75b9.showStatusField','true'),('entryTypes.4b6a6661-54b1-49e2-a03d-867751ea75b9.slugTranslationKeyFormat','null'),('entryTypes.4b6a6661-54b1-49e2-a03d-867751ea75b9.slugTranslationMethod','\"site\"'),('entryTypes.4b6a6661-54b1-49e2-a03d-867751ea75b9.sortOrder','1'),('entryTypes.4b6a6661-54b1-49e2-a03d-867751ea75b9.titleFormat','\"Contact Form Submission from {submissionName}\"'),('entryTypes.4b6a6661-54b1-49e2-a03d-867751ea75b9.titleTranslationKeyFormat','null'),('entryTypes.4b6a6661-54b1-49e2-a03d-867751ea75b9.titleTranslationMethod','\"site\"'),('entryTypes.66d475d7-97b8-40dc-9212-f05ea6e23d4c.fieldLayouts.45ee0ef2-d574-44c6-a28d-ac7826a02477.tabs.0.elementCondition','null'),('entryTypes.66d475d7-97b8-40dc-9212-f05ea6e23d4c.fieldLayouts.45ee0ef2-d574-44c6-a28d-ac7826a02477.tabs.0.elements.0.autocapitalize','true'),('entryTypes.66d475d7-97b8-40dc-9212-f05ea6e23d4c.fieldLayouts.45ee0ef2-d574-44c6-a28d-ac7826a02477.tabs.0.elements.0.autocomplete','false'),('entryTypes.66d475d7-97b8-40dc-9212-f05ea6e23d4c.fieldLayouts.45ee0ef2-d574-44c6-a28d-ac7826a02477.tabs.0.elements.0.autocorrect','true'),('entryTypes.66d475d7-97b8-40dc-9212-f05ea6e23d4c.fieldLayouts.45ee0ef2-d574-44c6-a28d-ac7826a02477.tabs.0.elements.0.class','null'),('entryTypes.66d475d7-97b8-40dc-9212-f05ea6e23d4c.fieldLayouts.45ee0ef2-d574-44c6-a28d-ac7826a02477.tabs.0.elements.0.disabled','false'),('entryTypes.66d475d7-97b8-40dc-9212-f05ea6e23d4c.fieldLayouts.45ee0ef2-d574-44c6-a28d-ac7826a02477.tabs.0.elements.0.elementCondition','null'),('entryTypes.66d475d7-97b8-40dc-9212-f05ea6e23d4c.fieldLayouts.45ee0ef2-d574-44c6-a28d-ac7826a02477.tabs.0.elements.0.id','null'),('entryTypes.66d475d7-97b8-40dc-9212-f05ea6e23d4c.fieldLayouts.45ee0ef2-d574-44c6-a28d-ac7826a02477.tabs.0.elements.0.inputType','null'),('entryTypes.66d475d7-97b8-40dc-9212-f05ea6e23d4c.fieldLayouts.45ee0ef2-d574-44c6-a28d-ac7826a02477.tabs.0.elements.0.instructions','null'),('entryTypes.66d475d7-97b8-40dc-9212-f05ea6e23d4c.fieldLayouts.45ee0ef2-d574-44c6-a28d-ac7826a02477.tabs.0.elements.0.label','null'),('entryTypes.66d475d7-97b8-40dc-9212-f05ea6e23d4c.fieldLayouts.45ee0ef2-d574-44c6-a28d-ac7826a02477.tabs.0.elements.0.max','null'),('entryTypes.66d475d7-97b8-40dc-9212-f05ea6e23d4c.fieldLayouts.45ee0ef2-d574-44c6-a28d-ac7826a02477.tabs.0.elements.0.min','null'),('entryTypes.66d475d7-97b8-40dc-9212-f05ea6e23d4c.fieldLayouts.45ee0ef2-d574-44c6-a28d-ac7826a02477.tabs.0.elements.0.name','null'),('entryTypes.66d475d7-97b8-40dc-9212-f05ea6e23d4c.fieldLayouts.45ee0ef2-d574-44c6-a28d-ac7826a02477.tabs.0.elements.0.orientation','null'),('entryTypes.66d475d7-97b8-40dc-9212-f05ea6e23d4c.fieldLayouts.45ee0ef2-d574-44c6-a28d-ac7826a02477.tabs.0.elements.0.placeholder','null'),('entryTypes.66d475d7-97b8-40dc-9212-f05ea6e23d4c.fieldLayouts.45ee0ef2-d574-44c6-a28d-ac7826a02477.tabs.0.elements.0.readonly','false'),('entryTypes.66d475d7-97b8-40dc-9212-f05ea6e23d4c.fieldLayouts.45ee0ef2-d574-44c6-a28d-ac7826a02477.tabs.0.elements.0.requirable','false'),('entryTypes.66d475d7-97b8-40dc-9212-f05ea6e23d4c.fieldLayouts.45ee0ef2-d574-44c6-a28d-ac7826a02477.tabs.0.elements.0.size','null'),('entryTypes.66d475d7-97b8-40dc-9212-f05ea6e23d4c.fieldLayouts.45ee0ef2-d574-44c6-a28d-ac7826a02477.tabs.0.elements.0.step','null'),('entryTypes.66d475d7-97b8-40dc-9212-f05ea6e23d4c.fieldLayouts.45ee0ef2-d574-44c6-a28d-ac7826a02477.tabs.0.elements.0.tip','null'),('entryTypes.66d475d7-97b8-40dc-9212-f05ea6e23d4c.fieldLayouts.45ee0ef2-d574-44c6-a28d-ac7826a02477.tabs.0.elements.0.title','null'),('entryTypes.66d475d7-97b8-40dc-9212-f05ea6e23d4c.fieldLayouts.45ee0ef2-d574-44c6-a28d-ac7826a02477.tabs.0.elements.0.type','\"craft\\\\fieldlayoutelements\\\\entries\\\\EntryTitleField\"'),('entryTypes.66d475d7-97b8-40dc-9212-f05ea6e23d4c.fieldLayouts.45ee0ef2-d574-44c6-a28d-ac7826a02477.tabs.0.elements.0.uid','\"6dfceb4f-a9aa-4a26-ac03-e7b49f426172\"'),('entryTypes.66d475d7-97b8-40dc-9212-f05ea6e23d4c.fieldLayouts.45ee0ef2-d574-44c6-a28d-ac7826a02477.tabs.0.elements.0.userCondition','null'),('entryTypes.66d475d7-97b8-40dc-9212-f05ea6e23d4c.fieldLayouts.45ee0ef2-d574-44c6-a28d-ac7826a02477.tabs.0.elements.0.warning','null'),('entryTypes.66d475d7-97b8-40dc-9212-f05ea6e23d4c.fieldLayouts.45ee0ef2-d574-44c6-a28d-ac7826a02477.tabs.0.elements.0.width','100'),('entryTypes.66d475d7-97b8-40dc-9212-f05ea6e23d4c.fieldLayouts.45ee0ef2-d574-44c6-a28d-ac7826a02477.tabs.0.elements.1.elementCondition','null'),('entryTypes.66d475d7-97b8-40dc-9212-f05ea6e23d4c.fieldLayouts.45ee0ef2-d574-44c6-a28d-ac7826a02477.tabs.0.elements.1.fieldUid','\"cf9cc357-e972-4534-96a3-16243a7d4e25\"'),('entryTypes.66d475d7-97b8-40dc-9212-f05ea6e23d4c.fieldLayouts.45ee0ef2-d574-44c6-a28d-ac7826a02477.tabs.0.elements.1.instructions','null'),('entryTypes.66d475d7-97b8-40dc-9212-f05ea6e23d4c.fieldLayouts.45ee0ef2-d574-44c6-a28d-ac7826a02477.tabs.0.elements.1.label','null'),('entryTypes.66d475d7-97b8-40dc-9212-f05ea6e23d4c.fieldLayouts.45ee0ef2-d574-44c6-a28d-ac7826a02477.tabs.0.elements.1.required','false'),('entryTypes.66d475d7-97b8-40dc-9212-f05ea6e23d4c.fieldLayouts.45ee0ef2-d574-44c6-a28d-ac7826a02477.tabs.0.elements.1.tip','null'),('entryTypes.66d475d7-97b8-40dc-9212-f05ea6e23d4c.fieldLayouts.45ee0ef2-d574-44c6-a28d-ac7826a02477.tabs.0.elements.1.type','\"craft\\\\fieldlayoutelements\\\\CustomField\"'),('entryTypes.66d475d7-97b8-40dc-9212-f05ea6e23d4c.fieldLayouts.45ee0ef2-d574-44c6-a28d-ac7826a02477.tabs.0.elements.1.uid','\"4449fc6a-6bcd-4096-9f74-db2eb500d9c3\"'),('entryTypes.66d475d7-97b8-40dc-9212-f05ea6e23d4c.fieldLayouts.45ee0ef2-d574-44c6-a28d-ac7826a02477.tabs.0.elements.1.userCondition','null'),('entryTypes.66d475d7-97b8-40dc-9212-f05ea6e23d4c.fieldLayouts.45ee0ef2-d574-44c6-a28d-ac7826a02477.tabs.0.elements.1.warning','null'),('entryTypes.66d475d7-97b8-40dc-9212-f05ea6e23d4c.fieldLayouts.45ee0ef2-d574-44c6-a28d-ac7826a02477.tabs.0.elements.1.width','100'),('entryTypes.66d475d7-97b8-40dc-9212-f05ea6e23d4c.fieldLayouts.45ee0ef2-d574-44c6-a28d-ac7826a02477.tabs.0.elements.2.elementCondition','null'),('entryTypes.66d475d7-97b8-40dc-9212-f05ea6e23d4c.fieldLayouts.45ee0ef2-d574-44c6-a28d-ac7826a02477.tabs.0.elements.2.fieldUid','\"e2acdefe-2270-4161-989c-4cacd80454da\"'),('entryTypes.66d475d7-97b8-40dc-9212-f05ea6e23d4c.fieldLayouts.45ee0ef2-d574-44c6-a28d-ac7826a02477.tabs.0.elements.2.instructions','null'),('entryTypes.66d475d7-97b8-40dc-9212-f05ea6e23d4c.fieldLayouts.45ee0ef2-d574-44c6-a28d-ac7826a02477.tabs.0.elements.2.label','null'),('entryTypes.66d475d7-97b8-40dc-9212-f05ea6e23d4c.fieldLayouts.45ee0ef2-d574-44c6-a28d-ac7826a02477.tabs.0.elements.2.required','false'),('entryTypes.66d475d7-97b8-40dc-9212-f05ea6e23d4c.fieldLayouts.45ee0ef2-d574-44c6-a28d-ac7826a02477.tabs.0.elements.2.tip','null'),('entryTypes.66d475d7-97b8-40dc-9212-f05ea6e23d4c.fieldLayouts.45ee0ef2-d574-44c6-a28d-ac7826a02477.tabs.0.elements.2.type','\"craft\\\\fieldlayoutelements\\\\CustomField\"'),('entryTypes.66d475d7-97b8-40dc-9212-f05ea6e23d4c.fieldLayouts.45ee0ef2-d574-44c6-a28d-ac7826a02477.tabs.0.elements.2.uid','\"09393b89-901f-431a-ac15-6e09ec994593\"'),('entryTypes.66d475d7-97b8-40dc-9212-f05ea6e23d4c.fieldLayouts.45ee0ef2-d574-44c6-a28d-ac7826a02477.tabs.0.elements.2.userCondition','null'),('entryTypes.66d475d7-97b8-40dc-9212-f05ea6e23d4c.fieldLayouts.45ee0ef2-d574-44c6-a28d-ac7826a02477.tabs.0.elements.2.warning','null'),('entryTypes.66d475d7-97b8-40dc-9212-f05ea6e23d4c.fieldLayouts.45ee0ef2-d574-44c6-a28d-ac7826a02477.tabs.0.elements.2.width','100'),('entryTypes.66d475d7-97b8-40dc-9212-f05ea6e23d4c.fieldLayouts.45ee0ef2-d574-44c6-a28d-ac7826a02477.tabs.0.elements.3.elementCondition','null'),('entryTypes.66d475d7-97b8-40dc-9212-f05ea6e23d4c.fieldLayouts.45ee0ef2-d574-44c6-a28d-ac7826a02477.tabs.0.elements.3.fieldUid','\"afa92d21-9da5-4728-b388-676ab1b11c37\"'),('entryTypes.66d475d7-97b8-40dc-9212-f05ea6e23d4c.fieldLayouts.45ee0ef2-d574-44c6-a28d-ac7826a02477.tabs.0.elements.3.instructions','null'),('entryTypes.66d475d7-97b8-40dc-9212-f05ea6e23d4c.fieldLayouts.45ee0ef2-d574-44c6-a28d-ac7826a02477.tabs.0.elements.3.label','null'),('entryTypes.66d475d7-97b8-40dc-9212-f05ea6e23d4c.fieldLayouts.45ee0ef2-d574-44c6-a28d-ac7826a02477.tabs.0.elements.3.required','false'),('entryTypes.66d475d7-97b8-40dc-9212-f05ea6e23d4c.fieldLayouts.45ee0ef2-d574-44c6-a28d-ac7826a02477.tabs.0.elements.3.tip','null'),('entryTypes.66d475d7-97b8-40dc-9212-f05ea6e23d4c.fieldLayouts.45ee0ef2-d574-44c6-a28d-ac7826a02477.tabs.0.elements.3.type','\"craft\\\\fieldlayoutelements\\\\CustomField\"'),('entryTypes.66d475d7-97b8-40dc-9212-f05ea6e23d4c.fieldLayouts.45ee0ef2-d574-44c6-a28d-ac7826a02477.tabs.0.elements.3.uid','\"24fce9c1-bfcc-4bc8-be40-6c1a4d7b1bf2\"'),('entryTypes.66d475d7-97b8-40dc-9212-f05ea6e23d4c.fieldLayouts.45ee0ef2-d574-44c6-a28d-ac7826a02477.tabs.0.elements.3.userCondition','null'),('entryTypes.66d475d7-97b8-40dc-9212-f05ea6e23d4c.fieldLayouts.45ee0ef2-d574-44c6-a28d-ac7826a02477.tabs.0.elements.3.warning','null'),('entryTypes.66d475d7-97b8-40dc-9212-f05ea6e23d4c.fieldLayouts.45ee0ef2-d574-44c6-a28d-ac7826a02477.tabs.0.elements.3.width','100'),('entryTypes.66d475d7-97b8-40dc-9212-f05ea6e23d4c.fieldLayouts.45ee0ef2-d574-44c6-a28d-ac7826a02477.tabs.0.elements.4.elementCondition','null'),('entryTypes.66d475d7-97b8-40dc-9212-f05ea6e23d4c.fieldLayouts.45ee0ef2-d574-44c6-a28d-ac7826a02477.tabs.0.elements.4.fieldUid','\"82e690ff-8e29-4b0d-850d-c09a6cc8871f\"'),('entryTypes.66d475d7-97b8-40dc-9212-f05ea6e23d4c.fieldLayouts.45ee0ef2-d574-44c6-a28d-ac7826a02477.tabs.0.elements.4.instructions','null'),('entryTypes.66d475d7-97b8-40dc-9212-f05ea6e23d4c.fieldLayouts.45ee0ef2-d574-44c6-a28d-ac7826a02477.tabs.0.elements.4.label','null'),('entryTypes.66d475d7-97b8-40dc-9212-f05ea6e23d4c.fieldLayouts.45ee0ef2-d574-44c6-a28d-ac7826a02477.tabs.0.elements.4.required','false'),('entryTypes.66d475d7-97b8-40dc-9212-f05ea6e23d4c.fieldLayouts.45ee0ef2-d574-44c6-a28d-ac7826a02477.tabs.0.elements.4.tip','null'),('entryTypes.66d475d7-97b8-40dc-9212-f05ea6e23d4c.fieldLayouts.45ee0ef2-d574-44c6-a28d-ac7826a02477.tabs.0.elements.4.type','\"craft\\\\fieldlayoutelements\\\\CustomField\"'),('entryTypes.66d475d7-97b8-40dc-9212-f05ea6e23d4c.fieldLayouts.45ee0ef2-d574-44c6-a28d-ac7826a02477.tabs.0.elements.4.uid','\"f0b26a45-2a0e-4226-97d0-031e0c5f7f1e\"'),('entryTypes.66d475d7-97b8-40dc-9212-f05ea6e23d4c.fieldLayouts.45ee0ef2-d574-44c6-a28d-ac7826a02477.tabs.0.elements.4.userCondition','null'),('entryTypes.66d475d7-97b8-40dc-9212-f05ea6e23d4c.fieldLayouts.45ee0ef2-d574-44c6-a28d-ac7826a02477.tabs.0.elements.4.warning','null'),('entryTypes.66d475d7-97b8-40dc-9212-f05ea6e23d4c.fieldLayouts.45ee0ef2-d574-44c6-a28d-ac7826a02477.tabs.0.elements.4.width','100'),('entryTypes.66d475d7-97b8-40dc-9212-f05ea6e23d4c.fieldLayouts.45ee0ef2-d574-44c6-a28d-ac7826a02477.tabs.0.name','\"Gigs\"'),('entryTypes.66d475d7-97b8-40dc-9212-f05ea6e23d4c.fieldLayouts.45ee0ef2-d574-44c6-a28d-ac7826a02477.tabs.0.uid','\"49e37225-d557-43d3-bf39-bc06951a61f1\"'),('entryTypes.66d475d7-97b8-40dc-9212-f05ea6e23d4c.fieldLayouts.45ee0ef2-d574-44c6-a28d-ac7826a02477.tabs.0.userCondition','null'),('entryTypes.66d475d7-97b8-40dc-9212-f05ea6e23d4c.handle','\"default\"'),('entryTypes.66d475d7-97b8-40dc-9212-f05ea6e23d4c.hasTitleField','true'),('entryTypes.66d475d7-97b8-40dc-9212-f05ea6e23d4c.name','\"Default\"'),('entryTypes.66d475d7-97b8-40dc-9212-f05ea6e23d4c.section','\"825f4bb2-160e-43de-b9e1-179a555f48ec\"'),('entryTypes.66d475d7-97b8-40dc-9212-f05ea6e23d4c.showStatusField','true'),('entryTypes.66d475d7-97b8-40dc-9212-f05ea6e23d4c.slugTranslationKeyFormat','null'),('entryTypes.66d475d7-97b8-40dc-9212-f05ea6e23d4c.slugTranslationMethod','\"site\"'),('entryTypes.66d475d7-97b8-40dc-9212-f05ea6e23d4c.sortOrder','1'),('entryTypes.66d475d7-97b8-40dc-9212-f05ea6e23d4c.titleFormat','null'),('entryTypes.66d475d7-97b8-40dc-9212-f05ea6e23d4c.titleTranslationKeyFormat','null'),('entryTypes.66d475d7-97b8-40dc-9212-f05ea6e23d4c.titleTranslationMethod','\"site\"'),('entryTypes.7a3aa4ab-1d46-43c7-b592-2aaa13c4e1d1.fieldLayouts.25586ae0-ad0e-4e86-84bc-2aa4a77fbc94.tabs.0.elementCondition','null'),('entryTypes.7a3aa4ab-1d46-43c7-b592-2aaa13c4e1d1.fieldLayouts.25586ae0-ad0e-4e86-84bc-2aa4a77fbc94.tabs.0.elements.0.autocapitalize','true'),('entryTypes.7a3aa4ab-1d46-43c7-b592-2aaa13c4e1d1.fieldLayouts.25586ae0-ad0e-4e86-84bc-2aa4a77fbc94.tabs.0.elements.0.autocomplete','false'),('entryTypes.7a3aa4ab-1d46-43c7-b592-2aaa13c4e1d1.fieldLayouts.25586ae0-ad0e-4e86-84bc-2aa4a77fbc94.tabs.0.elements.0.autocorrect','true'),('entryTypes.7a3aa4ab-1d46-43c7-b592-2aaa13c4e1d1.fieldLayouts.25586ae0-ad0e-4e86-84bc-2aa4a77fbc94.tabs.0.elements.0.class','null'),('entryTypes.7a3aa4ab-1d46-43c7-b592-2aaa13c4e1d1.fieldLayouts.25586ae0-ad0e-4e86-84bc-2aa4a77fbc94.tabs.0.elements.0.disabled','false'),('entryTypes.7a3aa4ab-1d46-43c7-b592-2aaa13c4e1d1.fieldLayouts.25586ae0-ad0e-4e86-84bc-2aa4a77fbc94.tabs.0.elements.0.elementCondition','null'),('entryTypes.7a3aa4ab-1d46-43c7-b592-2aaa13c4e1d1.fieldLayouts.25586ae0-ad0e-4e86-84bc-2aa4a77fbc94.tabs.0.elements.0.id','null'),('entryTypes.7a3aa4ab-1d46-43c7-b592-2aaa13c4e1d1.fieldLayouts.25586ae0-ad0e-4e86-84bc-2aa4a77fbc94.tabs.0.elements.0.inputType','null'),('entryTypes.7a3aa4ab-1d46-43c7-b592-2aaa13c4e1d1.fieldLayouts.25586ae0-ad0e-4e86-84bc-2aa4a77fbc94.tabs.0.elements.0.instructions','null'),('entryTypes.7a3aa4ab-1d46-43c7-b592-2aaa13c4e1d1.fieldLayouts.25586ae0-ad0e-4e86-84bc-2aa4a77fbc94.tabs.0.elements.0.label','null'),('entryTypes.7a3aa4ab-1d46-43c7-b592-2aaa13c4e1d1.fieldLayouts.25586ae0-ad0e-4e86-84bc-2aa4a77fbc94.tabs.0.elements.0.max','null'),('entryTypes.7a3aa4ab-1d46-43c7-b592-2aaa13c4e1d1.fieldLayouts.25586ae0-ad0e-4e86-84bc-2aa4a77fbc94.tabs.0.elements.0.min','null'),('entryTypes.7a3aa4ab-1d46-43c7-b592-2aaa13c4e1d1.fieldLayouts.25586ae0-ad0e-4e86-84bc-2aa4a77fbc94.tabs.0.elements.0.name','null'),('entryTypes.7a3aa4ab-1d46-43c7-b592-2aaa13c4e1d1.fieldLayouts.25586ae0-ad0e-4e86-84bc-2aa4a77fbc94.tabs.0.elements.0.orientation','null'),('entryTypes.7a3aa4ab-1d46-43c7-b592-2aaa13c4e1d1.fieldLayouts.25586ae0-ad0e-4e86-84bc-2aa4a77fbc94.tabs.0.elements.0.placeholder','null'),('entryTypes.7a3aa4ab-1d46-43c7-b592-2aaa13c4e1d1.fieldLayouts.25586ae0-ad0e-4e86-84bc-2aa4a77fbc94.tabs.0.elements.0.readonly','false'),('entryTypes.7a3aa4ab-1d46-43c7-b592-2aaa13c4e1d1.fieldLayouts.25586ae0-ad0e-4e86-84bc-2aa4a77fbc94.tabs.0.elements.0.requirable','false'),('entryTypes.7a3aa4ab-1d46-43c7-b592-2aaa13c4e1d1.fieldLayouts.25586ae0-ad0e-4e86-84bc-2aa4a77fbc94.tabs.0.elements.0.size','null'),('entryTypes.7a3aa4ab-1d46-43c7-b592-2aaa13c4e1d1.fieldLayouts.25586ae0-ad0e-4e86-84bc-2aa4a77fbc94.tabs.0.elements.0.step','null'),('entryTypes.7a3aa4ab-1d46-43c7-b592-2aaa13c4e1d1.fieldLayouts.25586ae0-ad0e-4e86-84bc-2aa4a77fbc94.tabs.0.elements.0.tip','null'),('entryTypes.7a3aa4ab-1d46-43c7-b592-2aaa13c4e1d1.fieldLayouts.25586ae0-ad0e-4e86-84bc-2aa4a77fbc94.tabs.0.elements.0.title','null'),('entryTypes.7a3aa4ab-1d46-43c7-b592-2aaa13c4e1d1.fieldLayouts.25586ae0-ad0e-4e86-84bc-2aa4a77fbc94.tabs.0.elements.0.type','\"craft\\\\fieldlayoutelements\\\\entries\\\\EntryTitleField\"'),('entryTypes.7a3aa4ab-1d46-43c7-b592-2aaa13c4e1d1.fieldLayouts.25586ae0-ad0e-4e86-84bc-2aa4a77fbc94.tabs.0.elements.0.uid','\"ccf316cc-dcf8-4899-ad56-a2c7a5b7b9c3\"'),('entryTypes.7a3aa4ab-1d46-43c7-b592-2aaa13c4e1d1.fieldLayouts.25586ae0-ad0e-4e86-84bc-2aa4a77fbc94.tabs.0.elements.0.userCondition','null'),('entryTypes.7a3aa4ab-1d46-43c7-b592-2aaa13c4e1d1.fieldLayouts.25586ae0-ad0e-4e86-84bc-2aa4a77fbc94.tabs.0.elements.0.warning','null'),('entryTypes.7a3aa4ab-1d46-43c7-b592-2aaa13c4e1d1.fieldLayouts.25586ae0-ad0e-4e86-84bc-2aa4a77fbc94.tabs.0.elements.0.width','100'),('entryTypes.7a3aa4ab-1d46-43c7-b592-2aaa13c4e1d1.fieldLayouts.25586ae0-ad0e-4e86-84bc-2aa4a77fbc94.tabs.0.elements.1.elementCondition','null'),('entryTypes.7a3aa4ab-1d46-43c7-b592-2aaa13c4e1d1.fieldLayouts.25586ae0-ad0e-4e86-84bc-2aa4a77fbc94.tabs.0.elements.1.fieldUid','\"139b20e8-6e1b-4e75-be7f-776bc8a50d43\"'),('entryTypes.7a3aa4ab-1d46-43c7-b592-2aaa13c4e1d1.fieldLayouts.25586ae0-ad0e-4e86-84bc-2aa4a77fbc94.tabs.0.elements.1.instructions','null'),('entryTypes.7a3aa4ab-1d46-43c7-b592-2aaa13c4e1d1.fieldLayouts.25586ae0-ad0e-4e86-84bc-2aa4a77fbc94.tabs.0.elements.1.label','null'),('entryTypes.7a3aa4ab-1d46-43c7-b592-2aaa13c4e1d1.fieldLayouts.25586ae0-ad0e-4e86-84bc-2aa4a77fbc94.tabs.0.elements.1.required','false'),('entryTypes.7a3aa4ab-1d46-43c7-b592-2aaa13c4e1d1.fieldLayouts.25586ae0-ad0e-4e86-84bc-2aa4a77fbc94.tabs.0.elements.1.tip','null'),('entryTypes.7a3aa4ab-1d46-43c7-b592-2aaa13c4e1d1.fieldLayouts.25586ae0-ad0e-4e86-84bc-2aa4a77fbc94.tabs.0.elements.1.type','\"craft\\\\fieldlayoutelements\\\\CustomField\"'),('entryTypes.7a3aa4ab-1d46-43c7-b592-2aaa13c4e1d1.fieldLayouts.25586ae0-ad0e-4e86-84bc-2aa4a77fbc94.tabs.0.elements.1.uid','\"00aaed21-f3e9-4b6c-958f-618a06e3e7ca\"'),('entryTypes.7a3aa4ab-1d46-43c7-b592-2aaa13c4e1d1.fieldLayouts.25586ae0-ad0e-4e86-84bc-2aa4a77fbc94.tabs.0.elements.1.userCondition','null'),('entryTypes.7a3aa4ab-1d46-43c7-b592-2aaa13c4e1d1.fieldLayouts.25586ae0-ad0e-4e86-84bc-2aa4a77fbc94.tabs.0.elements.1.warning','null'),('entryTypes.7a3aa4ab-1d46-43c7-b592-2aaa13c4e1d1.fieldLayouts.25586ae0-ad0e-4e86-84bc-2aa4a77fbc94.tabs.0.elements.1.width','100'),('entryTypes.7a3aa4ab-1d46-43c7-b592-2aaa13c4e1d1.fieldLayouts.25586ae0-ad0e-4e86-84bc-2aa4a77fbc94.tabs.0.name','\"Custom Page\"'),('entryTypes.7a3aa4ab-1d46-43c7-b592-2aaa13c4e1d1.fieldLayouts.25586ae0-ad0e-4e86-84bc-2aa4a77fbc94.tabs.0.uid','\"ba7ae951-de64-4bf5-9fab-7c37580fc30a\"'),('entryTypes.7a3aa4ab-1d46-43c7-b592-2aaa13c4e1d1.fieldLayouts.25586ae0-ad0e-4e86-84bc-2aa4a77fbc94.tabs.0.userCondition','null'),('entryTypes.7a3aa4ab-1d46-43c7-b592-2aaa13c4e1d1.handle','\"customPage\"'),('entryTypes.7a3aa4ab-1d46-43c7-b592-2aaa13c4e1d1.hasTitleField','true'),('entryTypes.7a3aa4ab-1d46-43c7-b592-2aaa13c4e1d1.name','\"Custom Page\"'),('entryTypes.7a3aa4ab-1d46-43c7-b592-2aaa13c4e1d1.section','\"d9c26beb-6bee-444c-b33f-13a168793722\"'),('entryTypes.7a3aa4ab-1d46-43c7-b592-2aaa13c4e1d1.showStatusField','true'),('entryTypes.7a3aa4ab-1d46-43c7-b592-2aaa13c4e1d1.slugTranslationKeyFormat','null'),('entryTypes.7a3aa4ab-1d46-43c7-b592-2aaa13c4e1d1.slugTranslationMethod','\"site\"'),('entryTypes.7a3aa4ab-1d46-43c7-b592-2aaa13c4e1d1.sortOrder','1'),('entryTypes.7a3aa4ab-1d46-43c7-b592-2aaa13c4e1d1.titleFormat','null'),('entryTypes.7a3aa4ab-1d46-43c7-b592-2aaa13c4e1d1.titleTranslationKeyFormat','null'),('entryTypes.7a3aa4ab-1d46-43c7-b592-2aaa13c4e1d1.titleTranslationMethod','\"site\"'),('entryTypes.8506d742-5b2a-47fe-97d8-880505113629.fieldLayouts.d4aefd62-4576-451d-bfed-e8d83cd166ff.tabs.0.elementCondition','null'),('entryTypes.8506d742-5b2a-47fe-97d8-880505113629.fieldLayouts.d4aefd62-4576-451d-bfed-e8d83cd166ff.tabs.0.elements.0.autocapitalize','true'),('entryTypes.8506d742-5b2a-47fe-97d8-880505113629.fieldLayouts.d4aefd62-4576-451d-bfed-e8d83cd166ff.tabs.0.elements.0.autocomplete','false'),('entryTypes.8506d742-5b2a-47fe-97d8-880505113629.fieldLayouts.d4aefd62-4576-451d-bfed-e8d83cd166ff.tabs.0.elements.0.autocorrect','true'),('entryTypes.8506d742-5b2a-47fe-97d8-880505113629.fieldLayouts.d4aefd62-4576-451d-bfed-e8d83cd166ff.tabs.0.elements.0.class','null'),('entryTypes.8506d742-5b2a-47fe-97d8-880505113629.fieldLayouts.d4aefd62-4576-451d-bfed-e8d83cd166ff.tabs.0.elements.0.disabled','false'),('entryTypes.8506d742-5b2a-47fe-97d8-880505113629.fieldLayouts.d4aefd62-4576-451d-bfed-e8d83cd166ff.tabs.0.elements.0.elementCondition','null'),('entryTypes.8506d742-5b2a-47fe-97d8-880505113629.fieldLayouts.d4aefd62-4576-451d-bfed-e8d83cd166ff.tabs.0.elements.0.id','null'),('entryTypes.8506d742-5b2a-47fe-97d8-880505113629.fieldLayouts.d4aefd62-4576-451d-bfed-e8d83cd166ff.tabs.0.elements.0.inputType','null'),('entryTypes.8506d742-5b2a-47fe-97d8-880505113629.fieldLayouts.d4aefd62-4576-451d-bfed-e8d83cd166ff.tabs.0.elements.0.instructions','null'),('entryTypes.8506d742-5b2a-47fe-97d8-880505113629.fieldLayouts.d4aefd62-4576-451d-bfed-e8d83cd166ff.tabs.0.elements.0.label','null'),('entryTypes.8506d742-5b2a-47fe-97d8-880505113629.fieldLayouts.d4aefd62-4576-451d-bfed-e8d83cd166ff.tabs.0.elements.0.max','null'),('entryTypes.8506d742-5b2a-47fe-97d8-880505113629.fieldLayouts.d4aefd62-4576-451d-bfed-e8d83cd166ff.tabs.0.elements.0.min','null'),('entryTypes.8506d742-5b2a-47fe-97d8-880505113629.fieldLayouts.d4aefd62-4576-451d-bfed-e8d83cd166ff.tabs.0.elements.0.name','null'),('entryTypes.8506d742-5b2a-47fe-97d8-880505113629.fieldLayouts.d4aefd62-4576-451d-bfed-e8d83cd166ff.tabs.0.elements.0.orientation','null'),('entryTypes.8506d742-5b2a-47fe-97d8-880505113629.fieldLayouts.d4aefd62-4576-451d-bfed-e8d83cd166ff.tabs.0.elements.0.placeholder','null'),('entryTypes.8506d742-5b2a-47fe-97d8-880505113629.fieldLayouts.d4aefd62-4576-451d-bfed-e8d83cd166ff.tabs.0.elements.0.readonly','false'),('entryTypes.8506d742-5b2a-47fe-97d8-880505113629.fieldLayouts.d4aefd62-4576-451d-bfed-e8d83cd166ff.tabs.0.elements.0.requirable','false'),('entryTypes.8506d742-5b2a-47fe-97d8-880505113629.fieldLayouts.d4aefd62-4576-451d-bfed-e8d83cd166ff.tabs.0.elements.0.size','null'),('entryTypes.8506d742-5b2a-47fe-97d8-880505113629.fieldLayouts.d4aefd62-4576-451d-bfed-e8d83cd166ff.tabs.0.elements.0.step','null'),('entryTypes.8506d742-5b2a-47fe-97d8-880505113629.fieldLayouts.d4aefd62-4576-451d-bfed-e8d83cd166ff.tabs.0.elements.0.tip','null'),('entryTypes.8506d742-5b2a-47fe-97d8-880505113629.fieldLayouts.d4aefd62-4576-451d-bfed-e8d83cd166ff.tabs.0.elements.0.title','null'),('entryTypes.8506d742-5b2a-47fe-97d8-880505113629.fieldLayouts.d4aefd62-4576-451d-bfed-e8d83cd166ff.tabs.0.elements.0.type','\"craft\\\\fieldlayoutelements\\\\entries\\\\EntryTitleField\"'),('entryTypes.8506d742-5b2a-47fe-97d8-880505113629.fieldLayouts.d4aefd62-4576-451d-bfed-e8d83cd166ff.tabs.0.elements.0.uid','\"42a8242e-e886-4d5e-a584-5d348a68a8ce\"'),('entryTypes.8506d742-5b2a-47fe-97d8-880505113629.fieldLayouts.d4aefd62-4576-451d-bfed-e8d83cd166ff.tabs.0.elements.0.userCondition','null'),('entryTypes.8506d742-5b2a-47fe-97d8-880505113629.fieldLayouts.d4aefd62-4576-451d-bfed-e8d83cd166ff.tabs.0.elements.0.warning','null'),('entryTypes.8506d742-5b2a-47fe-97d8-880505113629.fieldLayouts.d4aefd62-4576-451d-bfed-e8d83cd166ff.tabs.0.elements.0.width','100'),('entryTypes.8506d742-5b2a-47fe-97d8-880505113629.fieldLayouts.d4aefd62-4576-451d-bfed-e8d83cd166ff.tabs.0.name','\"Content\"'),('entryTypes.8506d742-5b2a-47fe-97d8-880505113629.fieldLayouts.d4aefd62-4576-451d-bfed-e8d83cd166ff.tabs.0.uid','\"8165a1c5-0fdb-4e05-b74d-815df015a964\"'),('entryTypes.8506d742-5b2a-47fe-97d8-880505113629.fieldLayouts.d4aefd62-4576-451d-bfed-e8d83cd166ff.tabs.0.userCondition','null'),('entryTypes.8506d742-5b2a-47fe-97d8-880505113629.handle','\"home\"'),('entryTypes.8506d742-5b2a-47fe-97d8-880505113629.hasTitleField','false'),('entryTypes.8506d742-5b2a-47fe-97d8-880505113629.name','\"Home\"'),('entryTypes.8506d742-5b2a-47fe-97d8-880505113629.section','\"9ba0ed5d-fc6f-4a0f-8d43-f13470b75bf4\"'),('entryTypes.8506d742-5b2a-47fe-97d8-880505113629.showStatusField','true'),('entryTypes.8506d742-5b2a-47fe-97d8-880505113629.slugTranslationKeyFormat','null'),('entryTypes.8506d742-5b2a-47fe-97d8-880505113629.slugTranslationMethod','\"site\"'),('entryTypes.8506d742-5b2a-47fe-97d8-880505113629.sortOrder','1'),('entryTypes.8506d742-5b2a-47fe-97d8-880505113629.titleFormat','\"{section.name|raw}\"'),('entryTypes.8506d742-5b2a-47fe-97d8-880505113629.titleTranslationKeyFormat','null'),('entryTypes.8506d742-5b2a-47fe-97d8-880505113629.titleTranslationMethod','\"site\"'),('entryTypes.d9a1cab9-8fb1-45aa-be80-4a16b5d5a3ae.fieldLayouts.279e5b91-22f6-4dbb-8e3d-95bc6c2706a9.tabs.0.elementCondition','null'),('entryTypes.d9a1cab9-8fb1-45aa-be80-4a16b5d5a3ae.fieldLayouts.279e5b91-22f6-4dbb-8e3d-95bc6c2706a9.tabs.0.elements.0.autocapitalize','true'),('entryTypes.d9a1cab9-8fb1-45aa-be80-4a16b5d5a3ae.fieldLayouts.279e5b91-22f6-4dbb-8e3d-95bc6c2706a9.tabs.0.elements.0.autocomplete','false'),('entryTypes.d9a1cab9-8fb1-45aa-be80-4a16b5d5a3ae.fieldLayouts.279e5b91-22f6-4dbb-8e3d-95bc6c2706a9.tabs.0.elements.0.autocorrect','true'),('entryTypes.d9a1cab9-8fb1-45aa-be80-4a16b5d5a3ae.fieldLayouts.279e5b91-22f6-4dbb-8e3d-95bc6c2706a9.tabs.0.elements.0.class','null'),('entryTypes.d9a1cab9-8fb1-45aa-be80-4a16b5d5a3ae.fieldLayouts.279e5b91-22f6-4dbb-8e3d-95bc6c2706a9.tabs.0.elements.0.disabled','false'),('entryTypes.d9a1cab9-8fb1-45aa-be80-4a16b5d5a3ae.fieldLayouts.279e5b91-22f6-4dbb-8e3d-95bc6c2706a9.tabs.0.elements.0.elementCondition','null'),('entryTypes.d9a1cab9-8fb1-45aa-be80-4a16b5d5a3ae.fieldLayouts.279e5b91-22f6-4dbb-8e3d-95bc6c2706a9.tabs.0.elements.0.id','null'),('entryTypes.d9a1cab9-8fb1-45aa-be80-4a16b5d5a3ae.fieldLayouts.279e5b91-22f6-4dbb-8e3d-95bc6c2706a9.tabs.0.elements.0.inputType','null'),('entryTypes.d9a1cab9-8fb1-45aa-be80-4a16b5d5a3ae.fieldLayouts.279e5b91-22f6-4dbb-8e3d-95bc6c2706a9.tabs.0.elements.0.instructions','null'),('entryTypes.d9a1cab9-8fb1-45aa-be80-4a16b5d5a3ae.fieldLayouts.279e5b91-22f6-4dbb-8e3d-95bc6c2706a9.tabs.0.elements.0.label','null'),('entryTypes.d9a1cab9-8fb1-45aa-be80-4a16b5d5a3ae.fieldLayouts.279e5b91-22f6-4dbb-8e3d-95bc6c2706a9.tabs.0.elements.0.max','null'),('entryTypes.d9a1cab9-8fb1-45aa-be80-4a16b5d5a3ae.fieldLayouts.279e5b91-22f6-4dbb-8e3d-95bc6c2706a9.tabs.0.elements.0.min','null'),('entryTypes.d9a1cab9-8fb1-45aa-be80-4a16b5d5a3ae.fieldLayouts.279e5b91-22f6-4dbb-8e3d-95bc6c2706a9.tabs.0.elements.0.name','null'),('entryTypes.d9a1cab9-8fb1-45aa-be80-4a16b5d5a3ae.fieldLayouts.279e5b91-22f6-4dbb-8e3d-95bc6c2706a9.tabs.0.elements.0.orientation','null'),('entryTypes.d9a1cab9-8fb1-45aa-be80-4a16b5d5a3ae.fieldLayouts.279e5b91-22f6-4dbb-8e3d-95bc6c2706a9.tabs.0.elements.0.placeholder','null'),('entryTypes.d9a1cab9-8fb1-45aa-be80-4a16b5d5a3ae.fieldLayouts.279e5b91-22f6-4dbb-8e3d-95bc6c2706a9.tabs.0.elements.0.readonly','false'),('entryTypes.d9a1cab9-8fb1-45aa-be80-4a16b5d5a3ae.fieldLayouts.279e5b91-22f6-4dbb-8e3d-95bc6c2706a9.tabs.0.elements.0.requirable','false'),('entryTypes.d9a1cab9-8fb1-45aa-be80-4a16b5d5a3ae.fieldLayouts.279e5b91-22f6-4dbb-8e3d-95bc6c2706a9.tabs.0.elements.0.size','null'),('entryTypes.d9a1cab9-8fb1-45aa-be80-4a16b5d5a3ae.fieldLayouts.279e5b91-22f6-4dbb-8e3d-95bc6c2706a9.tabs.0.elements.0.step','null'),('entryTypes.d9a1cab9-8fb1-45aa-be80-4a16b5d5a3ae.fieldLayouts.279e5b91-22f6-4dbb-8e3d-95bc6c2706a9.tabs.0.elements.0.tip','null'),('entryTypes.d9a1cab9-8fb1-45aa-be80-4a16b5d5a3ae.fieldLayouts.279e5b91-22f6-4dbb-8e3d-95bc6c2706a9.tabs.0.elements.0.title','null'),('entryTypes.d9a1cab9-8fb1-45aa-be80-4a16b5d5a3ae.fieldLayouts.279e5b91-22f6-4dbb-8e3d-95bc6c2706a9.tabs.0.elements.0.type','\"craft\\\\fieldlayoutelements\\\\entries\\\\EntryTitleField\"'),('entryTypes.d9a1cab9-8fb1-45aa-be80-4a16b5d5a3ae.fieldLayouts.279e5b91-22f6-4dbb-8e3d-95bc6c2706a9.tabs.0.elements.0.uid','\"22625b58-3084-4a82-b270-15b8198b5ce6\"'),('entryTypes.d9a1cab9-8fb1-45aa-be80-4a16b5d5a3ae.fieldLayouts.279e5b91-22f6-4dbb-8e3d-95bc6c2706a9.tabs.0.elements.0.userCondition','null'),('entryTypes.d9a1cab9-8fb1-45aa-be80-4a16b5d5a3ae.fieldLayouts.279e5b91-22f6-4dbb-8e3d-95bc6c2706a9.tabs.0.elements.0.warning','null'),('entryTypes.d9a1cab9-8fb1-45aa-be80-4a16b5d5a3ae.fieldLayouts.279e5b91-22f6-4dbb-8e3d-95bc6c2706a9.tabs.0.elements.0.width','100'),('entryTypes.d9a1cab9-8fb1-45aa-be80-4a16b5d5a3ae.fieldLayouts.279e5b91-22f6-4dbb-8e3d-95bc6c2706a9.tabs.0.elements.1.elementCondition','null'),('entryTypes.d9a1cab9-8fb1-45aa-be80-4a16b5d5a3ae.fieldLayouts.279e5b91-22f6-4dbb-8e3d-95bc6c2706a9.tabs.0.elements.1.fieldUid','\"ad2a34fc-908d-4a7e-b211-235d769602d3\"'),('entryTypes.d9a1cab9-8fb1-45aa-be80-4a16b5d5a3ae.fieldLayouts.279e5b91-22f6-4dbb-8e3d-95bc6c2706a9.tabs.0.elements.1.instructions','null'),('entryTypes.d9a1cab9-8fb1-45aa-be80-4a16b5d5a3ae.fieldLayouts.279e5b91-22f6-4dbb-8e3d-95bc6c2706a9.tabs.0.elements.1.label','null'),('entryTypes.d9a1cab9-8fb1-45aa-be80-4a16b5d5a3ae.fieldLayouts.279e5b91-22f6-4dbb-8e3d-95bc6c2706a9.tabs.0.elements.1.required','false'),('entryTypes.d9a1cab9-8fb1-45aa-be80-4a16b5d5a3ae.fieldLayouts.279e5b91-22f6-4dbb-8e3d-95bc6c2706a9.tabs.0.elements.1.tip','null'),('entryTypes.d9a1cab9-8fb1-45aa-be80-4a16b5d5a3ae.fieldLayouts.279e5b91-22f6-4dbb-8e3d-95bc6c2706a9.tabs.0.elements.1.type','\"craft\\\\fieldlayoutelements\\\\CustomField\"'),('entryTypes.d9a1cab9-8fb1-45aa-be80-4a16b5d5a3ae.fieldLayouts.279e5b91-22f6-4dbb-8e3d-95bc6c2706a9.tabs.0.elements.1.uid','\"7c7f8bad-b29c-43d4-aab7-e46e00775240\"'),('entryTypes.d9a1cab9-8fb1-45aa-be80-4a16b5d5a3ae.fieldLayouts.279e5b91-22f6-4dbb-8e3d-95bc6c2706a9.tabs.0.elements.1.userCondition','null'),('entryTypes.d9a1cab9-8fb1-45aa-be80-4a16b5d5a3ae.fieldLayouts.279e5b91-22f6-4dbb-8e3d-95bc6c2706a9.tabs.0.elements.1.warning','null'),('entryTypes.d9a1cab9-8fb1-45aa-be80-4a16b5d5a3ae.fieldLayouts.279e5b91-22f6-4dbb-8e3d-95bc6c2706a9.tabs.0.elements.1.width','100'),('entryTypes.d9a1cab9-8fb1-45aa-be80-4a16b5d5a3ae.fieldLayouts.279e5b91-22f6-4dbb-8e3d-95bc6c2706a9.tabs.0.name','\"Gallery Page\"'),('entryTypes.d9a1cab9-8fb1-45aa-be80-4a16b5d5a3ae.fieldLayouts.279e5b91-22f6-4dbb-8e3d-95bc6c2706a9.tabs.0.uid','\"7436cdd9-7d2e-4b5e-a35f-3aa5153924ca\"'),('entryTypes.d9a1cab9-8fb1-45aa-be80-4a16b5d5a3ae.fieldLayouts.279e5b91-22f6-4dbb-8e3d-95bc6c2706a9.tabs.0.userCondition','null'),('entryTypes.d9a1cab9-8fb1-45aa-be80-4a16b5d5a3ae.handle','\"galleryPage\"'),('entryTypes.d9a1cab9-8fb1-45aa-be80-4a16b5d5a3ae.hasTitleField','true'),('entryTypes.d9a1cab9-8fb1-45aa-be80-4a16b5d5a3ae.name','\"Gallery Page\"'),('entryTypes.d9a1cab9-8fb1-45aa-be80-4a16b5d5a3ae.section','\"d9c26beb-6bee-444c-b33f-13a168793722\"'),('entryTypes.d9a1cab9-8fb1-45aa-be80-4a16b5d5a3ae.showStatusField','true'),('entryTypes.d9a1cab9-8fb1-45aa-be80-4a16b5d5a3ae.slugTranslationKeyFormat','null'),('entryTypes.d9a1cab9-8fb1-45aa-be80-4a16b5d5a3ae.slugTranslationMethod','\"site\"'),('entryTypes.d9a1cab9-8fb1-45aa-be80-4a16b5d5a3ae.sortOrder','2'),('entryTypes.d9a1cab9-8fb1-45aa-be80-4a16b5d5a3ae.titleFormat','null'),('entryTypes.d9a1cab9-8fb1-45aa-be80-4a16b5d5a3ae.titleTranslationKeyFormat','null'),('entryTypes.d9a1cab9-8fb1-45aa-be80-4a16b5d5a3ae.titleTranslationMethod','\"site\"'),('entryTypes.f494ab8a-02d3-48a3-bf69-103c6c96824c.fieldLayouts.c123a272-94e8-4203-bbe3-9b0757fe5ebc.tabs.0.elementCondition','null'),('entryTypes.f494ab8a-02d3-48a3-bf69-103c6c96824c.fieldLayouts.c123a272-94e8-4203-bbe3-9b0757fe5ebc.tabs.0.elements.0.autocapitalize','true'),('entryTypes.f494ab8a-02d3-48a3-bf69-103c6c96824c.fieldLayouts.c123a272-94e8-4203-bbe3-9b0757fe5ebc.tabs.0.elements.0.autocomplete','false'),('entryTypes.f494ab8a-02d3-48a3-bf69-103c6c96824c.fieldLayouts.c123a272-94e8-4203-bbe3-9b0757fe5ebc.tabs.0.elements.0.autocorrect','true'),('entryTypes.f494ab8a-02d3-48a3-bf69-103c6c96824c.fieldLayouts.c123a272-94e8-4203-bbe3-9b0757fe5ebc.tabs.0.elements.0.class','null'),('entryTypes.f494ab8a-02d3-48a3-bf69-103c6c96824c.fieldLayouts.c123a272-94e8-4203-bbe3-9b0757fe5ebc.tabs.0.elements.0.disabled','false'),('entryTypes.f494ab8a-02d3-48a3-bf69-103c6c96824c.fieldLayouts.c123a272-94e8-4203-bbe3-9b0757fe5ebc.tabs.0.elements.0.elementCondition','null'),('entryTypes.f494ab8a-02d3-48a3-bf69-103c6c96824c.fieldLayouts.c123a272-94e8-4203-bbe3-9b0757fe5ebc.tabs.0.elements.0.id','null'),('entryTypes.f494ab8a-02d3-48a3-bf69-103c6c96824c.fieldLayouts.c123a272-94e8-4203-bbe3-9b0757fe5ebc.tabs.0.elements.0.inputType','null'),('entryTypes.f494ab8a-02d3-48a3-bf69-103c6c96824c.fieldLayouts.c123a272-94e8-4203-bbe3-9b0757fe5ebc.tabs.0.elements.0.instructions','null'),('entryTypes.f494ab8a-02d3-48a3-bf69-103c6c96824c.fieldLayouts.c123a272-94e8-4203-bbe3-9b0757fe5ebc.tabs.0.elements.0.label','null'),('entryTypes.f494ab8a-02d3-48a3-bf69-103c6c96824c.fieldLayouts.c123a272-94e8-4203-bbe3-9b0757fe5ebc.tabs.0.elements.0.max','null'),('entryTypes.f494ab8a-02d3-48a3-bf69-103c6c96824c.fieldLayouts.c123a272-94e8-4203-bbe3-9b0757fe5ebc.tabs.0.elements.0.min','null'),('entryTypes.f494ab8a-02d3-48a3-bf69-103c6c96824c.fieldLayouts.c123a272-94e8-4203-bbe3-9b0757fe5ebc.tabs.0.elements.0.name','null'),('entryTypes.f494ab8a-02d3-48a3-bf69-103c6c96824c.fieldLayouts.c123a272-94e8-4203-bbe3-9b0757fe5ebc.tabs.0.elements.0.orientation','null'),('entryTypes.f494ab8a-02d3-48a3-bf69-103c6c96824c.fieldLayouts.c123a272-94e8-4203-bbe3-9b0757fe5ebc.tabs.0.elements.0.placeholder','null'),('entryTypes.f494ab8a-02d3-48a3-bf69-103c6c96824c.fieldLayouts.c123a272-94e8-4203-bbe3-9b0757fe5ebc.tabs.0.elements.0.readonly','false'),('entryTypes.f494ab8a-02d3-48a3-bf69-103c6c96824c.fieldLayouts.c123a272-94e8-4203-bbe3-9b0757fe5ebc.tabs.0.elements.0.requirable','false'),('entryTypes.f494ab8a-02d3-48a3-bf69-103c6c96824c.fieldLayouts.c123a272-94e8-4203-bbe3-9b0757fe5ebc.tabs.0.elements.0.size','null'),('entryTypes.f494ab8a-02d3-48a3-bf69-103c6c96824c.fieldLayouts.c123a272-94e8-4203-bbe3-9b0757fe5ebc.tabs.0.elements.0.step','null'),('entryTypes.f494ab8a-02d3-48a3-bf69-103c6c96824c.fieldLayouts.c123a272-94e8-4203-bbe3-9b0757fe5ebc.tabs.0.elements.0.tip','null'),('entryTypes.f494ab8a-02d3-48a3-bf69-103c6c96824c.fieldLayouts.c123a272-94e8-4203-bbe3-9b0757fe5ebc.tabs.0.elements.0.title','null'),('entryTypes.f494ab8a-02d3-48a3-bf69-103c6c96824c.fieldLayouts.c123a272-94e8-4203-bbe3-9b0757fe5ebc.tabs.0.elements.0.type','\"craft\\\\fieldlayoutelements\\\\entries\\\\EntryTitleField\"'),('entryTypes.f494ab8a-02d3-48a3-bf69-103c6c96824c.fieldLayouts.c123a272-94e8-4203-bbe3-9b0757fe5ebc.tabs.0.elements.0.uid','\"9a388b4a-5b98-4822-82f9-ef14e26b3e64\"'),('entryTypes.f494ab8a-02d3-48a3-bf69-103c6c96824c.fieldLayouts.c123a272-94e8-4203-bbe3-9b0757fe5ebc.tabs.0.elements.0.userCondition','null'),('entryTypes.f494ab8a-02d3-48a3-bf69-103c6c96824c.fieldLayouts.c123a272-94e8-4203-bbe3-9b0757fe5ebc.tabs.0.elements.0.warning','null'),('entryTypes.f494ab8a-02d3-48a3-bf69-103c6c96824c.fieldLayouts.c123a272-94e8-4203-bbe3-9b0757fe5ebc.tabs.0.elements.0.width','100'),('entryTypes.f494ab8a-02d3-48a3-bf69-103c6c96824c.fieldLayouts.c123a272-94e8-4203-bbe3-9b0757fe5ebc.tabs.0.elements.1.elementCondition','null'),('entryTypes.f494ab8a-02d3-48a3-bf69-103c6c96824c.fieldLayouts.c123a272-94e8-4203-bbe3-9b0757fe5ebc.tabs.0.elements.1.fieldUid','\"9529e1cb-135c-4e74-bd95-f62c6d2bc858\"'),('entryTypes.f494ab8a-02d3-48a3-bf69-103c6c96824c.fieldLayouts.c123a272-94e8-4203-bbe3-9b0757fe5ebc.tabs.0.elements.1.instructions','null'),('entryTypes.f494ab8a-02d3-48a3-bf69-103c6c96824c.fieldLayouts.c123a272-94e8-4203-bbe3-9b0757fe5ebc.tabs.0.elements.1.label','null'),('entryTypes.f494ab8a-02d3-48a3-bf69-103c6c96824c.fieldLayouts.c123a272-94e8-4203-bbe3-9b0757fe5ebc.tabs.0.elements.1.required','false'),('entryTypes.f494ab8a-02d3-48a3-bf69-103c6c96824c.fieldLayouts.c123a272-94e8-4203-bbe3-9b0757fe5ebc.tabs.0.elements.1.tip','null'),('entryTypes.f494ab8a-02d3-48a3-bf69-103c6c96824c.fieldLayouts.c123a272-94e8-4203-bbe3-9b0757fe5ebc.tabs.0.elements.1.type','\"craft\\\\fieldlayoutelements\\\\CustomField\"'),('entryTypes.f494ab8a-02d3-48a3-bf69-103c6c96824c.fieldLayouts.c123a272-94e8-4203-bbe3-9b0757fe5ebc.tabs.0.elements.1.uid','\"58557f92-7d83-4a51-8d3e-b9b38ab91b11\"'),('entryTypes.f494ab8a-02d3-48a3-bf69-103c6c96824c.fieldLayouts.c123a272-94e8-4203-bbe3-9b0757fe5ebc.tabs.0.elements.1.userCondition','null'),('entryTypes.f494ab8a-02d3-48a3-bf69-103c6c96824c.fieldLayouts.c123a272-94e8-4203-bbe3-9b0757fe5ebc.tabs.0.elements.1.warning','null'),('entryTypes.f494ab8a-02d3-48a3-bf69-103c6c96824c.fieldLayouts.c123a272-94e8-4203-bbe3-9b0757fe5ebc.tabs.0.elements.1.width','100'),('entryTypes.f494ab8a-02d3-48a3-bf69-103c6c96824c.fieldLayouts.c123a272-94e8-4203-bbe3-9b0757fe5ebc.tabs.0.name','\"Spotify Embed\"'),('entryTypes.f494ab8a-02d3-48a3-bf69-103c6c96824c.fieldLayouts.c123a272-94e8-4203-bbe3-9b0757fe5ebc.tabs.0.uid','\"9dd4191e-eea3-4711-bfea-cf7c2564ca6e\"'),('entryTypes.f494ab8a-02d3-48a3-bf69-103c6c96824c.fieldLayouts.c123a272-94e8-4203-bbe3-9b0757fe5ebc.tabs.0.userCondition','null'),('entryTypes.f494ab8a-02d3-48a3-bf69-103c6c96824c.handle','\"spotifyEmbed\"'),('entryTypes.f494ab8a-02d3-48a3-bf69-103c6c96824c.hasTitleField','true'),('entryTypes.f494ab8a-02d3-48a3-bf69-103c6c96824c.name','\"Spotify Embed\"'),('entryTypes.f494ab8a-02d3-48a3-bf69-103c6c96824c.section','\"e83e534b-ba3e-41e5-9e73-051db8c4b65b\"'),('entryTypes.f494ab8a-02d3-48a3-bf69-103c6c96824c.showStatusField','true'),('entryTypes.f494ab8a-02d3-48a3-bf69-103c6c96824c.slugTranslationKeyFormat','null'),('entryTypes.f494ab8a-02d3-48a3-bf69-103c6c96824c.slugTranslationMethod','\"site\"'),('entryTypes.f494ab8a-02d3-48a3-bf69-103c6c96824c.sortOrder','3'),('entryTypes.f494ab8a-02d3-48a3-bf69-103c6c96824c.titleFormat','null'),('entryTypes.f494ab8a-02d3-48a3-bf69-103c6c96824c.titleTranslationKeyFormat','null'),('entryTypes.f494ab8a-02d3-48a3-bf69-103c6c96824c.titleTranslationMethod','\"site\"'),('fieldGroups.58a9a081-b18a-491b-8415-a98c88e1f715.name','\"Contact Submissions\"'),('fieldGroups.6666a6a1-03de-48f8-8656-d742d3252af4.name','\"Gigs\"'),('fieldGroups.6885f695-10c5-4850-ae3d-56e141e36098.name','\"Embed\"'),('fieldGroups.89bc9f6a-115e-483a-ac07-1c6733a325b1.name','\"Pages\"'),('fieldGroups.bf844600-a572-48d3-a982-cc9650cb5663.name','\"Videos\"'),('fieldGroups.c40c2df4-0c17-4c5b-a5f4-44d6c0866c4f.name','\"Globals\"'),('fieldGroups.f218cbd0-5c1b-4ff8-a4eb-df6bd7a9164f.name','\"Common\"'),('fields.139b20e8-6e1b-4e75-be7f-776bc8a50d43.columnSuffix','\"jxvqpmcm\"'),('fields.139b20e8-6e1b-4e75-be7f-776bc8a50d43.contentColumnType','\"text\"'),('fields.139b20e8-6e1b-4e75-be7f-776bc8a50d43.fieldGroup','\"89bc9f6a-115e-483a-ac07-1c6733a325b1\"'),('fields.139b20e8-6e1b-4e75-be7f-776bc8a50d43.handle','\"pageTemplate\"'),('fields.139b20e8-6e1b-4e75-be7f-776bc8a50d43.instructions','\"Path to page template\"'),('fields.139b20e8-6e1b-4e75-be7f-776bc8a50d43.name','\"Page Template\"'),('fields.139b20e8-6e1b-4e75-be7f-776bc8a50d43.searchable','false'),('fields.139b20e8-6e1b-4e75-be7f-776bc8a50d43.settings.byteLimit','null'),('fields.139b20e8-6e1b-4e75-be7f-776bc8a50d43.settings.charLimit','null'),('fields.139b20e8-6e1b-4e75-be7f-776bc8a50d43.settings.code','false'),('fields.139b20e8-6e1b-4e75-be7f-776bc8a50d43.settings.columnType','null'),('fields.139b20e8-6e1b-4e75-be7f-776bc8a50d43.settings.initialRows','4'),('fields.139b20e8-6e1b-4e75-be7f-776bc8a50d43.settings.multiline','false'),('fields.139b20e8-6e1b-4e75-be7f-776bc8a50d43.settings.placeholder','null'),('fields.139b20e8-6e1b-4e75-be7f-776bc8a50d43.settings.uiMode','\"normal\"'),('fields.139b20e8-6e1b-4e75-be7f-776bc8a50d43.translationKeyFormat','null'),('fields.139b20e8-6e1b-4e75-be7f-776bc8a50d43.translationMethod','\"none\"'),('fields.139b20e8-6e1b-4e75-be7f-776bc8a50d43.type','\"craft\\\\fields\\\\PlainText\"'),('fields.21bf5ac9-a185-4970-b6dc-e66c96ef0807.columnSuffix','\"ydkphbeb\"'),('fields.21bf5ac9-a185-4970-b6dc-e66c96ef0807.contentColumnType','\"text\"'),('fields.21bf5ac9-a185-4970-b6dc-e66c96ef0807.fieldGroup','\"bf844600-a572-48d3-a982-cc9650cb5663\"'),('fields.21bf5ac9-a185-4970-b6dc-e66c96ef0807.handle','\"youtubeVideoId\"'),('fields.21bf5ac9-a185-4970-b6dc-e66c96ef0807.instructions','\"YouTube Video ID\\r\\nExample: ID for https://www.youtube.com/watch?v=E_l-b-8qSYA is E_l-b-8qSYA.\"'),('fields.21bf5ac9-a185-4970-b6dc-e66c96ef0807.name','\"YouTube Video ID\"'),('fields.21bf5ac9-a185-4970-b6dc-e66c96ef0807.searchable','false'),('fields.21bf5ac9-a185-4970-b6dc-e66c96ef0807.settings.byteLimit','null'),('fields.21bf5ac9-a185-4970-b6dc-e66c96ef0807.settings.charLimit','null'),('fields.21bf5ac9-a185-4970-b6dc-e66c96ef0807.settings.code','false'),('fields.21bf5ac9-a185-4970-b6dc-e66c96ef0807.settings.columnType','null'),('fields.21bf5ac9-a185-4970-b6dc-e66c96ef0807.settings.initialRows','4'),('fields.21bf5ac9-a185-4970-b6dc-e66c96ef0807.settings.multiline','false'),('fields.21bf5ac9-a185-4970-b6dc-e66c96ef0807.settings.placeholder','null'),('fields.21bf5ac9-a185-4970-b6dc-e66c96ef0807.settings.uiMode','\"normal\"'),('fields.21bf5ac9-a185-4970-b6dc-e66c96ef0807.translationKeyFormat','null'),('fields.21bf5ac9-a185-4970-b6dc-e66c96ef0807.translationMethod','\"none\"'),('fields.21bf5ac9-a185-4970-b6dc-e66c96ef0807.type','\"craft\\\\fields\\\\PlainText\"'),('fields.57ee90df-01e6-437a-8c5c-38815877f909.columnSuffix','\"qqiavbhr\"'),('fields.57ee90df-01e6-437a-8c5c-38815877f909.contentColumnType','\"string\"'),('fields.57ee90df-01e6-437a-8c5c-38815877f909.fieldGroup','\"58a9a081-b18a-491b-8415-a98c88e1f715\"'),('fields.57ee90df-01e6-437a-8c5c-38815877f909.handle','\"submissionEmail\"'),('fields.57ee90df-01e6-437a-8c5c-38815877f909.instructions','null'),('fields.57ee90df-01e6-437a-8c5c-38815877f909.name','\"Email Address\"'),('fields.57ee90df-01e6-437a-8c5c-38815877f909.searchable','false'),('fields.57ee90df-01e6-437a-8c5c-38815877f909.settings.placeholder','null'),('fields.57ee90df-01e6-437a-8c5c-38815877f909.translationKeyFormat','null'),('fields.57ee90df-01e6-437a-8c5c-38815877f909.translationMethod','\"none\"'),('fields.57ee90df-01e6-437a-8c5c-38815877f909.type','\"craft\\\\fields\\\\Email\"'),('fields.82e690ff-8e29-4b0d-850d-c09a6cc8871f.columnSuffix','\"lcmhpagu\"'),('fields.82e690ff-8e29-4b0d-850d-c09a6cc8871f.contentColumnType','\"string(255)\"'),('fields.82e690ff-8e29-4b0d-850d-c09a6cc8871f.fieldGroup','\"6666a6a1-03de-48f8-8656-d742d3252af4\"'),('fields.82e690ff-8e29-4b0d-850d-c09a6cc8871f.handle','\"gigLink\"'),('fields.82e690ff-8e29-4b0d-850d-c09a6cc8871f.instructions','null'),('fields.82e690ff-8e29-4b0d-850d-c09a6cc8871f.name','\"Link\"'),('fields.82e690ff-8e29-4b0d-850d-c09a6cc8871f.searchable','false'),('fields.82e690ff-8e29-4b0d-850d-c09a6cc8871f.settings.maxLength','255'),('fields.82e690ff-8e29-4b0d-850d-c09a6cc8871f.settings.types.0','\"url\"'),('fields.82e690ff-8e29-4b0d-850d-c09a6cc8871f.translationKeyFormat','null'),('fields.82e690ff-8e29-4b0d-850d-c09a6cc8871f.translationMethod','\"none\"'),('fields.82e690ff-8e29-4b0d-850d-c09a6cc8871f.type','\"craft\\\\fields\\\\Url\"'),('fields.9167b446-1840-45ea-8aa9-300e555b1344.columnSuffix','\"vhxmksft\"'),('fields.9167b446-1840-45ea-8aa9-300e555b1344.contentColumnType','\"text\"'),('fields.9167b446-1840-45ea-8aa9-300e555b1344.fieldGroup','\"c40c2df4-0c17-4c5b-a5f4-44d6c0866c4f\"'),('fields.9167b446-1840-45ea-8aa9-300e555b1344.handle','\"clientEmail\"'),('fields.9167b446-1840-45ea-8aa9-300e555b1344.instructions','null'),('fields.9167b446-1840-45ea-8aa9-300e555b1344.name','\"Client Email\"'),('fields.9167b446-1840-45ea-8aa9-300e555b1344.searchable','false'),('fields.9167b446-1840-45ea-8aa9-300e555b1344.settings.byteLimit','null'),('fields.9167b446-1840-45ea-8aa9-300e555b1344.settings.charLimit','null'),('fields.9167b446-1840-45ea-8aa9-300e555b1344.settings.code','false'),('fields.9167b446-1840-45ea-8aa9-300e555b1344.settings.columnType','null'),('fields.9167b446-1840-45ea-8aa9-300e555b1344.settings.initialRows','4'),('fields.9167b446-1840-45ea-8aa9-300e555b1344.settings.multiline','false'),('fields.9167b446-1840-45ea-8aa9-300e555b1344.settings.placeholder','\"email@email.com\"'),('fields.9167b446-1840-45ea-8aa9-300e555b1344.settings.uiMode','\"normal\"'),('fields.9167b446-1840-45ea-8aa9-300e555b1344.translationKeyFormat','null'),('fields.9167b446-1840-45ea-8aa9-300e555b1344.translationMethod','\"none\"'),('fields.9167b446-1840-45ea-8aa9-300e555b1344.type','\"craft\\\\fields\\\\PlainText\"'),('fields.9529e1cb-135c-4e74-bd95-f62c6d2bc858.columnSuffix','\"yzgetqnv\"'),('fields.9529e1cb-135c-4e74-bd95-f62c6d2bc858.contentColumnType','\"text\"'),('fields.9529e1cb-135c-4e74-bd95-f62c6d2bc858.fieldGroup','\"6885f695-10c5-4850-ae3d-56e141e36098\"'),('fields.9529e1cb-135c-4e74-bd95-f62c6d2bc858.handle','\"spotifyEmbed\"'),('fields.9529e1cb-135c-4e74-bd95-f62c6d2bc858.instructions','\"Copy your Spotify Embed code and paste it here ...\"'),('fields.9529e1cb-135c-4e74-bd95-f62c6d2bc858.name','\"Spotify Embed\"'),('fields.9529e1cb-135c-4e74-bd95-f62c6d2bc858.searchable','false'),('fields.9529e1cb-135c-4e74-bd95-f62c6d2bc858.settings.byteLimit','null'),('fields.9529e1cb-135c-4e74-bd95-f62c6d2bc858.settings.charLimit','null'),('fields.9529e1cb-135c-4e74-bd95-f62c6d2bc858.settings.code','false'),('fields.9529e1cb-135c-4e74-bd95-f62c6d2bc858.settings.columnType','null'),('fields.9529e1cb-135c-4e74-bd95-f62c6d2bc858.settings.initialRows','10'),('fields.9529e1cb-135c-4e74-bd95-f62c6d2bc858.settings.multiline','true'),('fields.9529e1cb-135c-4e74-bd95-f62c6d2bc858.settings.placeholder','\"Code goes here ...\"'),('fields.9529e1cb-135c-4e74-bd95-f62c6d2bc858.settings.uiMode','\"normal\"'),('fields.9529e1cb-135c-4e74-bd95-f62c6d2bc858.translationKeyFormat','null'),('fields.9529e1cb-135c-4e74-bd95-f62c6d2bc858.translationMethod','\"none\"'),('fields.9529e1cb-135c-4e74-bd95-f62c6d2bc858.type','\"craft\\\\fields\\\\PlainText\"'),('fields.962ca735-e2e0-4550-a295-93f517459468.columnSuffix','\"ziqqexut\"'),('fields.962ca735-e2e0-4550-a295-93f517459468.contentColumnType','\"text\"'),('fields.962ca735-e2e0-4550-a295-93f517459468.fieldGroup','\"58a9a081-b18a-491b-8415-a98c88e1f715\"'),('fields.962ca735-e2e0-4550-a295-93f517459468.handle','\"submissionSubject\"'),('fields.962ca735-e2e0-4550-a295-93f517459468.instructions','null'),('fields.962ca735-e2e0-4550-a295-93f517459468.name','\"Subject\"'),('fields.962ca735-e2e0-4550-a295-93f517459468.searchable','false'),('fields.962ca735-e2e0-4550-a295-93f517459468.settings.byteLimit','null'),('fields.962ca735-e2e0-4550-a295-93f517459468.settings.charLimit','null'),('fields.962ca735-e2e0-4550-a295-93f517459468.settings.code','false'),('fields.962ca735-e2e0-4550-a295-93f517459468.settings.columnType','null'),('fields.962ca735-e2e0-4550-a295-93f517459468.settings.initialRows','4'),('fields.962ca735-e2e0-4550-a295-93f517459468.settings.multiline','false'),('fields.962ca735-e2e0-4550-a295-93f517459468.settings.placeholder','null'),('fields.962ca735-e2e0-4550-a295-93f517459468.settings.uiMode','\"normal\"'),('fields.962ca735-e2e0-4550-a295-93f517459468.translationKeyFormat','null'),('fields.962ca735-e2e0-4550-a295-93f517459468.translationMethod','\"none\"'),('fields.962ca735-e2e0-4550-a295-93f517459468.type','\"craft\\\\fields\\\\PlainText\"'),('fields.a10d1b66-619c-4f4b-99c3-ad63094cbee2.columnSuffix','null'),('fields.a10d1b66-619c-4f4b-99c3-ad63094cbee2.contentColumnType','\"string\"'),('fields.a10d1b66-619c-4f4b-99c3-ad63094cbee2.fieldGroup','\"c40c2df4-0c17-4c5b-a5f4-44d6c0866c4f\"'),('fields.a10d1b66-619c-4f4b-99c3-ad63094cbee2.handle','\"siteLogo\"'),('fields.a10d1b66-619c-4f4b-99c3-ad63094cbee2.instructions','null'),('fields.a10d1b66-619c-4f4b-99c3-ad63094cbee2.name','\"Site Logo\"'),('fields.a10d1b66-619c-4f4b-99c3-ad63094cbee2.searchable','false'),('fields.a10d1b66-619c-4f4b-99c3-ad63094cbee2.settings.allowedKinds.0','\"image\"'),('fields.a10d1b66-619c-4f4b-99c3-ad63094cbee2.settings.allowSelfRelations','false'),('fields.a10d1b66-619c-4f4b-99c3-ad63094cbee2.settings.allowSubfolders','false'),('fields.a10d1b66-619c-4f4b-99c3-ad63094cbee2.settings.allowUploads','true'),('fields.a10d1b66-619c-4f4b-99c3-ad63094cbee2.settings.branchLimit','null'),('fields.a10d1b66-619c-4f4b-99c3-ad63094cbee2.settings.defaultUploadLocationSource','\"volume:4be4bc77-6721-4564-9441-605a1a6c0bad\"'),('fields.a10d1b66-619c-4f4b-99c3-ad63094cbee2.settings.defaultUploadLocationSubpath','null'),('fields.a10d1b66-619c-4f4b-99c3-ad63094cbee2.settings.localizeRelations','false'),('fields.a10d1b66-619c-4f4b-99c3-ad63094cbee2.settings.maintainHierarchy','false'),('fields.a10d1b66-619c-4f4b-99c3-ad63094cbee2.settings.maxRelations','1'),('fields.a10d1b66-619c-4f4b-99c3-ad63094cbee2.settings.minRelations','null'),('fields.a10d1b66-619c-4f4b-99c3-ad63094cbee2.settings.previewMode','\"full\"'),('fields.a10d1b66-619c-4f4b-99c3-ad63094cbee2.settings.restrictedDefaultUploadSubpath','null'),('fields.a10d1b66-619c-4f4b-99c3-ad63094cbee2.settings.restrictedLocationSource','\"volume:4be4bc77-6721-4564-9441-605a1a6c0bad\"'),('fields.a10d1b66-619c-4f4b-99c3-ad63094cbee2.settings.restrictedLocationSubpath','null'),('fields.a10d1b66-619c-4f4b-99c3-ad63094cbee2.settings.restrictFiles','true'),('fields.a10d1b66-619c-4f4b-99c3-ad63094cbee2.settings.restrictLocation','false'),('fields.a10d1b66-619c-4f4b-99c3-ad63094cbee2.settings.selectionLabel','null'),('fields.a10d1b66-619c-4f4b-99c3-ad63094cbee2.settings.showSiteMenu','false'),('fields.a10d1b66-619c-4f4b-99c3-ad63094cbee2.settings.showUnpermittedFiles','false'),('fields.a10d1b66-619c-4f4b-99c3-ad63094cbee2.settings.showUnpermittedVolumes','false'),('fields.a10d1b66-619c-4f4b-99c3-ad63094cbee2.settings.sources.0','\"volume:4be4bc77-6721-4564-9441-605a1a6c0bad\"'),('fields.a10d1b66-619c-4f4b-99c3-ad63094cbee2.settings.targetSiteId','null'),('fields.a10d1b66-619c-4f4b-99c3-ad63094cbee2.settings.validateRelatedElements','false'),('fields.a10d1b66-619c-4f4b-99c3-ad63094cbee2.settings.viewMode','\"large\"'),('fields.a10d1b66-619c-4f4b-99c3-ad63094cbee2.translationKeyFormat','null'),('fields.a10d1b66-619c-4f4b-99c3-ad63094cbee2.translationMethod','\"site\"'),('fields.a10d1b66-619c-4f4b-99c3-ad63094cbee2.type','\"craft\\\\fields\\\\Assets\"'),('fields.ad2a34fc-908d-4a7e-b211-235d769602d3.columnSuffix','null'),('fields.ad2a34fc-908d-4a7e-b211-235d769602d3.contentColumnType','\"string\"'),('fields.ad2a34fc-908d-4a7e-b211-235d769602d3.fieldGroup','\"89bc9f6a-115e-483a-ac07-1c6733a325b1\"'),('fields.ad2a34fc-908d-4a7e-b211-235d769602d3.handle','\"galleryImages\"'),('fields.ad2a34fc-908d-4a7e-b211-235d769602d3.instructions','null'),('fields.ad2a34fc-908d-4a7e-b211-235d769602d3.name','\"Gallery Images\"'),('fields.ad2a34fc-908d-4a7e-b211-235d769602d3.searchable','false'),('fields.ad2a34fc-908d-4a7e-b211-235d769602d3.settings.allowedKinds.0','\"image\"'),('fields.ad2a34fc-908d-4a7e-b211-235d769602d3.settings.allowSelfRelations','false'),('fields.ad2a34fc-908d-4a7e-b211-235d769602d3.settings.allowSubfolders','false'),('fields.ad2a34fc-908d-4a7e-b211-235d769602d3.settings.allowUploads','true'),('fields.ad2a34fc-908d-4a7e-b211-235d769602d3.settings.branchLimit','null'),('fields.ad2a34fc-908d-4a7e-b211-235d769602d3.settings.defaultUploadLocationSource','\"volume:4be4bc77-6721-4564-9441-605a1a6c0bad\"'),('fields.ad2a34fc-908d-4a7e-b211-235d769602d3.settings.defaultUploadLocationSubpath','null'),('fields.ad2a34fc-908d-4a7e-b211-235d769602d3.settings.localizeRelations','false'),('fields.ad2a34fc-908d-4a7e-b211-235d769602d3.settings.maintainHierarchy','false'),('fields.ad2a34fc-908d-4a7e-b211-235d769602d3.settings.maxRelations','null'),('fields.ad2a34fc-908d-4a7e-b211-235d769602d3.settings.minRelations','null'),('fields.ad2a34fc-908d-4a7e-b211-235d769602d3.settings.previewMode','\"full\"'),('fields.ad2a34fc-908d-4a7e-b211-235d769602d3.settings.restrictedDefaultUploadSubpath','null'),('fields.ad2a34fc-908d-4a7e-b211-235d769602d3.settings.restrictedLocationSource','\"volume:4be4bc77-6721-4564-9441-605a1a6c0bad\"'),('fields.ad2a34fc-908d-4a7e-b211-235d769602d3.settings.restrictedLocationSubpath','null'),('fields.ad2a34fc-908d-4a7e-b211-235d769602d3.settings.restrictFiles','true'),('fields.ad2a34fc-908d-4a7e-b211-235d769602d3.settings.restrictLocation','false'),('fields.ad2a34fc-908d-4a7e-b211-235d769602d3.settings.selectionLabel','\"Add Gallery images\"'),('fields.ad2a34fc-908d-4a7e-b211-235d769602d3.settings.showSiteMenu','false'),('fields.ad2a34fc-908d-4a7e-b211-235d769602d3.settings.showUnpermittedFiles','false'),('fields.ad2a34fc-908d-4a7e-b211-235d769602d3.settings.showUnpermittedVolumes','false'),('fields.ad2a34fc-908d-4a7e-b211-235d769602d3.settings.sources.0','\"volume:4be4bc77-6721-4564-9441-605a1a6c0bad\"'),('fields.ad2a34fc-908d-4a7e-b211-235d769602d3.settings.targetSiteId','null'),('fields.ad2a34fc-908d-4a7e-b211-235d769602d3.settings.validateRelatedElements','false'),('fields.ad2a34fc-908d-4a7e-b211-235d769602d3.settings.viewMode','\"list\"'),('fields.ad2a34fc-908d-4a7e-b211-235d769602d3.translationKeyFormat','null'),('fields.ad2a34fc-908d-4a7e-b211-235d769602d3.translationMethod','\"site\"'),('fields.ad2a34fc-908d-4a7e-b211-235d769602d3.type','\"craft\\\\fields\\\\Assets\"'),('fields.afa92d21-9da5-4728-b388-676ab1b11c37.columnSuffix','null'),('fields.afa92d21-9da5-4728-b388-676ab1b11c37.contentColumnType','\"string\"'),('fields.afa92d21-9da5-4728-b388-676ab1b11c37.fieldGroup','\"6666a6a1-03de-48f8-8656-d742d3252af4\"'),('fields.afa92d21-9da5-4728-b388-676ab1b11c37.handle','\"gigFeaturedImage\"'),('fields.afa92d21-9da5-4728-b388-676ab1b11c37.instructions','null'),('fields.afa92d21-9da5-4728-b388-676ab1b11c37.name','\"Featured Image\"'),('fields.afa92d21-9da5-4728-b388-676ab1b11c37.searchable','false'),('fields.afa92d21-9da5-4728-b388-676ab1b11c37.settings.allowedKinds.0','\"image\"'),('fields.afa92d21-9da5-4728-b388-676ab1b11c37.settings.allowSelfRelations','false'),('fields.afa92d21-9da5-4728-b388-676ab1b11c37.settings.allowSubfolders','false'),('fields.afa92d21-9da5-4728-b388-676ab1b11c37.settings.allowUploads','true'),('fields.afa92d21-9da5-4728-b388-676ab1b11c37.settings.branchLimit','null'),('fields.afa92d21-9da5-4728-b388-676ab1b11c37.settings.defaultUploadLocationSource','\"volume:4be4bc77-6721-4564-9441-605a1a6c0bad\"'),('fields.afa92d21-9da5-4728-b388-676ab1b11c37.settings.defaultUploadLocationSubpath','null'),('fields.afa92d21-9da5-4728-b388-676ab1b11c37.settings.localizeRelations','false'),('fields.afa92d21-9da5-4728-b388-676ab1b11c37.settings.maintainHierarchy','false'),('fields.afa92d21-9da5-4728-b388-676ab1b11c37.settings.maxRelations','1'),('fields.afa92d21-9da5-4728-b388-676ab1b11c37.settings.minRelations','null'),('fields.afa92d21-9da5-4728-b388-676ab1b11c37.settings.previewMode','\"full\"'),('fields.afa92d21-9da5-4728-b388-676ab1b11c37.settings.restrictedDefaultUploadSubpath','null'),('fields.afa92d21-9da5-4728-b388-676ab1b11c37.settings.restrictedLocationSource','\"volume:4be4bc77-6721-4564-9441-605a1a6c0bad\"'),('fields.afa92d21-9da5-4728-b388-676ab1b11c37.settings.restrictedLocationSubpath','null'),('fields.afa92d21-9da5-4728-b388-676ab1b11c37.settings.restrictFiles','true'),('fields.afa92d21-9da5-4728-b388-676ab1b11c37.settings.restrictLocation','false'),('fields.afa92d21-9da5-4728-b388-676ab1b11c37.settings.selectionLabel','\"Add a featured image\"'),('fields.afa92d21-9da5-4728-b388-676ab1b11c37.settings.showSiteMenu','false'),('fields.afa92d21-9da5-4728-b388-676ab1b11c37.settings.showUnpermittedFiles','false'),('fields.afa92d21-9da5-4728-b388-676ab1b11c37.settings.showUnpermittedVolumes','false'),('fields.afa92d21-9da5-4728-b388-676ab1b11c37.settings.sources.0','\"volume:4be4bc77-6721-4564-9441-605a1a6c0bad\"'),('fields.afa92d21-9da5-4728-b388-676ab1b11c37.settings.targetSiteId','null'),('fields.afa92d21-9da5-4728-b388-676ab1b11c37.settings.validateRelatedElements','false'),('fields.afa92d21-9da5-4728-b388-676ab1b11c37.settings.viewMode','\"large\"'),('fields.afa92d21-9da5-4728-b388-676ab1b11c37.translationKeyFormat','null'),('fields.afa92d21-9da5-4728-b388-676ab1b11c37.translationMethod','\"site\"'),('fields.afa92d21-9da5-4728-b388-676ab1b11c37.type','\"craft\\\\fields\\\\Assets\"'),('fields.b61a32ce-4093-4b76-986a-5303ee05cc28.columnSuffix','\"fggnchnh\"'),('fields.b61a32ce-4093-4b76-986a-5303ee05cc28.contentColumnType','\"text\"'),('fields.b61a32ce-4093-4b76-986a-5303ee05cc28.fieldGroup','\"58a9a081-b18a-491b-8415-a98c88e1f715\"'),('fields.b61a32ce-4093-4b76-986a-5303ee05cc28.handle','\"submissionName\"'),('fields.b61a32ce-4093-4b76-986a-5303ee05cc28.instructions','null'),('fields.b61a32ce-4093-4b76-986a-5303ee05cc28.name','\"Name\"'),('fields.b61a32ce-4093-4b76-986a-5303ee05cc28.searchable','false'),('fields.b61a32ce-4093-4b76-986a-5303ee05cc28.settings.byteLimit','null'),('fields.b61a32ce-4093-4b76-986a-5303ee05cc28.settings.charLimit','null'),('fields.b61a32ce-4093-4b76-986a-5303ee05cc28.settings.code','false'),('fields.b61a32ce-4093-4b76-986a-5303ee05cc28.settings.columnType','null'),('fields.b61a32ce-4093-4b76-986a-5303ee05cc28.settings.initialRows','4'),('fields.b61a32ce-4093-4b76-986a-5303ee05cc28.settings.multiline','false'),('fields.b61a32ce-4093-4b76-986a-5303ee05cc28.settings.placeholder','null'),('fields.b61a32ce-4093-4b76-986a-5303ee05cc28.settings.uiMode','\"normal\"'),('fields.b61a32ce-4093-4b76-986a-5303ee05cc28.translationKeyFormat','null'),('fields.b61a32ce-4093-4b76-986a-5303ee05cc28.translationMethod','\"none\"'),('fields.b61a32ce-4093-4b76-986a-5303ee05cc28.type','\"craft\\\\fields\\\\PlainText\"'),('fields.be2a1882-9121-4306-87b1-450de9d53256.columnSuffix','\"qpoyhsol\"'),('fields.be2a1882-9121-4306-87b1-450de9d53256.contentColumnType','\"text\"'),('fields.be2a1882-9121-4306-87b1-450de9d53256.fieldGroup','\"6885f695-10c5-4850-ae3d-56e141e36098\"'),('fields.be2a1882-9121-4306-87b1-450de9d53256.handle','\"soundcloudEmbed\"'),('fields.be2a1882-9121-4306-87b1-450de9d53256.instructions','\"Copy the SoiundCloud Embed code from your track and paste it here ...\"'),('fields.be2a1882-9121-4306-87b1-450de9d53256.name','\"SoundCloud Embed\"'),('fields.be2a1882-9121-4306-87b1-450de9d53256.searchable','false'),('fields.be2a1882-9121-4306-87b1-450de9d53256.settings.byteLimit','null'),('fields.be2a1882-9121-4306-87b1-450de9d53256.settings.charLimit','null'),('fields.be2a1882-9121-4306-87b1-450de9d53256.settings.code','false'),('fields.be2a1882-9121-4306-87b1-450de9d53256.settings.columnType','null'),('fields.be2a1882-9121-4306-87b1-450de9d53256.settings.initialRows','10'),('fields.be2a1882-9121-4306-87b1-450de9d53256.settings.multiline','true'),('fields.be2a1882-9121-4306-87b1-450de9d53256.settings.placeholder','\"Code goes here ...\"'),('fields.be2a1882-9121-4306-87b1-450de9d53256.settings.uiMode','\"normal\"'),('fields.be2a1882-9121-4306-87b1-450de9d53256.translationKeyFormat','null'),('fields.be2a1882-9121-4306-87b1-450de9d53256.translationMethod','\"none\"'),('fields.be2a1882-9121-4306-87b1-450de9d53256.type','\"craft\\\\fields\\\\PlainText\"'),('fields.cf9cc357-e972-4534-96a3-16243a7d4e25.columnSuffix','\"rzbqtsud\"'),('fields.cf9cc357-e972-4534-96a3-16243a7d4e25.contentColumnType.0','\"date:datetime\"'),('fields.cf9cc357-e972-4534-96a3-16243a7d4e25.contentColumnType.1','\"tz:string\"'),('fields.cf9cc357-e972-4534-96a3-16243a7d4e25.fieldGroup','\"6666a6a1-03de-48f8-8656-d742d3252af4\"'),('fields.cf9cc357-e972-4534-96a3-16243a7d4e25.handle','\"gigDate\"'),('fields.cf9cc357-e972-4534-96a3-16243a7d4e25.instructions','null'),('fields.cf9cc357-e972-4534-96a3-16243a7d4e25.name','\"Date\"'),('fields.cf9cc357-e972-4534-96a3-16243a7d4e25.searchable','false'),('fields.cf9cc357-e972-4534-96a3-16243a7d4e25.settings.max','null'),('fields.cf9cc357-e972-4534-96a3-16243a7d4e25.settings.min','null'),('fields.cf9cc357-e972-4534-96a3-16243a7d4e25.settings.minuteIncrement','30'),('fields.cf9cc357-e972-4534-96a3-16243a7d4e25.settings.showDate','true'),('fields.cf9cc357-e972-4534-96a3-16243a7d4e25.settings.showTime','true'),('fields.cf9cc357-e972-4534-96a3-16243a7d4e25.settings.showTimeZone','true'),('fields.cf9cc357-e972-4534-96a3-16243a7d4e25.translationKeyFormat','null'),('fields.cf9cc357-e972-4534-96a3-16243a7d4e25.translationMethod','\"none\"'),('fields.cf9cc357-e972-4534-96a3-16243a7d4e25.type','\"craft\\\\fields\\\\Date\"'),('fields.dc9dbdd1-71b5-4b7e-8fc1-134104cb3a83.columnSuffix','null'),('fields.dc9dbdd1-71b5-4b7e-8fc1-134104cb3a83.contentColumnType','\"string\"'),('fields.dc9dbdd1-71b5-4b7e-8fc1-134104cb3a83.fieldGroup','\"c40c2df4-0c17-4c5b-a5f4-44d6c0866c4f\"'),('fields.dc9dbdd1-71b5-4b7e-8fc1-134104cb3a83.handle','\"favicon\"'),('fields.dc9dbdd1-71b5-4b7e-8fc1-134104cb3a83.instructions','null'),('fields.dc9dbdd1-71b5-4b7e-8fc1-134104cb3a83.name','\"Favicon\"'),('fields.dc9dbdd1-71b5-4b7e-8fc1-134104cb3a83.searchable','false'),('fields.dc9dbdd1-71b5-4b7e-8fc1-134104cb3a83.settings.allowedKinds.0','\"image\"'),('fields.dc9dbdd1-71b5-4b7e-8fc1-134104cb3a83.settings.allowSelfRelations','false'),('fields.dc9dbdd1-71b5-4b7e-8fc1-134104cb3a83.settings.allowSubfolders','false'),('fields.dc9dbdd1-71b5-4b7e-8fc1-134104cb3a83.settings.allowUploads','true'),('fields.dc9dbdd1-71b5-4b7e-8fc1-134104cb3a83.settings.branchLimit','null'),('fields.dc9dbdd1-71b5-4b7e-8fc1-134104cb3a83.settings.defaultUploadLocationSource','\"volume:4be4bc77-6721-4564-9441-605a1a6c0bad\"'),('fields.dc9dbdd1-71b5-4b7e-8fc1-134104cb3a83.settings.defaultUploadLocationSubpath','null'),('fields.dc9dbdd1-71b5-4b7e-8fc1-134104cb3a83.settings.localizeRelations','false'),('fields.dc9dbdd1-71b5-4b7e-8fc1-134104cb3a83.settings.maintainHierarchy','false'),('fields.dc9dbdd1-71b5-4b7e-8fc1-134104cb3a83.settings.maxRelations','1'),('fields.dc9dbdd1-71b5-4b7e-8fc1-134104cb3a83.settings.minRelations','null'),('fields.dc9dbdd1-71b5-4b7e-8fc1-134104cb3a83.settings.previewMode','\"full\"'),('fields.dc9dbdd1-71b5-4b7e-8fc1-134104cb3a83.settings.restrictedDefaultUploadSubpath','null'),('fields.dc9dbdd1-71b5-4b7e-8fc1-134104cb3a83.settings.restrictedLocationSource','\"volume:4be4bc77-6721-4564-9441-605a1a6c0bad\"'),('fields.dc9dbdd1-71b5-4b7e-8fc1-134104cb3a83.settings.restrictedLocationSubpath','null'),('fields.dc9dbdd1-71b5-4b7e-8fc1-134104cb3a83.settings.restrictFiles','true'),('fields.dc9dbdd1-71b5-4b7e-8fc1-134104cb3a83.settings.restrictLocation','false'),('fields.dc9dbdd1-71b5-4b7e-8fc1-134104cb3a83.settings.selectionLabel','\"Add a favicon\"'),('fields.dc9dbdd1-71b5-4b7e-8fc1-134104cb3a83.settings.showSiteMenu','false'),('fields.dc9dbdd1-71b5-4b7e-8fc1-134104cb3a83.settings.showUnpermittedFiles','false'),('fields.dc9dbdd1-71b5-4b7e-8fc1-134104cb3a83.settings.showUnpermittedVolumes','false'),('fields.dc9dbdd1-71b5-4b7e-8fc1-134104cb3a83.settings.sources.0','\"volume:4be4bc77-6721-4564-9441-605a1a6c0bad\"'),('fields.dc9dbdd1-71b5-4b7e-8fc1-134104cb3a83.settings.targetSiteId','null'),('fields.dc9dbdd1-71b5-4b7e-8fc1-134104cb3a83.settings.validateRelatedElements','false'),('fields.dc9dbdd1-71b5-4b7e-8fc1-134104cb3a83.settings.viewMode','\"list\"'),('fields.dc9dbdd1-71b5-4b7e-8fc1-134104cb3a83.translationKeyFormat','null'),('fields.dc9dbdd1-71b5-4b7e-8fc1-134104cb3a83.translationMethod','\"site\"'),('fields.dc9dbdd1-71b5-4b7e-8fc1-134104cb3a83.type','\"craft\\\\fields\\\\Assets\"'),('fields.e17818c9-74b2-427e-9cf0-57f61d51b663.columnSuffix','\"rtpzqnhp\"'),('fields.e17818c9-74b2-427e-9cf0-57f61d51b663.contentColumnType','\"text\"'),('fields.e17818c9-74b2-427e-9cf0-57f61d51b663.fieldGroup','\"58a9a081-b18a-491b-8415-a98c88e1f715\"'),('fields.e17818c9-74b2-427e-9cf0-57f61d51b663.handle','\"submissionMessage\"'),('fields.e17818c9-74b2-427e-9cf0-57f61d51b663.instructions','null'),('fields.e17818c9-74b2-427e-9cf0-57f61d51b663.name','\"Message\"'),('fields.e17818c9-74b2-427e-9cf0-57f61d51b663.searchable','false'),('fields.e17818c9-74b2-427e-9cf0-57f61d51b663.settings.byteLimit','null'),('fields.e17818c9-74b2-427e-9cf0-57f61d51b663.settings.charLimit','null'),('fields.e17818c9-74b2-427e-9cf0-57f61d51b663.settings.code','false'),('fields.e17818c9-74b2-427e-9cf0-57f61d51b663.settings.columnType','null'),('fields.e17818c9-74b2-427e-9cf0-57f61d51b663.settings.initialRows','6'),('fields.e17818c9-74b2-427e-9cf0-57f61d51b663.settings.multiline','true'),('fields.e17818c9-74b2-427e-9cf0-57f61d51b663.settings.placeholder','null'),('fields.e17818c9-74b2-427e-9cf0-57f61d51b663.settings.uiMode','\"normal\"'),('fields.e17818c9-74b2-427e-9cf0-57f61d51b663.translationKeyFormat','null'),('fields.e17818c9-74b2-427e-9cf0-57f61d51b663.translationMethod','\"none\"'),('fields.e17818c9-74b2-427e-9cf0-57f61d51b663.type','\"craft\\\\fields\\\\PlainText\"'),('fields.e2acdefe-2270-4161-989c-4cacd80454da.columnSuffix','\"secazwrd\"'),('fields.e2acdefe-2270-4161-989c-4cacd80454da.contentColumnType','\"text\"'),('fields.e2acdefe-2270-4161-989c-4cacd80454da.fieldGroup','\"6666a6a1-03de-48f8-8656-d742d3252af4\"'),('fields.e2acdefe-2270-4161-989c-4cacd80454da.handle','\"gigLocation\"'),('fields.e2acdefe-2270-4161-989c-4cacd80454da.instructions','null'),('fields.e2acdefe-2270-4161-989c-4cacd80454da.name','\"Location\"'),('fields.e2acdefe-2270-4161-989c-4cacd80454da.searchable','false'),('fields.e2acdefe-2270-4161-989c-4cacd80454da.settings.byteLimit','null'),('fields.e2acdefe-2270-4161-989c-4cacd80454da.settings.charLimit','null'),('fields.e2acdefe-2270-4161-989c-4cacd80454da.settings.code','false'),('fields.e2acdefe-2270-4161-989c-4cacd80454da.settings.columnType','null'),('fields.e2acdefe-2270-4161-989c-4cacd80454da.settings.initialRows','4'),('fields.e2acdefe-2270-4161-989c-4cacd80454da.settings.multiline','false'),('fields.e2acdefe-2270-4161-989c-4cacd80454da.settings.placeholder','null'),('fields.e2acdefe-2270-4161-989c-4cacd80454da.settings.uiMode','\"normal\"'),('fields.e2acdefe-2270-4161-989c-4cacd80454da.translationKeyFormat','null'),('fields.e2acdefe-2270-4161-989c-4cacd80454da.translationMethod','\"none\"'),('fields.e2acdefe-2270-4161-989c-4cacd80454da.type','\"craft\\\\fields\\\\PlainText\"'),('fields.e8fbb0cf-f013-47b2-8a71-e0aac50e9a06.columnSuffix','\"inugegzp\"'),('fields.e8fbb0cf-f013-47b2-8a71-e0aac50e9a06.contentColumnType','\"text\"'),('fields.e8fbb0cf-f013-47b2-8a71-e0aac50e9a06.fieldGroup','\"6885f695-10c5-4850-ae3d-56e141e36098\"'),('fields.e8fbb0cf-f013-47b2-8a71-e0aac50e9a06.handle','\"bandcampEmbed\"'),('fields.e8fbb0cf-f013-47b2-8a71-e0aac50e9a06.instructions','\"Copy the Embed code from Bandcamp and paste it here ...\"'),('fields.e8fbb0cf-f013-47b2-8a71-e0aac50e9a06.name','\"Bandcamp Embed\"'),('fields.e8fbb0cf-f013-47b2-8a71-e0aac50e9a06.searchable','false'),('fields.e8fbb0cf-f013-47b2-8a71-e0aac50e9a06.settings.byteLimit','null'),('fields.e8fbb0cf-f013-47b2-8a71-e0aac50e9a06.settings.charLimit','null'),('fields.e8fbb0cf-f013-47b2-8a71-e0aac50e9a06.settings.code','false'),('fields.e8fbb0cf-f013-47b2-8a71-e0aac50e9a06.settings.columnType','null'),('fields.e8fbb0cf-f013-47b2-8a71-e0aac50e9a06.settings.initialRows','10'),('fields.e8fbb0cf-f013-47b2-8a71-e0aac50e9a06.settings.multiline','true'),('fields.e8fbb0cf-f013-47b2-8a71-e0aac50e9a06.settings.placeholder','\"Code goes here ...\"'),('fields.e8fbb0cf-f013-47b2-8a71-e0aac50e9a06.settings.uiMode','\"normal\"'),('fields.e8fbb0cf-f013-47b2-8a71-e0aac50e9a06.translationKeyFormat','null'),('fields.e8fbb0cf-f013-47b2-8a71-e0aac50e9a06.translationMethod','\"none\"'),('fields.e8fbb0cf-f013-47b2-8a71-e0aac50e9a06.type','\"craft\\\\fields\\\\PlainText\"'),('fields.ea0ea7a1-4453-4b64-ac7c-c9b0d226ab5d.columnSuffix','\"siyosvvg\"'),('fields.ea0ea7a1-4453-4b64-ac7c-c9b0d226ab5d.contentColumnType','\"text\"'),('fields.ea0ea7a1-4453-4b64-ac7c-c9b0d226ab5d.fieldGroup','\"58a9a081-b18a-491b-8415-a98c88e1f715\"'),('fields.ea0ea7a1-4453-4b64-ac7c-c9b0d226ab5d.handle','\"submissionPhone\"'),('fields.ea0ea7a1-4453-4b64-ac7c-c9b0d226ab5d.instructions','null'),('fields.ea0ea7a1-4453-4b64-ac7c-c9b0d226ab5d.name','\"Phone Number\"'),('fields.ea0ea7a1-4453-4b64-ac7c-c9b0d226ab5d.searchable','false'),('fields.ea0ea7a1-4453-4b64-ac7c-c9b0d226ab5d.settings.byteLimit','null'),('fields.ea0ea7a1-4453-4b64-ac7c-c9b0d226ab5d.settings.charLimit','null'),('fields.ea0ea7a1-4453-4b64-ac7c-c9b0d226ab5d.settings.code','false'),('fields.ea0ea7a1-4453-4b64-ac7c-c9b0d226ab5d.settings.columnType','null'),('fields.ea0ea7a1-4453-4b64-ac7c-c9b0d226ab5d.settings.initialRows','4'),('fields.ea0ea7a1-4453-4b64-ac7c-c9b0d226ab5d.settings.multiline','false'),('fields.ea0ea7a1-4453-4b64-ac7c-c9b0d226ab5d.settings.placeholder','null'),('fields.ea0ea7a1-4453-4b64-ac7c-c9b0d226ab5d.settings.uiMode','\"normal\"'),('fields.ea0ea7a1-4453-4b64-ac7c-c9b0d226ab5d.translationKeyFormat','null'),('fields.ea0ea7a1-4453-4b64-ac7c-c9b0d226ab5d.translationMethod','\"none\"'),('fields.ea0ea7a1-4453-4b64-ac7c-c9b0d226ab5d.type','\"craft\\\\fields\\\\PlainText\"'),('fs.localFilesystem.hasUrls','true'),('fs.localFilesystem.name','\"Local Filesystem\"'),('fs.localFilesystem.settings.path','\"imgs\"'),('fs.localFilesystem.type','\"craft\\\\fs\\\\Local\"'),('fs.localFilesystem.url','\"/imgs\"'),('fs.localTransforms.hasUrls','true'),('fs.localTransforms.name','\"Local Transforms\"'),('fs.localTransforms.settings.path','\"imgs/transforms\"'),('fs.localTransforms.type','\"craft\\\\fs\\\\Local\"'),('fs.localTransforms.url','\"/imgs/transforms\"'),('fs.videoFilesystem.hasUrls','true'),('fs.videoFilesystem.name','\"Video Filesystem\"'),('fs.videoFilesystem.settings.path','\"vids\"'),('fs.videoFilesystem.type','\"craft\\\\fs\\\\Local\"'),('fs.videoFilesystem.url','\"/vids\"'),('globalSets.4fa68a9e-b36c-4280-b726-dfd06429714e.fieldLayouts.f894566f-5464-4b8d-8ad0-d61946bf5361.tabs.0.elementCondition','null'),('globalSets.4fa68a9e-b36c-4280-b726-dfd06429714e.fieldLayouts.f894566f-5464-4b8d-8ad0-d61946bf5361.tabs.0.elements.0.elementCondition','null'),('globalSets.4fa68a9e-b36c-4280-b726-dfd06429714e.fieldLayouts.f894566f-5464-4b8d-8ad0-d61946bf5361.tabs.0.elements.0.fieldUid','\"a10d1b66-619c-4f4b-99c3-ad63094cbee2\"'),('globalSets.4fa68a9e-b36c-4280-b726-dfd06429714e.fieldLayouts.f894566f-5464-4b8d-8ad0-d61946bf5361.tabs.0.elements.0.instructions','null'),('globalSets.4fa68a9e-b36c-4280-b726-dfd06429714e.fieldLayouts.f894566f-5464-4b8d-8ad0-d61946bf5361.tabs.0.elements.0.label','null'),('globalSets.4fa68a9e-b36c-4280-b726-dfd06429714e.fieldLayouts.f894566f-5464-4b8d-8ad0-d61946bf5361.tabs.0.elements.0.required','false'),('globalSets.4fa68a9e-b36c-4280-b726-dfd06429714e.fieldLayouts.f894566f-5464-4b8d-8ad0-d61946bf5361.tabs.0.elements.0.tip','null'),('globalSets.4fa68a9e-b36c-4280-b726-dfd06429714e.fieldLayouts.f894566f-5464-4b8d-8ad0-d61946bf5361.tabs.0.elements.0.type','\"craft\\\\fieldlayoutelements\\\\CustomField\"'),('globalSets.4fa68a9e-b36c-4280-b726-dfd06429714e.fieldLayouts.f894566f-5464-4b8d-8ad0-d61946bf5361.tabs.0.elements.0.uid','\"ce516f33-2e70-405c-99a1-2d8d64bacc3d\"'),('globalSets.4fa68a9e-b36c-4280-b726-dfd06429714e.fieldLayouts.f894566f-5464-4b8d-8ad0-d61946bf5361.tabs.0.elements.0.userCondition','null'),('globalSets.4fa68a9e-b36c-4280-b726-dfd06429714e.fieldLayouts.f894566f-5464-4b8d-8ad0-d61946bf5361.tabs.0.elements.0.warning','null'),('globalSets.4fa68a9e-b36c-4280-b726-dfd06429714e.fieldLayouts.f894566f-5464-4b8d-8ad0-d61946bf5361.tabs.0.elements.0.width','100'),('globalSets.4fa68a9e-b36c-4280-b726-dfd06429714e.fieldLayouts.f894566f-5464-4b8d-8ad0-d61946bf5361.tabs.0.elements.1.elementCondition','null'),('globalSets.4fa68a9e-b36c-4280-b726-dfd06429714e.fieldLayouts.f894566f-5464-4b8d-8ad0-d61946bf5361.tabs.0.elements.1.fieldUid','\"dc9dbdd1-71b5-4b7e-8fc1-134104cb3a83\"'),('globalSets.4fa68a9e-b36c-4280-b726-dfd06429714e.fieldLayouts.f894566f-5464-4b8d-8ad0-d61946bf5361.tabs.0.elements.1.instructions','null'),('globalSets.4fa68a9e-b36c-4280-b726-dfd06429714e.fieldLayouts.f894566f-5464-4b8d-8ad0-d61946bf5361.tabs.0.elements.1.label','null'),('globalSets.4fa68a9e-b36c-4280-b726-dfd06429714e.fieldLayouts.f894566f-5464-4b8d-8ad0-d61946bf5361.tabs.0.elements.1.required','false'),('globalSets.4fa68a9e-b36c-4280-b726-dfd06429714e.fieldLayouts.f894566f-5464-4b8d-8ad0-d61946bf5361.tabs.0.elements.1.tip','null'),('globalSets.4fa68a9e-b36c-4280-b726-dfd06429714e.fieldLayouts.f894566f-5464-4b8d-8ad0-d61946bf5361.tabs.0.elements.1.type','\"craft\\\\fieldlayoutelements\\\\CustomField\"'),('globalSets.4fa68a9e-b36c-4280-b726-dfd06429714e.fieldLayouts.f894566f-5464-4b8d-8ad0-d61946bf5361.tabs.0.elements.1.uid','\"71169323-2209-4100-8975-7e9bb5a6d9d7\"'),('globalSets.4fa68a9e-b36c-4280-b726-dfd06429714e.fieldLayouts.f894566f-5464-4b8d-8ad0-d61946bf5361.tabs.0.elements.1.userCondition','null'),('globalSets.4fa68a9e-b36c-4280-b726-dfd06429714e.fieldLayouts.f894566f-5464-4b8d-8ad0-d61946bf5361.tabs.0.elements.1.warning','null'),('globalSets.4fa68a9e-b36c-4280-b726-dfd06429714e.fieldLayouts.f894566f-5464-4b8d-8ad0-d61946bf5361.tabs.0.elements.1.width','100'),('globalSets.4fa68a9e-b36c-4280-b726-dfd06429714e.fieldLayouts.f894566f-5464-4b8d-8ad0-d61946bf5361.tabs.0.elements.2.elementCondition','null'),('globalSets.4fa68a9e-b36c-4280-b726-dfd06429714e.fieldLayouts.f894566f-5464-4b8d-8ad0-d61946bf5361.tabs.0.elements.2.fieldUid','\"9167b446-1840-45ea-8aa9-300e555b1344\"'),('globalSets.4fa68a9e-b36c-4280-b726-dfd06429714e.fieldLayouts.f894566f-5464-4b8d-8ad0-d61946bf5361.tabs.0.elements.2.instructions','null'),('globalSets.4fa68a9e-b36c-4280-b726-dfd06429714e.fieldLayouts.f894566f-5464-4b8d-8ad0-d61946bf5361.tabs.0.elements.2.label','null'),('globalSets.4fa68a9e-b36c-4280-b726-dfd06429714e.fieldLayouts.f894566f-5464-4b8d-8ad0-d61946bf5361.tabs.0.elements.2.required','false'),('globalSets.4fa68a9e-b36c-4280-b726-dfd06429714e.fieldLayouts.f894566f-5464-4b8d-8ad0-d61946bf5361.tabs.0.elements.2.tip','null'),('globalSets.4fa68a9e-b36c-4280-b726-dfd06429714e.fieldLayouts.f894566f-5464-4b8d-8ad0-d61946bf5361.tabs.0.elements.2.type','\"craft\\\\fieldlayoutelements\\\\CustomField\"'),('globalSets.4fa68a9e-b36c-4280-b726-dfd06429714e.fieldLayouts.f894566f-5464-4b8d-8ad0-d61946bf5361.tabs.0.elements.2.uid','\"c8c54e69-7104-493a-bd99-0e36b6428cac\"'),('globalSets.4fa68a9e-b36c-4280-b726-dfd06429714e.fieldLayouts.f894566f-5464-4b8d-8ad0-d61946bf5361.tabs.0.elements.2.userCondition','null'),('globalSets.4fa68a9e-b36c-4280-b726-dfd06429714e.fieldLayouts.f894566f-5464-4b8d-8ad0-d61946bf5361.tabs.0.elements.2.warning','null'),('globalSets.4fa68a9e-b36c-4280-b726-dfd06429714e.fieldLayouts.f894566f-5464-4b8d-8ad0-d61946bf5361.tabs.0.elements.2.width','100'),('globalSets.4fa68a9e-b36c-4280-b726-dfd06429714e.fieldLayouts.f894566f-5464-4b8d-8ad0-d61946bf5361.tabs.0.name','\"Globals\"'),('globalSets.4fa68a9e-b36c-4280-b726-dfd06429714e.fieldLayouts.f894566f-5464-4b8d-8ad0-d61946bf5361.tabs.0.uid','\"c0ed7fb0-9c7a-44ca-8762-26003b537f66\"'),('globalSets.4fa68a9e-b36c-4280-b726-dfd06429714e.fieldLayouts.f894566f-5464-4b8d-8ad0-d61946bf5361.tabs.0.userCondition','null'),('globalSets.4fa68a9e-b36c-4280-b726-dfd06429714e.handle','\"siteGlobals\"'),('globalSets.4fa68a9e-b36c-4280-b726-dfd06429714e.name','\"Site Globals\"'),('globalSets.4fa68a9e-b36c-4280-b726-dfd06429714e.sortOrder','1'),('graphql.publicToken.enabled','false'),('graphql.publicToken.expiryDate','null'),('meta.__names__.139b20e8-6e1b-4e75-be7f-776bc8a50d43','\"Page Template\"'),('meta.__names__.15fdb8d9-166a-4c6c-b61e-17cbec66abd1','\"Videos\"'),('meta.__names__.1ba6b8f5-1f13-4f16-8dd0-f90db9e050f9','\"Bandcamp Embed\"'),('meta.__names__.21bf5ac9-a185-4970-b6dc-e66c96ef0807','\"YouTube Video ID\"'),('meta.__names__.3879dbdd-7514-41f1-b0f8-cb825ab28546','\"YouTube Video\"'),('meta.__names__.44f5fc6a-9bb6-457e-99fd-d88a30b802f0','\"SoundCloud Embed\"'),('meta.__names__.4b6a6661-54b1-49e2-a03d-867751ea75b9','\"Default\"'),('meta.__names__.4be4bc77-6721-4564-9441-605a1a6c0bad','\"Local Images\"'),('meta.__names__.4fa68a9e-b36c-4280-b726-dfd06429714e','\"Site Globals\"'),('meta.__names__.542617dd-cf2a-41c4-9716-97fac95cd8f6','\"Local Videos\"'),('meta.__names__.57ee90df-01e6-437a-8c5c-38815877f909','\"Email Address\"'),('meta.__names__.58a9a081-b18a-491b-8415-a98c88e1f715','\"Contact Submissions\"'),('meta.__names__.6666a6a1-03de-48f8-8656-d742d3252af4','\"Gigs\"'),('meta.__names__.66d475d7-97b8-40dc-9212-f05ea6e23d4c','\"Default\"'),('meta.__names__.6885f695-10c5-4850-ae3d-56e141e36098','\"Embed\"'),('meta.__names__.76c85625-5e8e-4126-9f8f-6c15d50877ae','\"Rob Martino Music\"'),('meta.__names__.7a3aa4ab-1d46-43c7-b592-2aaa13c4e1d1','\"Custom Page\"'),('meta.__names__.825f4bb2-160e-43de-b9e1-179a555f48ec','\"Gigs\"'),('meta.__names__.82e690ff-8e29-4b0d-850d-c09a6cc8871f','\"Link\"'),('meta.__names__.844f6d9c-168f-4c8e-904a-202432cef59e','\"Rob Martino Music\"'),('meta.__names__.8506d742-5b2a-47fe-97d8-880505113629','\"Home\"'),('meta.__names__.89bc9f6a-115e-483a-ac07-1c6733a325b1','\"Pages\"'),('meta.__names__.9167b446-1840-45ea-8aa9-300e555b1344','\"Client Email\"'),('meta.__names__.9529e1cb-135c-4e74-bd95-f62c6d2bc858','\"Spotify Embed\"'),('meta.__names__.962ca735-e2e0-4550-a295-93f517459468','\"Subject\"'),('meta.__names__.9ba0ed5d-fc6f-4a0f-8d43-f13470b75bf4','\"Home\"'),('meta.__names__.a10d1b66-619c-4f4b-99c3-ad63094cbee2','\"Site Logo\"'),('meta.__names__.ad2a34fc-908d-4a7e-b211-235d769602d3','\"Gallery Images\"'),('meta.__names__.afa92d21-9da5-4728-b388-676ab1b11c37','\"Featured Image\"'),('meta.__names__.b61a32ce-4093-4b76-986a-5303ee05cc28','\"Name\"'),('meta.__names__.be2a1882-9121-4306-87b1-450de9d53256','\"SoundCloud Embed\"'),('meta.__names__.bf844600-a572-48d3-a982-cc9650cb5663','\"Videos\"'),('meta.__names__.c40c2df4-0c17-4c5b-a5f4-44d6c0866c4f','\"Globals\"'),('meta.__names__.cf9cc357-e972-4534-96a3-16243a7d4e25','\"Date\"'),('meta.__names__.d9a1cab9-8fb1-45aa-be80-4a16b5d5a3ae','\"Gallery Page\"'),('meta.__names__.d9c26beb-6bee-444c-b33f-13a168793722','\"Pages\"'),('meta.__names__.da0be12f-51b0-474c-915f-0d17dfa97850','\"Contact Submissions\"'),('meta.__names__.dc9dbdd1-71b5-4b7e-8fc1-134104cb3a83','\"Favicon\"'),('meta.__names__.e17818c9-74b2-427e-9cf0-57f61d51b663','\"Message\"'),('meta.__names__.e2acdefe-2270-4161-989c-4cacd80454da','\"Location\"'),('meta.__names__.e83e534b-ba3e-41e5-9e73-051db8c4b65b','\"Embeds\"'),('meta.__names__.e8fbb0cf-f013-47b2-8a71-e0aac50e9a06','\"Bandcamp Embed\"'),('meta.__names__.ea0ea7a1-4453-4b64-ac7c-c9b0d226ab5d','\"Phone Number\"'),('meta.__names__.f218cbd0-5c1b-4ff8-a4eb-df6bd7a9164f','\"Common\"'),('meta.__names__.f494ab8a-02d3-48a3-bf69-103c6c96824c','\"Spotify Embed\"'),('plugins.google-recaptcha.edition','\"standard\"'),('plugins.google-recaptcha.enabled','true'),('plugins.google-recaptcha.schemaVersion','\"1.0.0\"'),('plugins.google-recaptcha.settings.actionName','\"contactpage\"'),('plugins.google-recaptcha.settings.actions','\"\"'),('plugins.google-recaptcha.settings.badge','\"bottomright\"'),('plugins.google-recaptcha.settings.scoreThreshold','\"0.5\"'),('plugins.google-recaptcha.settings.secretKey','\"$RECAPTCHA_SECRET_KEY\"'),('plugins.google-recaptcha.settings.siteKey','\"$RECAPTCHA_SITE_KEY\"'),('plugins.google-recaptcha.settings.size','\"normal\"'),('plugins.google-recaptcha.settings.theme','\"light\"'),('plugins.google-recaptcha.settings.version','\"3\"'),('routes.05c70d77-3ee1-4cb8-9297-1b1cd425767d.siteUid','null'),('routes.05c70d77-3ee1-4cb8-9297-1b1cd425767d.sortOrder','3'),('routes.05c70d77-3ee1-4cb8-9297-1b1cd425767d.template','\"tailwindtests/test-layouts\"'),('routes.05c70d77-3ee1-4cb8-9297-1b1cd425767d.uriParts.0','\"test-layouts\"'),('routes.05c70d77-3ee1-4cb8-9297-1b1cd425767d.uriPattern','\"test-layouts\"'),('routes.4639a494-6efa-4af9-88d5-a98e1f2e770c.siteUid','null'),('routes.4639a494-6efa-4af9-88d5-a98e1f2e770c.sortOrder','7'),('routes.4639a494-6efa-4af9-88d5-a98e1f2e770c.template','\"tailwindtests/test-styleguide\"'),('routes.4639a494-6efa-4af9-88d5-a98e1f2e770c.uriParts.0','\"test-styleguide\"'),('routes.4639a494-6efa-4af9-88d5-a98e1f2e770c.uriPattern','\"test-styleguide\"'),('routes.4b1d4eeb-1e99-4b5c-adea-af6e266c60c4.siteUid','null'),('routes.4b1d4eeb-1e99-4b5c-adea-af6e266c60c4.sortOrder','1'),('routes.4b1d4eeb-1e99-4b5c-adea-af6e266c60c4.template','\"tailwindtests/test-flex\"'),('routes.4b1d4eeb-1e99-4b5c-adea-af6e266c60c4.uriParts.0','\"test-flex\"'),('routes.4b1d4eeb-1e99-4b5c-adea-af6e266c60c4.uriPattern','\"test-flex\"'),('routes.7e9603e6-cd7e-45ec-97a4-cdd7d26aebe2.siteUid','null'),('routes.7e9603e6-cd7e-45ec-97a4-cdd7d26aebe2.sortOrder','4'),('routes.7e9603e6-cd7e-45ec-97a4-cdd7d26aebe2.template','\"tailwindtests/test-borders\"'),('routes.7e9603e6-cd7e-45ec-97a4-cdd7d26aebe2.uriParts.0','\"test-borders\"'),('routes.7e9603e6-cd7e-45ec-97a4-cdd7d26aebe2.uriPattern','\"test-borders\"'),('routes.b834f5fc-dc98-4f31-bb7c-aee59e45ed8e.siteUid','null'),('routes.b834f5fc-dc98-4f31-bb7c-aee59e45ed8e.sortOrder','6'),('routes.b834f5fc-dc98-4f31-bb7c-aee59e45ed8e.template','\"tailwindtests/test-animations\"'),('routes.b834f5fc-dc98-4f31-bb7c-aee59e45ed8e.uriParts.0','\"test-animations\"'),('routes.b834f5fc-dc98-4f31-bb7c-aee59e45ed8e.uriPattern','\"test-animations\"'),('routes.b8ddf362-bb3d-4216-bb3e-b0940b74f36b.siteUid','null'),('routes.b8ddf362-bb3d-4216-bb3e-b0940b74f36b.sortOrder','8'),('routes.b8ddf362-bb3d-4216-bb3e-b0940b74f36b.template','\"tailwindtests/test-darkmode\"'),('routes.b8ddf362-bb3d-4216-bb3e-b0940b74f36b.uriParts.0','\"test-darkmode\"'),('routes.b8ddf362-bb3d-4216-bb3e-b0940b74f36b.uriPattern','\"test-darkmode\"'),('routes.c75a9634-6a95-45bb-b9fc-87f9a003abee.siteUid','null'),('routes.c75a9634-6a95-45bb-b9fc-87f9a003abee.sortOrder','5'),('routes.c75a9634-6a95-45bb-b9fc-87f9a003abee.template','\"tailwindtests/test-effects-filters\"'),('routes.c75a9634-6a95-45bb-b9fc-87f9a003abee.uriParts.0','\"test-effects-filters\"'),('routes.c75a9634-6a95-45bb-b9fc-87f9a003abee.uriPattern','\"test-effects-filters\"'),('routes.ebfaa07f-5ed0-4894-9ccc-a4c9659498a9.siteUid','null'),('routes.ebfaa07f-5ed0-4894-9ccc-a4c9659498a9.sortOrder','2'),('routes.ebfaa07f-5ed0-4894-9ccc-a4c9659498a9.template','\"tailwindtests/test-grid\"'),('routes.ebfaa07f-5ed0-4894-9ccc-a4c9659498a9.uriParts.0','\"test-grid\"'),('routes.ebfaa07f-5ed0-4894-9ccc-a4c9659498a9.uriPattern','\"test-grid\"'),('routes.fed82de6-cfcd-4727-ae9d-2a7018878bc1.siteUid','null'),('routes.fed82de6-cfcd-4727-ae9d-2a7018878bc1.sortOrder','9'),('routes.fed82de6-cfcd-4727-ae9d-2a7018878bc1.template','\"tailwindtests/test-home\"'),('routes.fed82de6-cfcd-4727-ae9d-2a7018878bc1.uriParts.0','\"test-home\"'),('routes.fed82de6-cfcd-4727-ae9d-2a7018878bc1.uriPattern','\"test-home\"'),('sections.15fdb8d9-166a-4c6c-b61e-17cbec66abd1.defaultPlacement','\"end\"'),('sections.15fdb8d9-166a-4c6c-b61e-17cbec66abd1.enableVersioning','true'),('sections.15fdb8d9-166a-4c6c-b61e-17cbec66abd1.handle','\"videos\"'),('sections.15fdb8d9-166a-4c6c-b61e-17cbec66abd1.name','\"Videos\"'),('sections.15fdb8d9-166a-4c6c-b61e-17cbec66abd1.propagationMethod','\"all\"'),('sections.15fdb8d9-166a-4c6c-b61e-17cbec66abd1.siteSettings.844f6d9c-168f-4c8e-904a-202432cef59e.enabledByDefault','true'),('sections.15fdb8d9-166a-4c6c-b61e-17cbec66abd1.siteSettings.844f6d9c-168f-4c8e-904a-202432cef59e.hasUrls','false'),('sections.15fdb8d9-166a-4c6c-b61e-17cbec66abd1.siteSettings.844f6d9c-168f-4c8e-904a-202432cef59e.template','null'),('sections.15fdb8d9-166a-4c6c-b61e-17cbec66abd1.siteSettings.844f6d9c-168f-4c8e-904a-202432cef59e.uriFormat','null'),('sections.15fdb8d9-166a-4c6c-b61e-17cbec66abd1.type','\"channel\"'),('sections.825f4bb2-160e-43de-b9e1-179a555f48ec.defaultPlacement','\"end\"'),('sections.825f4bb2-160e-43de-b9e1-179a555f48ec.enableVersioning','false'),('sections.825f4bb2-160e-43de-b9e1-179a555f48ec.handle','\"gigs\"'),('sections.825f4bb2-160e-43de-b9e1-179a555f48ec.name','\"Gigs\"'),('sections.825f4bb2-160e-43de-b9e1-179a555f48ec.propagationMethod','\"all\"'),('sections.825f4bb2-160e-43de-b9e1-179a555f48ec.siteSettings.844f6d9c-168f-4c8e-904a-202432cef59e.enabledByDefault','true'),('sections.825f4bb2-160e-43de-b9e1-179a555f48ec.siteSettings.844f6d9c-168f-4c8e-904a-202432cef59e.hasUrls','true'),('sections.825f4bb2-160e-43de-b9e1-179a555f48ec.siteSettings.844f6d9c-168f-4c8e-904a-202432cef59e.template','null'),('sections.825f4bb2-160e-43de-b9e1-179a555f48ec.siteSettings.844f6d9c-168f-4c8e-904a-202432cef59e.uriFormat','\"gigs/{slug}\"'),('sections.825f4bb2-160e-43de-b9e1-179a555f48ec.type','\"channel\"'),('sections.9ba0ed5d-fc6f-4a0f-8d43-f13470b75bf4.defaultPlacement','\"end\"'),('sections.9ba0ed5d-fc6f-4a0f-8d43-f13470b75bf4.enableVersioning','false'),('sections.9ba0ed5d-fc6f-4a0f-8d43-f13470b75bf4.handle','\"home\"'),('sections.9ba0ed5d-fc6f-4a0f-8d43-f13470b75bf4.name','\"Home\"'),('sections.9ba0ed5d-fc6f-4a0f-8d43-f13470b75bf4.propagationMethod','\"all\"'),('sections.9ba0ed5d-fc6f-4a0f-8d43-f13470b75bf4.siteSettings.844f6d9c-168f-4c8e-904a-202432cef59e.enabledByDefault','true'),('sections.9ba0ed5d-fc6f-4a0f-8d43-f13470b75bf4.siteSettings.844f6d9c-168f-4c8e-904a-202432cef59e.hasUrls','true'),('sections.9ba0ed5d-fc6f-4a0f-8d43-f13470b75bf4.siteSettings.844f6d9c-168f-4c8e-904a-202432cef59e.template','\"home\"'),('sections.9ba0ed5d-fc6f-4a0f-8d43-f13470b75bf4.siteSettings.844f6d9c-168f-4c8e-904a-202432cef59e.uriFormat','\"__home__\"'),('sections.9ba0ed5d-fc6f-4a0f-8d43-f13470b75bf4.type','\"single\"'),('sections.d9c26beb-6bee-444c-b33f-13a168793722.defaultPlacement','\"beginning\"'),('sections.d9c26beb-6bee-444c-b33f-13a168793722.enableVersioning','true'),('sections.d9c26beb-6bee-444c-b33f-13a168793722.handle','\"pages\"'),('sections.d9c26beb-6bee-444c-b33f-13a168793722.name','\"Pages\"'),('sections.d9c26beb-6bee-444c-b33f-13a168793722.propagationMethod','\"all\"'),('sections.d9c26beb-6bee-444c-b33f-13a168793722.siteSettings.844f6d9c-168f-4c8e-904a-202432cef59e.enabledByDefault','true'),('sections.d9c26beb-6bee-444c-b33f-13a168793722.siteSettings.844f6d9c-168f-4c8e-904a-202432cef59e.hasUrls','true'),('sections.d9c26beb-6bee-444c-b33f-13a168793722.siteSettings.844f6d9c-168f-4c8e-904a-202432cef59e.template','\"_pages/_base\"'),('sections.d9c26beb-6bee-444c-b33f-13a168793722.siteSettings.844f6d9c-168f-4c8e-904a-202432cef59e.uriFormat','\"{slug}\"'),('sections.d9c26beb-6bee-444c-b33f-13a168793722.structure.maxLevels','1'),('sections.d9c26beb-6bee-444c-b33f-13a168793722.structure.uid','\"60678798-1b32-434e-b9a3-375d854aafe7\"'),('sections.d9c26beb-6bee-444c-b33f-13a168793722.type','\"structure\"'),('sections.da0be12f-51b0-474c-915f-0d17dfa97850.defaultPlacement','\"end\"'),('sections.da0be12f-51b0-474c-915f-0d17dfa97850.enableVersioning','false'),('sections.da0be12f-51b0-474c-915f-0d17dfa97850.handle','\"contactSubmissions\"'),('sections.da0be12f-51b0-474c-915f-0d17dfa97850.name','\"Contact Submissions\"'),('sections.da0be12f-51b0-474c-915f-0d17dfa97850.propagationMethod','\"all\"'),('sections.da0be12f-51b0-474c-915f-0d17dfa97850.siteSettings.844f6d9c-168f-4c8e-904a-202432cef59e.enabledByDefault','true'),('sections.da0be12f-51b0-474c-915f-0d17dfa97850.siteSettings.844f6d9c-168f-4c8e-904a-202432cef59e.hasUrls','false'),('sections.da0be12f-51b0-474c-915f-0d17dfa97850.siteSettings.844f6d9c-168f-4c8e-904a-202432cef59e.template','null'),('sections.da0be12f-51b0-474c-915f-0d17dfa97850.siteSettings.844f6d9c-168f-4c8e-904a-202432cef59e.uriFormat','null'),('sections.da0be12f-51b0-474c-915f-0d17dfa97850.type','\"channel\"'),('sections.e83e534b-ba3e-41e5-9e73-051db8c4b65b.defaultPlacement','\"end\"'),('sections.e83e534b-ba3e-41e5-9e73-051db8c4b65b.enableVersioning','false'),('sections.e83e534b-ba3e-41e5-9e73-051db8c4b65b.handle','\"embeds\"'),('sections.e83e534b-ba3e-41e5-9e73-051db8c4b65b.name','\"Embeds\"'),('sections.e83e534b-ba3e-41e5-9e73-051db8c4b65b.propagationMethod','\"all\"'),('sections.e83e534b-ba3e-41e5-9e73-051db8c4b65b.siteSettings.844f6d9c-168f-4c8e-904a-202432cef59e.enabledByDefault','true'),('sections.e83e534b-ba3e-41e5-9e73-051db8c4b65b.siteSettings.844f6d9c-168f-4c8e-904a-202432cef59e.hasUrls','false'),('sections.e83e534b-ba3e-41e5-9e73-051db8c4b65b.siteSettings.844f6d9c-168f-4c8e-904a-202432cef59e.template','null'),('sections.e83e534b-ba3e-41e5-9e73-051db8c4b65b.siteSettings.844f6d9c-168f-4c8e-904a-202432cef59e.uriFormat','null'),('sections.e83e534b-ba3e-41e5-9e73-051db8c4b65b.type','\"channel\"'),('siteGroups.76c85625-5e8e-4126-9f8f-6c15d50877ae.name','\"Rob Martino Music\"'),('sites.844f6d9c-168f-4c8e-904a-202432cef59e.baseUrl','\"$PRIMARY_SITE_URL\"'),('sites.844f6d9c-168f-4c8e-904a-202432cef59e.enabled','true'),('sites.844f6d9c-168f-4c8e-904a-202432cef59e.handle','\"default\"'),('sites.844f6d9c-168f-4c8e-904a-202432cef59e.hasUrls','true'),('sites.844f6d9c-168f-4c8e-904a-202432cef59e.language','\"en\"'),('sites.844f6d9c-168f-4c8e-904a-202432cef59e.name','\"Rob Martino Music\"'),('sites.844f6d9c-168f-4c8e-904a-202432cef59e.primary','true'),('sites.844f6d9c-168f-4c8e-904a-202432cef59e.siteGroup','\"76c85625-5e8e-4126-9f8f-6c15d50877ae\"'),('sites.844f6d9c-168f-4c8e-904a-202432cef59e.sortOrder','1'),('system.edition','\"solo\"'),('system.live','true'),('system.name','\"Rob Martino Music\"'),('system.schemaVersion','\"4.5.3.0\"'),('system.timeZone','\"America/Los_Angeles\"'),('users.allowPublicRegistration','false'),('users.defaultGroup','null'),('users.photoSubpath','null'),('users.photoVolumeUid','null'),('users.requireEmailVerification','true'),('volumes.4be4bc77-6721-4564-9441-605a1a6c0bad.fieldLayouts.d30ad1d2-d72e-47f0-b630-a60820c3ddb2.tabs.0.elementCondition','null'),('volumes.4be4bc77-6721-4564-9441-605a1a6c0bad.fieldLayouts.d30ad1d2-d72e-47f0-b630-a60820c3ddb2.tabs.0.elements.0.autocapitalize','true'),('volumes.4be4bc77-6721-4564-9441-605a1a6c0bad.fieldLayouts.d30ad1d2-d72e-47f0-b630-a60820c3ddb2.tabs.0.elements.0.autocomplete','false'),('volumes.4be4bc77-6721-4564-9441-605a1a6c0bad.fieldLayouts.d30ad1d2-d72e-47f0-b630-a60820c3ddb2.tabs.0.elements.0.autocorrect','true'),('volumes.4be4bc77-6721-4564-9441-605a1a6c0bad.fieldLayouts.d30ad1d2-d72e-47f0-b630-a60820c3ddb2.tabs.0.elements.0.class','null'),('volumes.4be4bc77-6721-4564-9441-605a1a6c0bad.fieldLayouts.d30ad1d2-d72e-47f0-b630-a60820c3ddb2.tabs.0.elements.0.disabled','false'),('volumes.4be4bc77-6721-4564-9441-605a1a6c0bad.fieldLayouts.d30ad1d2-d72e-47f0-b630-a60820c3ddb2.tabs.0.elements.0.elementCondition','null'),('volumes.4be4bc77-6721-4564-9441-605a1a6c0bad.fieldLayouts.d30ad1d2-d72e-47f0-b630-a60820c3ddb2.tabs.0.elements.0.id','null'),('volumes.4be4bc77-6721-4564-9441-605a1a6c0bad.fieldLayouts.d30ad1d2-d72e-47f0-b630-a60820c3ddb2.tabs.0.elements.0.inputType','null'),('volumes.4be4bc77-6721-4564-9441-605a1a6c0bad.fieldLayouts.d30ad1d2-d72e-47f0-b630-a60820c3ddb2.tabs.0.elements.0.instructions','null'),('volumes.4be4bc77-6721-4564-9441-605a1a6c0bad.fieldLayouts.d30ad1d2-d72e-47f0-b630-a60820c3ddb2.tabs.0.elements.0.label','null'),('volumes.4be4bc77-6721-4564-9441-605a1a6c0bad.fieldLayouts.d30ad1d2-d72e-47f0-b630-a60820c3ddb2.tabs.0.elements.0.max','null'),('volumes.4be4bc77-6721-4564-9441-605a1a6c0bad.fieldLayouts.d30ad1d2-d72e-47f0-b630-a60820c3ddb2.tabs.0.elements.0.min','null'),('volumes.4be4bc77-6721-4564-9441-605a1a6c0bad.fieldLayouts.d30ad1d2-d72e-47f0-b630-a60820c3ddb2.tabs.0.elements.0.name','null'),('volumes.4be4bc77-6721-4564-9441-605a1a6c0bad.fieldLayouts.d30ad1d2-d72e-47f0-b630-a60820c3ddb2.tabs.0.elements.0.orientation','null'),('volumes.4be4bc77-6721-4564-9441-605a1a6c0bad.fieldLayouts.d30ad1d2-d72e-47f0-b630-a60820c3ddb2.tabs.0.elements.0.placeholder','null'),('volumes.4be4bc77-6721-4564-9441-605a1a6c0bad.fieldLayouts.d30ad1d2-d72e-47f0-b630-a60820c3ddb2.tabs.0.elements.0.readonly','false'),('volumes.4be4bc77-6721-4564-9441-605a1a6c0bad.fieldLayouts.d30ad1d2-d72e-47f0-b630-a60820c3ddb2.tabs.0.elements.0.requirable','false'),('volumes.4be4bc77-6721-4564-9441-605a1a6c0bad.fieldLayouts.d30ad1d2-d72e-47f0-b630-a60820c3ddb2.tabs.0.elements.0.size','null'),('volumes.4be4bc77-6721-4564-9441-605a1a6c0bad.fieldLayouts.d30ad1d2-d72e-47f0-b630-a60820c3ddb2.tabs.0.elements.0.step','null'),('volumes.4be4bc77-6721-4564-9441-605a1a6c0bad.fieldLayouts.d30ad1d2-d72e-47f0-b630-a60820c3ddb2.tabs.0.elements.0.tip','null'),('volumes.4be4bc77-6721-4564-9441-605a1a6c0bad.fieldLayouts.d30ad1d2-d72e-47f0-b630-a60820c3ddb2.tabs.0.elements.0.title','null'),('volumes.4be4bc77-6721-4564-9441-605a1a6c0bad.fieldLayouts.d30ad1d2-d72e-47f0-b630-a60820c3ddb2.tabs.0.elements.0.type','\"craft\\\\fieldlayoutelements\\\\assets\\\\AssetTitleField\"'),('volumes.4be4bc77-6721-4564-9441-605a1a6c0bad.fieldLayouts.d30ad1d2-d72e-47f0-b630-a60820c3ddb2.tabs.0.elements.0.uid','\"f278b982-ac20-4918-ac40-1849d642bb11\"'),('volumes.4be4bc77-6721-4564-9441-605a1a6c0bad.fieldLayouts.d30ad1d2-d72e-47f0-b630-a60820c3ddb2.tabs.0.elements.0.userCondition','null'),('volumes.4be4bc77-6721-4564-9441-605a1a6c0bad.fieldLayouts.d30ad1d2-d72e-47f0-b630-a60820c3ddb2.tabs.0.elements.0.warning','null'),('volumes.4be4bc77-6721-4564-9441-605a1a6c0bad.fieldLayouts.d30ad1d2-d72e-47f0-b630-a60820c3ddb2.tabs.0.elements.0.width','100'),('volumes.4be4bc77-6721-4564-9441-605a1a6c0bad.fieldLayouts.d30ad1d2-d72e-47f0-b630-a60820c3ddb2.tabs.0.name','\"Content\"'),('volumes.4be4bc77-6721-4564-9441-605a1a6c0bad.fieldLayouts.d30ad1d2-d72e-47f0-b630-a60820c3ddb2.tabs.0.uid','\"feee6ad3-4eb1-45da-99bf-88c9fe87c140\"'),('volumes.4be4bc77-6721-4564-9441-605a1a6c0bad.fieldLayouts.d30ad1d2-d72e-47f0-b630-a60820c3ddb2.tabs.0.userCondition','null'),('volumes.4be4bc77-6721-4564-9441-605a1a6c0bad.fs','\"localFilesystem\"'),('volumes.4be4bc77-6721-4564-9441-605a1a6c0bad.handle','\"localImages\"'),('volumes.4be4bc77-6721-4564-9441-605a1a6c0bad.name','\"Local Images\"'),('volumes.4be4bc77-6721-4564-9441-605a1a6c0bad.sortOrder','1'),('volumes.4be4bc77-6721-4564-9441-605a1a6c0bad.titleTranslationKeyFormat','null'),('volumes.4be4bc77-6721-4564-9441-605a1a6c0bad.titleTranslationMethod','\"site\"'),('volumes.4be4bc77-6721-4564-9441-605a1a6c0bad.transformFs','\"localTransforms\"'),('volumes.4be4bc77-6721-4564-9441-605a1a6c0bad.transformSubpath','\"\"'),('volumes.542617dd-cf2a-41c4-9716-97fac95cd8f6.fieldLayouts.4631d292-bafd-4363-a467-9e79d10e2b83.tabs.0.elementCondition','null'),('volumes.542617dd-cf2a-41c4-9716-97fac95cd8f6.fieldLayouts.4631d292-bafd-4363-a467-9e79d10e2b83.tabs.0.elements.0.autocapitalize','true'),('volumes.542617dd-cf2a-41c4-9716-97fac95cd8f6.fieldLayouts.4631d292-bafd-4363-a467-9e79d10e2b83.tabs.0.elements.0.autocomplete','false'),('volumes.542617dd-cf2a-41c4-9716-97fac95cd8f6.fieldLayouts.4631d292-bafd-4363-a467-9e79d10e2b83.tabs.0.elements.0.autocorrect','true'),('volumes.542617dd-cf2a-41c4-9716-97fac95cd8f6.fieldLayouts.4631d292-bafd-4363-a467-9e79d10e2b83.tabs.0.elements.0.class','null'),('volumes.542617dd-cf2a-41c4-9716-97fac95cd8f6.fieldLayouts.4631d292-bafd-4363-a467-9e79d10e2b83.tabs.0.elements.0.disabled','false'),('volumes.542617dd-cf2a-41c4-9716-97fac95cd8f6.fieldLayouts.4631d292-bafd-4363-a467-9e79d10e2b83.tabs.0.elements.0.elementCondition','null'),('volumes.542617dd-cf2a-41c4-9716-97fac95cd8f6.fieldLayouts.4631d292-bafd-4363-a467-9e79d10e2b83.tabs.0.elements.0.id','null'),('volumes.542617dd-cf2a-41c4-9716-97fac95cd8f6.fieldLayouts.4631d292-bafd-4363-a467-9e79d10e2b83.tabs.0.elements.0.inputType','null'),('volumes.542617dd-cf2a-41c4-9716-97fac95cd8f6.fieldLayouts.4631d292-bafd-4363-a467-9e79d10e2b83.tabs.0.elements.0.instructions','null'),('volumes.542617dd-cf2a-41c4-9716-97fac95cd8f6.fieldLayouts.4631d292-bafd-4363-a467-9e79d10e2b83.tabs.0.elements.0.label','null'),('volumes.542617dd-cf2a-41c4-9716-97fac95cd8f6.fieldLayouts.4631d292-bafd-4363-a467-9e79d10e2b83.tabs.0.elements.0.max','null'),('volumes.542617dd-cf2a-41c4-9716-97fac95cd8f6.fieldLayouts.4631d292-bafd-4363-a467-9e79d10e2b83.tabs.0.elements.0.min','null'),('volumes.542617dd-cf2a-41c4-9716-97fac95cd8f6.fieldLayouts.4631d292-bafd-4363-a467-9e79d10e2b83.tabs.0.elements.0.name','null'),('volumes.542617dd-cf2a-41c4-9716-97fac95cd8f6.fieldLayouts.4631d292-bafd-4363-a467-9e79d10e2b83.tabs.0.elements.0.orientation','null'),('volumes.542617dd-cf2a-41c4-9716-97fac95cd8f6.fieldLayouts.4631d292-bafd-4363-a467-9e79d10e2b83.tabs.0.elements.0.placeholder','null'),('volumes.542617dd-cf2a-41c4-9716-97fac95cd8f6.fieldLayouts.4631d292-bafd-4363-a467-9e79d10e2b83.tabs.0.elements.0.readonly','false'),('volumes.542617dd-cf2a-41c4-9716-97fac95cd8f6.fieldLayouts.4631d292-bafd-4363-a467-9e79d10e2b83.tabs.0.elements.0.requirable','false'),('volumes.542617dd-cf2a-41c4-9716-97fac95cd8f6.fieldLayouts.4631d292-bafd-4363-a467-9e79d10e2b83.tabs.0.elements.0.size','null'),('volumes.542617dd-cf2a-41c4-9716-97fac95cd8f6.fieldLayouts.4631d292-bafd-4363-a467-9e79d10e2b83.tabs.0.elements.0.step','null'),('volumes.542617dd-cf2a-41c4-9716-97fac95cd8f6.fieldLayouts.4631d292-bafd-4363-a467-9e79d10e2b83.tabs.0.elements.0.tip','null'),('volumes.542617dd-cf2a-41c4-9716-97fac95cd8f6.fieldLayouts.4631d292-bafd-4363-a467-9e79d10e2b83.tabs.0.elements.0.title','null'),('volumes.542617dd-cf2a-41c4-9716-97fac95cd8f6.fieldLayouts.4631d292-bafd-4363-a467-9e79d10e2b83.tabs.0.elements.0.type','\"craft\\\\fieldlayoutelements\\\\assets\\\\AssetTitleField\"'),('volumes.542617dd-cf2a-41c4-9716-97fac95cd8f6.fieldLayouts.4631d292-bafd-4363-a467-9e79d10e2b83.tabs.0.elements.0.uid','\"b1e1be8c-0a34-4ab5-b928-12be7d716ef3\"'),('volumes.542617dd-cf2a-41c4-9716-97fac95cd8f6.fieldLayouts.4631d292-bafd-4363-a467-9e79d10e2b83.tabs.0.elements.0.userCondition','null'),('volumes.542617dd-cf2a-41c4-9716-97fac95cd8f6.fieldLayouts.4631d292-bafd-4363-a467-9e79d10e2b83.tabs.0.elements.0.warning','null'),('volumes.542617dd-cf2a-41c4-9716-97fac95cd8f6.fieldLayouts.4631d292-bafd-4363-a467-9e79d10e2b83.tabs.0.elements.0.width','100'),('volumes.542617dd-cf2a-41c4-9716-97fac95cd8f6.fieldLayouts.4631d292-bafd-4363-a467-9e79d10e2b83.tabs.0.name','\"Content\"'),('volumes.542617dd-cf2a-41c4-9716-97fac95cd8f6.fieldLayouts.4631d292-bafd-4363-a467-9e79d10e2b83.tabs.0.uid','\"36b29584-0e2c-44aa-9183-9125ce17a094\"'),('volumes.542617dd-cf2a-41c4-9716-97fac95cd8f6.fieldLayouts.4631d292-bafd-4363-a467-9e79d10e2b83.tabs.0.userCondition','null'),('volumes.542617dd-cf2a-41c4-9716-97fac95cd8f6.fs','\"videoFilesystem\"'),('volumes.542617dd-cf2a-41c4-9716-97fac95cd8f6.handle','\"localVideos\"'),('volumes.542617dd-cf2a-41c4-9716-97fac95cd8f6.name','\"Local Videos\"'),('volumes.542617dd-cf2a-41c4-9716-97fac95cd8f6.sortOrder','2'),('volumes.542617dd-cf2a-41c4-9716-97fac95cd8f6.titleTranslationKeyFormat','null'),('volumes.542617dd-cf2a-41c4-9716-97fac95cd8f6.titleTranslationMethod','\"site\"'),('volumes.542617dd-cf2a-41c4-9716-97fac95cd8f6.transformFs','\"\"'),('volumes.542617dd-cf2a-41c4-9716-97fac95cd8f6.transformSubpath','\"\"');
commit;

--
-- Dumping data for table `queue`
--

set autocommit=0;
commit;

--
-- Dumping data for table `relations`
--

set autocommit=0;
INSERT INTO `relations` VALUES (2,3,2,NULL,5,1,'2023-06-11 22:56:44','2023-06-11 22:56:44','bd8c9215-ba1d-4836-b8da-b337072de2a1'),(3,4,24,NULL,13,8,'2023-06-11 23:06:55','2023-06-12 18:58:07','757cd99d-f59d-4ce1-89cf-80893e5e8836'),(4,4,24,NULL,12,2,'2023-06-11 23:06:55','2023-06-11 23:06:55','72f54950-ffb4-4618-a0f1-8ee6b1a3bf78'),(5,4,24,NULL,11,6,'2023-06-11 23:06:55','2023-06-12 18:58:07','c8aa9069-35b3-4189-ba47-c67c297b6c5b'),(6,4,24,NULL,10,5,'2023-06-11 23:06:55','2023-06-12 18:58:07','52aa3af4-0fcf-4f14-aea0-75dcf4128218'),(7,4,24,NULL,9,1,'2023-06-11 23:06:55','2023-06-11 23:07:06','b67cdafc-04a2-4c4b-9f88-eeebf9eeaa03'),(8,4,24,NULL,6,3,'2023-06-11 23:06:55','2023-06-11 23:07:06','aeb11724-4824-4cd0-8634-a89ebb7ebe81'),(9,4,25,NULL,9,1,'2023-06-11 23:07:20','2023-06-11 23:07:20','e6d7423a-affb-4eca-b361-17debc3cf83a'),(10,4,25,NULL,12,2,'2023-06-11 23:07:20','2023-06-11 23:07:20','7ceb8210-8903-4d79-a988-b5d37910f76a'),(11,4,25,NULL,6,3,'2023-06-11 23:07:20','2023-06-11 23:07:20','32fff671-2f8f-4a49-9195-48e1645fc68b'),(12,4,25,NULL,10,4,'2023-06-11 23:07:20','2023-06-11 23:07:20','81cf9a30-b284-429f-97bd-b6d0c2bc460b'),(13,4,25,NULL,11,5,'2023-06-11 23:07:20','2023-06-11 23:07:20','d033c311-1820-4d46-90bc-3eb7abaa5c63'),(14,4,25,NULL,13,6,'2023-06-11 23:07:20','2023-06-11 23:07:20','b9f32400-5e1a-463e-98da-442195de4b23'),(15,10,2,NULL,47,1,'2023-06-12 18:54:47','2023-06-12 18:54:47','232f633a-f3a7-4155-8f5c-bac9e7e984fd'),(24,4,24,NULL,49,4,'2023-06-12 18:58:07','2023-06-12 18:58:07','19d82937-48c1-43ae-8767-454e06310b8f'),(25,4,24,NULL,48,7,'2023-06-12 18:58:07','2023-06-12 18:58:07','98b5e40c-c54b-46e9-ad7b-d5bde7bd2fe7'),(26,4,51,NULL,9,1,'2023-06-12 18:58:07','2023-06-12 18:58:07','c0bc799b-a58a-41d4-829d-1ff6e701b211'),(27,4,51,NULL,12,2,'2023-06-12 18:58:07','2023-06-12 18:58:07','84490d9c-180a-4c45-bbc7-aa06d5a7609c'),(28,4,51,NULL,6,3,'2023-06-12 18:58:07','2023-06-12 18:58:07','cb571b2d-b3fd-44f6-a1af-331a044c3686'),(29,4,51,NULL,49,4,'2023-06-12 18:58:07','2023-06-12 18:58:07','67b01db8-bcf4-4b01-873d-6f85d80792bc'),(30,4,51,NULL,10,5,'2023-06-12 18:58:07','2023-06-12 18:58:07','32bcc900-96ea-4e4d-929b-722b6aa74384'),(31,4,51,NULL,11,6,'2023-06-12 18:58:07','2023-06-12 18:58:07','d4525f54-737d-4358-97b6-1ac3e982d39f'),(32,4,51,NULL,48,7,'2023-06-12 18:58:07','2023-06-12 18:58:07','0792cb40-924d-4d06-8ea0-858d6c96c24c'),(33,4,51,NULL,13,8,'2023-06-12 18:58:07','2023-06-12 18:58:07','3580b8ac-cca5-4333-a816-24cc7d55bc44');
commit;

--
-- Dumping data for table `revisions`
--

set autocommit=0;
INSERT INTO `revisions` VALUES (1,18,3,1,''),(2,20,3,1,''),(3,22,3,1,''),(4,24,3,1,''),(5,26,3,1,''),(6,33,3,1,''),(7,35,3,1,''),(8,37,3,1,''),(9,39,3,1,''),(10,41,3,1,''),(11,24,3,2,'Applied “Draft 1”');
commit;

--
-- Dumping data for table `searchindex`
--

set autocommit=0;
INSERT INTO `searchindex` VALUES (1,'slug',0,1,' home '),(1,'title',0,1,' home '),(2,'slug',0,1,''),(3,'email',0,1,' jsudimak302 gmail com '),(3,'firstname',0,1,''),(3,'fullname',0,1,''),(3,'lastname',0,1,''),(3,'slug',0,1,''),(3,'username',0,1,' jsudimak '),(4,'extension',0,1,' png '),(4,'filename',0,1,' hobbe logo png '),(4,'kind',0,1,' image '),(4,'slug',0,1,''),(4,'title',0,1,' hobbe logo '),(5,'extension',0,1,' png '),(5,'filename',0,1,' hobbe png '),(5,'kind',0,1,' image '),(5,'slug',0,1,''),(5,'title',0,1,' hobbe '),(6,'extension',0,1,' jpg '),(6,'filename',0,1,' 8static dominos jpg '),(6,'kind',0,1,' image '),(6,'slug',0,1,''),(6,'title',0,1,' 8static dominos '),(7,'extension',0,1,' jpg '),(7,'filename',0,1,' about jpg '),(7,'kind',0,1,' image '),(7,'slug',0,1,''),(7,'title',0,1,' about '),(8,'extension',0,1,' jpg '),(8,'filename',0,1,' bitgen jpg '),(8,'kind',0,1,' image '),(8,'slug',0,1,''),(8,'title',0,1,' bitgen '),(9,'extension',0,1,' jpg '),(9,'filename',0,1,' gallery 1 jpg '),(9,'kind',0,1,' image '),(9,'slug',0,1,''),(9,'title',0,1,' gallery 1 '),(10,'extension',0,1,' jpg '),(10,'filename',0,1,' gallery 2 jpg '),(10,'kind',0,1,' image '),(10,'slug',0,1,''),(10,'title',0,1,' gallery 2 '),(11,'extension',0,1,' jpg '),(11,'filename',0,1,' gallery 3 jpg '),(11,'kind',0,1,' image '),(11,'slug',0,1,''),(11,'title',0,1,' gallery 3 '),(12,'extension',0,1,' jpg '),(12,'filename',0,1,' gallery 6 jpg '),(12,'kind',0,1,' image '),(12,'slug',0,1,''),(12,'title',0,1,' gallery 6 '),(13,'extension',0,1,' jpg '),(13,'filename',0,1,' gallery 7 jpg '),(13,'kind',0,1,' image '),(13,'slug',0,1,''),(13,'title',0,1,' gallery 7 '),(14,'extension',0,1,' jpg '),(14,'filename',0,1,' home bg mobile jpg '),(14,'kind',0,1,' image '),(14,'slug',0,1,''),(14,'title',0,1,' home bg mobile '),(15,'extension',0,1,' jpg '),(15,'filename',0,1,' sentry bar feb2020 alt jpg '),(15,'kind',0,1,' image '),(15,'slug',0,1,''),(15,'title',0,1,' sentry bar feb2020 alt '),(16,'extension',0,1,' jpg '),(16,'filename',0,1,' sentry bar feb2020 jpg '),(16,'kind',0,1,' image '),(16,'slug',0,1,''),(16,'title',0,1,' sentry bar feb2020 '),(17,'extension',0,1,' mp4 '),(17,'filename',0,1,' rob video mp4 '),(17,'kind',0,1,' video '),(17,'slug',0,1,''),(17,'title',0,1,' rob video '),(18,'slug',0,1,' about '),(18,'title',0,1,' about '),(20,'slug',0,1,' live '),(20,'title',0,1,' live '),(22,'slug',0,1,' listen '),(22,'title',0,1,' listen '),(24,'slug',0,1,' gallery '),(24,'title',0,1,' gallery '),(26,'slug',0,1,' contact '),(26,'title',0,1,' contact '),(28,'slug',0,1,' craggy rabbit '),(28,'title',0,1,' craggy rabbit '),(29,'slug',0,1,' nmlstyl fourtitude band version '),(29,'title',0,1,' nmlstyl fourtitude band version '),(30,'slug',0,1,' valentines day lottery '),(30,'title',0,1,' valentines day lottery '),(31,'slug',0,1,' nmlstyl s t spotify '),(31,'title',0,1,' nmlstyl s t spotify '),(32,'slug',0,1,' speed of three paradox '),(32,'title',0,1,' speed of three paradox '),(33,'slug',0,1,' 110 percent mysterious travelers '),(33,'title',0,1,' 110 percent mysterious travelers '),(35,'slug',0,1,' black monday mysterious travelers '),(35,'title',0,1,' black monday mysterious travelers '),(37,'slug',0,1,' the overtime mcgill chamber jazz orchestra 2019 '),(37,'title',0,1,' the overtime mcgill chamber jazz orchestra 2019 '),(39,'slug',0,1,' infinitaves nmlstyl magfest 2020 '),(39,'title',0,1,' infinitaves nmlstyl magfest 2020 '),(41,'slug',0,1,' nmlstyl bitgen xiii full set '),(41,'title',0,1,' nmlstyl bitgen xiii full set '),(47,'extension',0,1,' png '),(47,'filename',0,1,' my face best version dark small png '),(47,'kind',0,1,' image '),(47,'slug',0,1,''),(47,'title',0,1,' my face best version dark small '),(48,'extension',0,1,' jpg '),(48,'filename',0,1,' drums blue jpg '),(48,'kind',0,1,' image '),(48,'slug',0,1,''),(48,'title',0,1,' drums blue '),(49,'extension',0,1,' jpg '),(49,'filename',0,1,' nmlstyl jpg '),(49,'kind',0,1,' image '),(49,'slug',0,1,''),(49,'title',0,1,' nmlstyl ');
commit;

--
-- Dumping data for table `sections`
--

set autocommit=0;
INSERT INTO `sections` VALUES (1,NULL,'Contact Submissions','contactSubmissions','channel',0,'all','end',NULL,'2023-06-11 22:50:12','2023-06-11 22:50:12',NULL,'da0be12f-51b0-474c-915f-0d17dfa97850'),(2,NULL,'Embeds','embeds','channel',0,'all','end',NULL,'2023-06-11 22:50:12','2023-06-11 22:50:12',NULL,'e83e534b-ba3e-41e5-9e73-051db8c4b65b'),(3,NULL,'Gigs','gigs','channel',0,'all','end',NULL,'2023-06-11 22:50:12','2023-06-11 22:50:12',NULL,'825f4bb2-160e-43de-b9e1-179a555f48ec'),(4,NULL,'Home','home','single',0,'all','end',NULL,'2023-06-11 22:50:12','2023-06-11 22:50:12',NULL,'9ba0ed5d-fc6f-4a0f-8d43-f13470b75bf4'),(5,1,'Pages','pages','structure',1,'all','beginning',NULL,'2023-06-11 22:50:12','2023-06-11 22:50:12',NULL,'d9c26beb-6bee-444c-b33f-13a168793722'),(6,NULL,'Videos','videos','channel',1,'all','end',NULL,'2023-06-11 22:50:13','2023-06-11 22:50:13',NULL,'15fdb8d9-166a-4c6c-b61e-17cbec66abd1');
commit;

--
-- Dumping data for table `sections_sites`
--

set autocommit=0;
INSERT INTO `sections_sites` VALUES (1,1,1,0,NULL,NULL,1,'2023-06-11 22:50:12','2023-06-11 22:50:12','84f289ad-e075-4b12-b9da-af5f494443d9'),(2,2,1,0,NULL,NULL,1,'2023-06-11 22:50:12','2023-06-11 22:50:12','388583dd-369c-4e9d-8257-726e276fe45f'),(3,3,1,1,'gigs/{slug}',NULL,1,'2023-06-11 22:50:12','2023-06-11 22:50:12','c437f4c8-0b23-4344-8d20-0f454c9ee01a'),(4,4,1,1,'__home__','home',1,'2023-06-11 22:50:12','2023-06-11 22:50:12','5851f289-949a-4ae1-8a73-8510cfea4a68'),(5,5,1,1,'{slug}','_pages/_base',1,'2023-06-11 22:50:12','2023-06-11 22:50:12','f79a85e4-24ba-40e6-8f6c-9642574e9f2f'),(6,6,1,0,NULL,NULL,1,'2023-06-11 22:50:13','2023-06-11 22:50:13','9b2b3283-5b33-437a-b203-39aefda1b75b');
commit;

--
-- Dumping data for table `sequences`
--

set autocommit=0;
commit;

--
-- Dumping data for table `shunnedmessages`
--

set autocommit=0;
commit;

--
-- Dumping data for table `sitegroups`
--

set autocommit=0;
INSERT INTO `sitegroups` VALUES (1,'Rob Martino Music','2023-06-11 22:50:09','2023-06-11 22:50:09',NULL,'76c85625-5e8e-4126-9f8f-6c15d50877ae');
commit;

--
-- Dumping data for table `sites`
--

set autocommit=0;
INSERT INTO `sites` VALUES (1,1,1,'1','Rob Martino Music','default','en',1,'$PRIMARY_SITE_URL',1,'2023-06-11 22:50:09','2023-06-11 23:00:58',NULL,'844f6d9c-168f-4c8e-904a-202432cef59e');
commit;

--
-- Dumping data for table `structureelements`
--

set autocommit=0;
INSERT INTO `structureelements` VALUES (1,1,NULL,1,1,12,0,'2023-06-11 23:03:41','2024-12-06 20:42:25','a38789a8-cd25-4ff9-a0d5-c84fc1f12fa3'),(2,1,18,1,2,3,1,'2023-06-11 23:03:41','2024-12-06 20:38:20','edd7c773-650b-413f-a1af-a428c48fee6c'),(3,1,20,1,10,11,1,'2023-06-11 23:04:18','2024-12-06 20:42:25','26ce4dff-d8f4-46c4-b292-d49ebc2eef88'),(4,1,22,1,8,9,1,'2023-06-11 23:05:19','2024-12-06 20:42:25','31c61d18-72d3-4c19-b594-ecbd856d2b44'),(5,1,24,1,6,7,1,'2023-06-11 23:05:54','2024-12-06 20:38:20','3ac20220-eb81-4b04-85e7-a36ee15d1fa4'),(6,1,26,1,4,5,1,'2023-06-11 23:07:20','2024-12-06 20:38:20','c24dd46a-b266-4c77-902e-230c54132239');
commit;

--
-- Dumping data for table `structures`
--

set autocommit=0;
INSERT INTO `structures` VALUES (1,1,'2023-06-11 22:50:12','2024-12-06 20:42:36',NULL,'60678798-1b32-434e-b9a3-375d854aafe7');
commit;
set autocommit=0;
commit;

--
-- Dumping data for table `taggroups`
--

set autocommit=0;
commit;

--
-- Dumping data for table `tags`
--

set autocommit=0;
commit;
set autocommit=0;
commit;

--
-- Dumping data for table `usergroups`
--

set autocommit=0;
commit;

--
-- Dumping data for table `usergroups_users`
--

set autocommit=0;
commit;

--
-- Dumping data for table `userpermissions`
--

set autocommit=0;
commit;

--
-- Dumping data for table `userpermissions_usergroups`
--

set autocommit=0;
commit;

--
-- Dumping data for table `userpermissions_users`
--

set autocommit=0;
commit;

--
-- Dumping data for table `userpreferences`
--

set autocommit=0;
INSERT INTO `userpreferences` VALUES (3,'{\"language\":\"en\",\"locale\":null,\"weekStartDay\":\"1\",\"alwaysShowFocusRings\":false,\"useShapes\":false,\"underlineLinks\":false,\"notificationDuration\":\"5000\",\"showFieldHandles\":true,\"enableDebugToolbarForSite\":false,\"enableDebugToolbarForCp\":false,\"showExceptionView\":false,\"profileTemplates\":false}');
commit;
set autocommit=0;
commit;

--
-- Dumping data for table `volumefolders`
--

set autocommit=0;
INSERT INTO `volumefolders` VALUES (1,NULL,1,'Local Images',NULL,'2023-06-11 22:50:16','2023-06-11 22:50:16','d405919f-e916-4d83-ab60-0c97566333b5'),(2,NULL,2,'Local Videos',NULL,'2023-06-11 22:50:16','2023-06-11 22:50:16','c41583af-ee08-4966-a3c1-472759a794d7'),(3,NULL,NULL,'Temporary filesystem',NULL,'2023-06-11 22:53:05','2023-06-11 22:53:05','009d3b05-6f18-4b78-9084-5cadfa6f216a'),(5,1,1,'transforms','transforms/','2023-06-11 23:02:49','2023-06-11 23:02:49','eee1c41b-2a99-4ae2-a0a5-a9c5794153ed');
commit;

--
-- Dumping data for table `volumes`
--

set autocommit=0;
INSERT INTO `volumes` VALUES (1,11,'Local Images','localImages','localFilesystem','localTransforms','','site',NULL,1,'2023-06-11 22:50:16','2023-06-11 22:50:16',NULL,'4be4bc77-6721-4564-9441-605a1a6c0bad'),(2,12,'Local Videos','localVideos','videoFilesystem','','','site',NULL,2,'2023-06-11 22:50:16','2023-06-11 22:50:16',NULL,'542617dd-cf2a-41c4-9716-97fac95cd8f6');
commit;

--
-- Dumping data for table `widgets`
--

set autocommit=0;
INSERT INTO `widgets` VALUES (1,3,'craft\\widgets\\RecentEntries',1,NULL,'{\"siteId\":1,\"section\":\"*\",\"limit\":10}',1,'2023-06-11 22:50:31','2023-06-11 22:50:31','128c6839-82a7-44e2-93f6-bb0663b59138'),(2,3,'craft\\widgets\\CraftSupport',2,NULL,'[]',1,'2023-06-11 22:50:31','2023-06-11 22:50:31','f20abae9-7fb4-4ed0-832b-6b2c5174dd6d'),(3,3,'craft\\widgets\\Updates',3,NULL,'[]',1,'2023-06-11 22:50:31','2023-06-11 22:50:31','9cc47b3d-144d-4f71-8f20-39b90c5b6fc8');
commit;

--
-- Dumping routines for database 'db'
--


