--
-- Host: 127.0.0.1    Database: robmartinomusic_db
-- ------------------------------------------------------


--
-- Table structure for table `addresses`
--

CREATE TABLE `addresses` (
  `id` int NOT NULL,
  `primaryOwnerId` int DEFAULT NULL,
  `fieldId` int DEFAULT NULL,
  `countryCode` varchar(255) NOT NULL,
  `administrativeArea` varchar(255) DEFAULT NULL,
  `locality` varchar(255) DEFAULT NULL,
  `dependentLocality` varchar(255) DEFAULT NULL,
  `postalCode` varchar(255) DEFAULT NULL,
  `sortingCode` varchar(255) DEFAULT NULL,
  `addressLine1` varchar(255) DEFAULT NULL,
  `addressLine2` varchar(255) DEFAULT NULL,
  `addressLine3` varchar(255) DEFAULT NULL,
  `organization` varchar(255) DEFAULT NULL,
  `organizationTaxId` varchar(255) DEFAULT NULL,
  `fullName` varchar(255) DEFAULT NULL,
  `firstName` varchar(255) DEFAULT NULL,
  `lastName` varchar(255) DEFAULT NULL,
  `latitude` varchar(255) DEFAULT NULL,
  `longitude` varchar(255) DEFAULT NULL,
  `dateCreated` datetime NOT NULL,
  `dateUpdated` datetime NOT NULL,
  PRIMARY KEY (`id`),
  KEY `fk_jgigqdygvkuyejbbmjtfnhstoqqnbhldaklo` (`primaryOwnerId`),
  CONSTRAINT `fk_jgigqdygvkuyejbbmjtfnhstoqqnbhldaklo` FOREIGN KEY (`primaryOwnerId`) REFERENCES `elements` (`id`) ON DELETE CASCADE,
  CONSTRAINT `fk_rzetzucljiwsteewqihsmihvtjrtomiqlzog` FOREIGN KEY (`id`) REFERENCES `elements` (`id`) ON DELETE CASCADE
) ENGINE=InnoDB DEFAULT CHARSET=utf8mb3;

--
-- Table structure for table `announcements`
--

CREATE TABLE `announcements` (
  `id` int NOT NULL AUTO_INCREMENT,
  `userId` int NOT NULL,
  `pluginId` int DEFAULT NULL,
  `heading` varchar(255) NOT NULL,
  `body` text NOT NULL,
  `unread` tinyint(1) NOT NULL DEFAULT '1',
  `dateRead` datetime DEFAULT NULL,
  `dateCreated` datetime NOT NULL,
  PRIMARY KEY (`id`),
  KEY `idx_iawwcerjybssnnwbhfodrksilemslwifufln` (`userId`,`unread`,`dateRead`,`dateCreated`),
  KEY `idx_levgsyssoewwxvgkmmetlvmdfbkgyqhmubcv` (`dateRead`),
  KEY `fk_nljdfyrtigqdtfsgbgvjepppaiobbsnpnxbq` (`pluginId`),
  CONSTRAINT `fk_cuyshkgzogrkfvxewxqkiukllultikwxsjyd` FOREIGN KEY (`userId`) REFERENCES `users` (`id`) ON DELETE CASCADE,
  CONSTRAINT `fk_nljdfyrtigqdtfsgbgvjepppaiobbsnpnxbq` FOREIGN KEY (`pluginId`) REFERENCES `plugins` (`id`) ON DELETE CASCADE
) ENGINE=InnoDB DEFAULT CHARSET=utf8mb3;

--
-- Table structure for table `assetindexingsessions`
--

CREATE TABLE `assetindexingsessions` (
  `id` int NOT NULL AUTO_INCREMENT,
  `indexedVolumes` text,
  `totalEntries` int DEFAULT NULL,
  `processedEntries` int NOT NULL DEFAULT '0',
  `cacheRemoteImages` tinyint(1) DEFAULT NULL,
  `listEmptyFolders` tinyint(1) DEFAULT '0',
  `isCli` tinyint(1) DEFAULT '0',
  `actionRequired` tinyint(1) DEFAULT '0',
  `processIfRootEmpty` tinyint(1) DEFAULT '0',
  `dateCreated` datetime NOT NULL,
  `dateUpdated` datetime NOT NULL,
  `uid` char(36) NOT NULL DEFAULT '0',
  PRIMARY KEY (`id`)
) ENGINE=InnoDB AUTO_INCREMENT=8 DEFAULT CHARSET=utf8mb3;

--
-- Table structure for table `assets`
--

CREATE TABLE `assets` (
  `id` int NOT NULL,
  `volumeId` int DEFAULT NULL,
  `folderId` int NOT NULL,
  `uploaderId` int DEFAULT NULL,
  `filename` varchar(255) NOT NULL,
  `kind` varchar(50) NOT NULL DEFAULT 'unknown',
  `alt` text,
  `width` int unsigned DEFAULT NULL,
  `height` int unsigned DEFAULT NULL,
  `size` bigint unsigned DEFAULT NULL,
  `focalPoint` varchar(13) DEFAULT NULL,
  `deletedWithVolume` tinyint(1) DEFAULT NULL,
  `keptFile` tinyint(1) DEFAULT NULL,
  `dateModified` datetime DEFAULT NULL,
  `dateCreated` datetime NOT NULL,
  `dateUpdated` datetime NOT NULL,
  PRIMARY KEY (`id`),
  KEY `idx_hhbyknahgxqzojaeotdrtkjywytcotpngeic` (`filename`,`folderId`),
  KEY `idx_lnebzajxuozidncrfjokdtpkkjwapxxodmem` (`folderId`),
  KEY `idx_rmgjjdexrzniutkqseczhwlicmhdlnlulyns` (`volumeId`),
  KEY `fk_sruqxbuwmbskiiguvjcnwjmjkkzxrllfsxlh` (`uploaderId`),
  CONSTRAINT `fk_dtgkmeyglobhqaplznajpwouzfkfovbqzthw` FOREIGN KEY (`volumeId`) REFERENCES `volumes` (`id`) ON DELETE CASCADE,
  CONSTRAINT `fk_nvzegdvdryqjkmmoswhblhprkzjurjmewrwt` FOREIGN KEY (`folderId`) REFERENCES `volumefolders` (`id`) ON DELETE CASCADE,
  CONSTRAINT `fk_sruqxbuwmbskiiguvjcnwjmjkkzxrllfsxlh` FOREIGN KEY (`uploaderId`) REFERENCES `users` (`id`) ON DELETE SET NULL,
  CONSTRAINT `fk_ulseoycpjpjryndbwipfdbnfcgyvxauodsgv` FOREIGN KEY (`id`) REFERENCES `elements` (`id`) ON DELETE CASCADE
) ENGINE=InnoDB DEFAULT CHARSET=utf8mb3;

--
-- Table structure for table `assets_sites`
--

CREATE TABLE `assets_sites` (
  `assetId` int NOT NULL,
  `siteId` int NOT NULL,
  `alt` text,
  PRIMARY KEY (`assetId`,`siteId`),
  KEY `fk_rpnpbfdoorgcztwklxtgccrdoknkritprzja` (`siteId`),
  CONSTRAINT `fk_gctpfxsujjjklyqlpoeovqcmqzbcdgrlcixn` FOREIGN KEY (`assetId`) REFERENCES `assets` (`id`) ON DELETE CASCADE,
  CONSTRAINT `fk_rpnpbfdoorgcztwklxtgccrdoknkritprzja` FOREIGN KEY (`siteId`) REFERENCES `sites` (`id`) ON DELETE CASCADE ON UPDATE CASCADE
) ENGINE=InnoDB DEFAULT CHARSET=utf8mb4 COLLATE=utf8mb4_0900_ai_ci;

--
-- Table structure for table `categories`
--

CREATE TABLE `categories` (
  `id` int NOT NULL,
  `groupId` int NOT NULL,
  `parentId` int DEFAULT NULL,
  `deletedWithGroup` tinyint(1) DEFAULT NULL,
  `dateCreated` datetime NOT NULL,
  `dateUpdated` datetime NOT NULL,
  PRIMARY KEY (`id`),
  KEY `idx_ltdggbalbywumczaqtoetxfvfoomogkhiukt` (`groupId`),
  KEY `fk_fyeacsorfpewlkdhcynnlfemrirnjulaossy` (`parentId`),
  CONSTRAINT `fk_fjxwsztvmpihccgzqqzztjshblefarjaszum` FOREIGN KEY (`id`) REFERENCES `elements` (`id`) ON DELETE CASCADE,
  CONSTRAINT `fk_fyeacsorfpewlkdhcynnlfemrirnjulaossy` FOREIGN KEY (`parentId`) REFERENCES `categories` (`id`) ON DELETE SET NULL,
  CONSTRAINT `fk_qaivficawaivrbqkikrsvnbjxqdepcvpteyr` FOREIGN KEY (`groupId`) REFERENCES `categorygroups` (`id`) ON DELETE CASCADE
) ENGINE=InnoDB DEFAULT CHARSET=utf8mb3;

--
-- Table structure for table `categorygroups`
--

CREATE TABLE `categorygroups` (
  `id` int NOT NULL AUTO_INCREMENT,
  `structureId` int NOT NULL,
  `fieldLayoutId` int DEFAULT NULL,
  `name` varchar(255) NOT NULL,
  `handle` varchar(255) NOT NULL,
  `defaultPlacement` enum('beginning','end') NOT NULL DEFAULT 'end',
  `dateCreated` datetime NOT NULL,
  `dateUpdated` datetime NOT NULL,
  `dateDeleted` datetime DEFAULT NULL,
  `uid` char(36) NOT NULL DEFAULT '0',
  PRIMARY KEY (`id`),
  KEY `idx_mccdpoimenhwcyxlpexvmyqxjiqajrdmzhak` (`name`),
  KEY `idx_novtetufvajitxdtighvvfngrewxdzusdcaf` (`handle`),
  KEY `idx_fkybyuoynogzonqqdcnagktpizndagqsskjg` (`structureId`),
  KEY `idx_hmkbmsvhsysraudvctpbupcipqoailsyhxin` (`fieldLayoutId`),
  KEY `idx_aycqxlwqcqdhwmihnckxuylclqcdubxgyood` (`dateDeleted`),
  CONSTRAINT `fk_njyptuhhadmqkdttdzrmyammkfgclvsvxqhr` FOREIGN KEY (`fieldLayoutId`) REFERENCES `fieldlayouts` (`id`) ON DELETE SET NULL,
  CONSTRAINT `fk_vdqgbliuhyxnibxtxibkuiqctzchvpqmpccx` FOREIGN KEY (`structureId`) REFERENCES `structures` (`id`) ON DELETE CASCADE
) ENGINE=InnoDB DEFAULT CHARSET=utf8mb3;

--
-- Table structure for table `categorygroups_sites`
--

CREATE TABLE `categorygroups_sites` (
  `id` int NOT NULL AUTO_INCREMENT,
  `groupId` int NOT NULL,
  `siteId` int NOT NULL,
  `hasUrls` tinyint(1) NOT NULL DEFAULT '1',
  `uriFormat` text,
  `template` varchar(500) DEFAULT NULL,
  `dateCreated` datetime NOT NULL,
  `dateUpdated` datetime NOT NULL,
  `uid` char(36) NOT NULL DEFAULT '0',
  PRIMARY KEY (`id`),
  UNIQUE KEY `idx_qdawiveuokgjkdejojotdpdexnkudhiqwkvp` (`groupId`,`siteId`),
  KEY `idx_xdxrbcdjhwglbgzkqtxtxruefzgblisqmxba` (`siteId`),
  CONSTRAINT `fk_epouuhigmucdrpxuzlcswicyuzsjahmcqvqj` FOREIGN KEY (`siteId`) REFERENCES `sites` (`id`) ON DELETE CASCADE ON UPDATE CASCADE,
  CONSTRAINT `fk_zuumfpwadzoodrdimbhqaddkcvrstjaysmim` FOREIGN KEY (`groupId`) REFERENCES `categorygroups` (`id`) ON DELETE CASCADE
) ENGINE=InnoDB DEFAULT CHARSET=utf8mb3;

--
-- Table structure for table `changedattributes`
--

CREATE TABLE `changedattributes` (
  `elementId` int NOT NULL,
  `siteId` int NOT NULL,
  `attribute` varchar(255) NOT NULL,
  `dateUpdated` datetime NOT NULL,
  `propagated` tinyint(1) NOT NULL,
  `userId` int DEFAULT NULL,
  PRIMARY KEY (`elementId`,`siteId`,`attribute`),
  KEY `idx_syhvnuuigmnraslrohtmmfwxqvzbkxmnqqnp` (`elementId`,`siteId`,`dateUpdated`),
  KEY `fk_fjtnoifowtkztwvesxixezihgscpcszxaalm` (`siteId`),
  KEY `fk_nxydxkeewrdvzsdtldrhhiyulxoxmkqsgvph` (`userId`),
  CONSTRAINT `fk_cuwdfvilkxbczyauztxlsrafgmzixndrxaqp` FOREIGN KEY (`elementId`) REFERENCES `elements` (`id`) ON DELETE CASCADE ON UPDATE CASCADE,
  CONSTRAINT `fk_fjtnoifowtkztwvesxixezihgscpcszxaalm` FOREIGN KEY (`siteId`) REFERENCES `sites` (`id`) ON DELETE CASCADE ON UPDATE CASCADE,
  CONSTRAINT `fk_nxydxkeewrdvzsdtldrhhiyulxoxmkqsgvph` FOREIGN KEY (`userId`) REFERENCES `users` (`id`) ON DELETE SET NULL ON UPDATE CASCADE
) ENGINE=InnoDB DEFAULT CHARSET=utf8mb3;

--
-- Table structure for table `changedfields`
--

CREATE TABLE `changedfields` (
  `elementId` int NOT NULL,
  `siteId` int NOT NULL,
  `fieldId` int NOT NULL,
  `layoutElementUid` char(36) NOT NULL DEFAULT '0',
  `dateUpdated` datetime NOT NULL,
  `propagated` tinyint(1) NOT NULL,
  `userId` int DEFAULT NULL,
  PRIMARY KEY (`elementId`,`siteId`,`fieldId`,`layoutElementUid`),
  KEY `idx_tfogpofksagixtslxpzkcjatiwocwilwtfor` (`elementId`,`siteId`,`dateUpdated`),
  KEY `fk_eysuhdgsiytnrrrfelsadkqkfzsxclxftdct` (`siteId`),
  KEY `fk_hrjdwymoylzmzkopdrxmcqlyevifwlmqagcd` (`fieldId`),
  KEY `fk_wuftmpegbppzccenotpchbdpfbadjroaqziv` (`userId`),
  CONSTRAINT `fk_eysuhdgsiytnrrrfelsadkqkfzsxclxftdct` FOREIGN KEY (`siteId`) REFERENCES `sites` (`id`) ON DELETE CASCADE ON UPDATE CASCADE,
  CONSTRAINT `fk_ezbmzcttrextulzyezozsdxwtliwrelpwsql` FOREIGN KEY (`elementId`) REFERENCES `elements` (`id`) ON DELETE CASCADE ON UPDATE CASCADE,
  CONSTRAINT `fk_hrjdwymoylzmzkopdrxmcqlyevifwlmqagcd` FOREIGN KEY (`fieldId`) REFERENCES `fields` (`id`) ON DELETE CASCADE ON UPDATE CASCADE,
  CONSTRAINT `fk_wuftmpegbppzccenotpchbdpfbadjroaqziv` FOREIGN KEY (`userId`) REFERENCES `users` (`id`) ON DELETE SET NULL ON UPDATE CASCADE
) ENGINE=InnoDB DEFAULT CHARSET=utf8mb3;

--
-- Table structure for table `drafts`
--

CREATE TABLE `drafts` (
  `id` int NOT NULL AUTO_INCREMENT,
  `canonicalId` int DEFAULT NULL,
  `creatorId` int DEFAULT NULL,
  `provisional` tinyint(1) NOT NULL DEFAULT '0',
  `name` varchar(255) NOT NULL,
  `notes` text,
  `trackChanges` tinyint(1) NOT NULL DEFAULT '0',
  `dateLastMerged` datetime DEFAULT NULL,
  `saved` tinyint(1) NOT NULL DEFAULT '1',
  PRIMARY KEY (`id`),
  KEY `idx_xkhqcldlgihyqgodcbxsveicatoqpewuckrp` (`creatorId`,`provisional`),
  KEY `idx_xygcgcxaqgzoacwrqzuucgailkiyugggufzg` (`saved`),
  KEY `fk_gywcntesglnrmgkhnyuotzityrrcevasiyvi` (`canonicalId`),
  CONSTRAINT `fk_bxhmwpdzhqfkymqipodxbxpaayyomwyqlozk` FOREIGN KEY (`creatorId`) REFERENCES `users` (`id`) ON DELETE SET NULL,
  CONSTRAINT `fk_gywcntesglnrmgkhnyuotzityrrcevasiyvi` FOREIGN KEY (`canonicalId`) REFERENCES `elements` (`id`) ON DELETE CASCADE
) ENGINE=InnoDB AUTO_INCREMENT=42 DEFAULT CHARSET=utf8mb3;

--
-- Table structure for table `elementactivity`
--

CREATE TABLE `elementactivity` (
  `elementId` int NOT NULL,
  `userId` int NOT NULL,
  `siteId` int NOT NULL,
  `draftId` int DEFAULT NULL,
  `type` varchar(255) NOT NULL,
  `timestamp` datetime DEFAULT NULL,
  PRIMARY KEY (`elementId`,`userId`,`type`),
  KEY `idx_ywwhigjnxdrlrnucqwtjofwolmblqjchwpiw` (`elementId`,`timestamp`,`userId`),
  KEY `fk_qgpvnazgkxyjlwchycrxbfyfolixnlyrmcoy` (`userId`),
  KEY `fk_ylrqadnypgqkwvrnzhnqwsuubbplulxwapmb` (`siteId`),
  KEY `fk_qdabyirodgvrobbkmbgcxtbqwrwjttjlwtwy` (`draftId`),
  CONSTRAINT `fk_cgmospeicdpnuqaafncjucjxylunvnmslieb` FOREIGN KEY (`elementId`) REFERENCES `elements` (`id`) ON DELETE CASCADE,
  CONSTRAINT `fk_qdabyirodgvrobbkmbgcxtbqwrwjttjlwtwy` FOREIGN KEY (`draftId`) REFERENCES `drafts` (`id`) ON DELETE CASCADE,
  CONSTRAINT `fk_qgpvnazgkxyjlwchycrxbfyfolixnlyrmcoy` FOREIGN KEY (`userId`) REFERENCES `users` (`id`) ON DELETE CASCADE,
  CONSTRAINT `fk_ylrqadnypgqkwvrnzhnqwsuubbplulxwapmb` FOREIGN KEY (`siteId`) REFERENCES `sites` (`id`) ON DELETE CASCADE
) ENGINE=InnoDB DEFAULT CHARSET=utf8mb3;

--
-- Table structure for table `elements`
--

CREATE TABLE `elements` (
  `id` int NOT NULL AUTO_INCREMENT,
  `canonicalId` int DEFAULT NULL,
  `draftId` int DEFAULT NULL,
  `revisionId` int DEFAULT NULL,
  `fieldLayoutId` int DEFAULT NULL,
  `type` varchar(255) NOT NULL,
  `enabled` tinyint(1) NOT NULL DEFAULT '1',
  `archived` tinyint(1) NOT NULL DEFAULT '0',
  `dateCreated` datetime NOT NULL,
  `dateUpdated` datetime NOT NULL,
  `dateLastMerged` datetime DEFAULT NULL,
  `dateDeleted` datetime DEFAULT NULL,
  `deletedWithOwner` tinyint(1) DEFAULT NULL,
  `uid` char(36) NOT NULL DEFAULT '0',
  PRIMARY KEY (`id`),
  KEY `idx_plcsbgocoagtmlkqlujucobabcuunrynyxyh` (`dateDeleted`),
  KEY `idx_jzxndazknouxfjwpxthsgcpzzqhlxqbrhdse` (`fieldLayoutId`),
  KEY `idx_ykmhbmzodqnyggdljtjwwngfbvplvwyrmqml` (`type`),
  KEY `idx_hmhwazbzjxrstqcswpxskyqlgjeqgfidksxx` (`enabled`),
  KEY `idx_ixhanuedhjjpxocujlrjwsjdavkhzwsnwuzx` (`archived`,`dateCreated`),
  KEY `idx_appxvckyvskgxwlcqqtynarxyhnfgfhxayyn` (`archived`,`dateDeleted`,`draftId`,`revisionId`,`canonicalId`),
  KEY `idx_ltbsevtyrosxegdqipupbfxxcxltwcdpplzy` (`archived`,`dateDeleted`,`draftId`,`revisionId`,`canonicalId`,`enabled`),
  KEY `fk_xnxabzqjkopbztbeyshasofjtqxosfhooiwk` (`canonicalId`),
  KEY `fk_nnynnvtojhbxsauyiewvwsanrxdjkkobrqyw` (`draftId`),
  KEY `fk_djxnwqpevivhvfnihnvudejuucnzsffkpnmy` (`revisionId`),
  CONSTRAINT `fk_djxnwqpevivhvfnihnvudejuucnzsffkpnmy` FOREIGN KEY (`revisionId`) REFERENCES `revisions` (`id`) ON DELETE CASCADE,
  CONSTRAINT `fk_nnynnvtojhbxsauyiewvwsanrxdjkkobrqyw` FOREIGN KEY (`draftId`) REFERENCES `drafts` (`id`) ON DELETE CASCADE,
  CONSTRAINT `fk_pjrknukohedntxmahtlzkoavaqighrggmrqw` FOREIGN KEY (`fieldLayoutId`) REFERENCES `fieldlayouts` (`id`) ON DELETE SET NULL,
  CONSTRAINT `fk_xnxabzqjkopbztbeyshasofjtqxosfhooiwk` FOREIGN KEY (`canonicalId`) REFERENCES `elements` (`id`) ON DELETE SET NULL
) ENGINE=InnoDB AUTO_INCREMENT=203 DEFAULT CHARSET=utf8mb3;

--
-- Table structure for table `elements_owners`
--

CREATE TABLE `elements_owners` (
  `elementId` int NOT NULL,
  `ownerId` int NOT NULL,
  `sortOrder` smallint unsigned NOT NULL,
  PRIMARY KEY (`elementId`,`ownerId`),
  KEY `fk_mohivuazplzpjuozetdexumkitfmblmmmqfz` (`ownerId`),
  CONSTRAINT `fk_bkhbyegqzsronuhijmfpwgfdrgoxojlqbvfn` FOREIGN KEY (`elementId`) REFERENCES `elements` (`id`) ON DELETE CASCADE,
  CONSTRAINT `fk_mohivuazplzpjuozetdexumkitfmblmmmqfz` FOREIGN KEY (`ownerId`) REFERENCES `elements` (`id`) ON DELETE CASCADE
) ENGINE=InnoDB DEFAULT CHARSET=utf8mb4 COLLATE=utf8mb4_0900_ai_ci;

--
-- Table structure for table `elements_sites`
--

CREATE TABLE `elements_sites` (
  `id` int NOT NULL AUTO_INCREMENT,
  `elementId` int NOT NULL,
  `siteId` int NOT NULL,
  `title` varchar(255) DEFAULT NULL,
  `slug` varchar(255) DEFAULT NULL,
  `uri` varchar(255) DEFAULT NULL,
  `content` json DEFAULT NULL,
  `enabled` tinyint(1) NOT NULL DEFAULT '1',
  `dateCreated` datetime NOT NULL,
  `dateUpdated` datetime NOT NULL,
  `uid` char(36) NOT NULL DEFAULT '0',
  PRIMARY KEY (`id`),
  UNIQUE KEY `idx_npadfznemjwhjiqsltckfyvdvitjcywwxxoq` (`elementId`,`siteId`),
  KEY `idx_nejiicducrjobgcoxanzwigiqqxemmjsqtwz` (`siteId`),
  KEY `idx_mawjdduxaxzfrakyivifeoevsmsqzpierqjr` (`slug`,`siteId`),
  KEY `idx_tvkejgoxjrrygivoolrwlgoeahiwvxuknwuu` (`enabled`),
  KEY `idx_oeeyapicjspqvuovvkdxhbbwowdsmkzgsaej` (`uri`,`siteId`),
  KEY `idx_gnkadcbubculjfsuoolbhtaygbhirbxoevyo` (`title`,`siteId`),
  CONSTRAINT `fk_elyyhmkznrpujhouujshkkzrpwhtvabbduwo` FOREIGN KEY (`elementId`) REFERENCES `elements` (`id`) ON DELETE CASCADE,
  CONSTRAINT `fk_zkwraqntxizlcddbpwgruermbglgfqgkxjoc` FOREIGN KEY (`siteId`) REFERENCES `sites` (`id`) ON DELETE CASCADE ON UPDATE CASCADE
) ENGINE=InnoDB AUTO_INCREMENT=203 DEFAULT CHARSET=utf8mb3;

--
-- Table structure for table `entries`
--

CREATE TABLE `entries` (
  `id` int NOT NULL,
  `sectionId` int DEFAULT NULL,
  `parentId` int DEFAULT NULL,
  `primaryOwnerId` int DEFAULT NULL,
  `fieldId` int DEFAULT NULL,
  `typeId` int NOT NULL,
  `postDate` datetime DEFAULT NULL,
  `expiryDate` datetime DEFAULT NULL,
  `deletedWithEntryType` tinyint(1) DEFAULT NULL,
  `deletedWithSection` tinyint(1) DEFAULT NULL,
  `dateCreated` datetime NOT NULL,
  `dateUpdated` datetime NOT NULL,
  PRIMARY KEY (`id`),
  KEY `idx_heyfbpphyuvhvjqgttixlpglmhrqxakhuuhe` (`postDate`),
  KEY `idx_wvdppawqpcprjgbwywegydkhcszlurudfxef` (`expiryDate`),
  KEY `idx_kzoxqymskyhinabjdohgoarxhwgvdpuovzxy` (`sectionId`),
  KEY `idx_ivhzatmczspzbkfctwjalpxpgkhrujqixcep` (`typeId`),
  KEY `fk_mmjowjyfbnubwrclzwkflouhmxlgeoehwsjx` (`parentId`),
  KEY `idx_clbdjsawlkxqegohvpwunnkmqvtndpgodnks` (`primaryOwnerId`),
  KEY `idx_bskqtaicamyvyjcwdwyannsdtbqvbfcqddhf` (`fieldId`),
  CONSTRAINT `fk_htjvcvmirnnjiirmdxvsaqfhfvypoyqgaipv` FOREIGN KEY (`sectionId`) REFERENCES `sections` (`id`) ON DELETE CASCADE,
  CONSTRAINT `fk_mmjowjyfbnubwrclzwkflouhmxlgeoehwsjx` FOREIGN KEY (`parentId`) REFERENCES `entries` (`id`) ON DELETE SET NULL,
  CONSTRAINT `fk_rnanaxmxzrkaucebzuvilxnumdlbbdstenos` FOREIGN KEY (`id`) REFERENCES `elements` (`id`) ON DELETE CASCADE,
  CONSTRAINT `fk_stvnzkigkjrxvreyhwwzfuesggkspqwprudl` FOREIGN KEY (`fieldId`) REFERENCES `fields` (`id`) ON DELETE CASCADE,
  CONSTRAINT `fk_tslnenivzsiqogljgxjmcpqhpjzbrmooagev` FOREIGN KEY (`typeId`) REFERENCES `entrytypes` (`id`) ON DELETE CASCADE,
  CONSTRAINT `fk_yekevarphkdfawprcqzccbljuyqigilptwsh` FOREIGN KEY (`primaryOwnerId`) REFERENCES `elements` (`id`) ON DELETE CASCADE
) ENGINE=InnoDB DEFAULT CHARSET=utf8mb3;

--
-- Table structure for table `entries_authors`
--

CREATE TABLE `entries_authors` (
  `entryId` int NOT NULL,
  `authorId` int NOT NULL,
  `sortOrder` smallint unsigned NOT NULL,
  PRIMARY KEY (`entryId`,`authorId`),
  KEY `idx_wfcxjuclmsgpifjhcmupaowztczsxkrovmva` (`authorId`),
  KEY `idx_raiijpsaatqrxtvfuaohbruounkiuzxssxny` (`entryId`,`sortOrder`),
  CONSTRAINT `fk_tzaaiiistqwjxuyfcglawawcrzndnvrqikon` FOREIGN KEY (`entryId`) REFERENCES `entries` (`id`) ON DELETE CASCADE,
  CONSTRAINT `fk_yiodmxmjotyxoegkzogmybrbwquwfrrazana` FOREIGN KEY (`authorId`) REFERENCES `users` (`id`) ON DELETE CASCADE
) ENGINE=InnoDB DEFAULT CHARSET=utf8mb4 COLLATE=utf8mb4_0900_ai_ci;

--
-- Table structure for table `entrytypes`
--

CREATE TABLE `entrytypes` (
  `id` int NOT NULL AUTO_INCREMENT,
  `fieldLayoutId` int DEFAULT NULL,
  `name` varchar(255) NOT NULL,
  `handle` varchar(255) NOT NULL,
  `icon` varchar(255) DEFAULT NULL,
  `color` varchar(255) DEFAULT NULL,
  `hasTitleField` tinyint(1) NOT NULL DEFAULT '1',
  `titleTranslationMethod` varchar(255) NOT NULL DEFAULT 'site',
  `titleTranslationKeyFormat` text,
  `titleFormat` varchar(255) DEFAULT NULL,
  `showSlugField` tinyint(1) DEFAULT '1',
  `slugTranslationMethod` varchar(255) NOT NULL DEFAULT 'site',
  `slugTranslationKeyFormat` text,
  `showStatusField` tinyint(1) DEFAULT '1',
  `dateCreated` datetime NOT NULL,
  `dateUpdated` datetime NOT NULL,
  `dateDeleted` datetime DEFAULT NULL,
  `uid` char(36) NOT NULL DEFAULT '0',
  PRIMARY KEY (`id`),
  KEY `idx_okzowrbwfhlcxdmdyergkmdnmkpvlnzwdlhv` (`fieldLayoutId`),
  KEY `idx_snqdjvpgyhhogvqcadzzsqsorbtjejrisnzk` (`dateDeleted`),
  CONSTRAINT `fk_elnngctfoqadbqvdowruvkuwnxylekhplwlw` FOREIGN KEY (`fieldLayoutId`) REFERENCES `fieldlayouts` (`id`) ON DELETE SET NULL
) ENGINE=InnoDB AUTO_INCREMENT=19 DEFAULT CHARSET=utf8mb3;

--
-- Table structure for table `fieldlayouts`
--

CREATE TABLE `fieldlayouts` (
  `id` int NOT NULL AUTO_INCREMENT,
  `type` varchar(255) NOT NULL,
  `config` json DEFAULT NULL,
  `dateCreated` datetime NOT NULL,
  `dateUpdated` datetime NOT NULL,
  `dateDeleted` datetime DEFAULT NULL,
  `uid` char(36) NOT NULL DEFAULT '0',
  PRIMARY KEY (`id`),
  KEY `idx_wvcjpdnlcnuiqcgfbbaxtyqphbbokczexjbb` (`dateDeleted`),
  KEY `idx_uaknqlckmktpldgoaxnjulaanbcoopuusvtf` (`type`)
) ENGINE=InnoDB AUTO_INCREMENT=25 DEFAULT CHARSET=utf8mb3;

--
-- Table structure for table `fields`
--

CREATE TABLE `fields` (
  `id` int NOT NULL AUTO_INCREMENT,
  `name` text NOT NULL,
  `handle` varchar(64) NOT NULL,
  `context` varchar(255) NOT NULL DEFAULT 'global',
  `columnSuffix` char(8) DEFAULT NULL,
  `instructions` text,
  `searchable` tinyint(1) NOT NULL DEFAULT '1',
  `translationMethod` varchar(255) NOT NULL DEFAULT 'none',
  `translationKeyFormat` text,
  `type` varchar(255) NOT NULL,
  `settings` text,
  `dateCreated` datetime NOT NULL,
  `dateUpdated` datetime NOT NULL,
  `dateDeleted` datetime DEFAULT NULL,
  `uid` char(36) NOT NULL DEFAULT '0',
  PRIMARY KEY (`id`),
  KEY `idx_azwslvtwbtsdrkblzgrplpucwzojtqfgskmu` (`handle`,`context`),
  KEY `idx_atsjdzzsjltbgzrmbrmrujtnrimhnddyshtp` (`context`),
  KEY `idx_vkjguleisbvyjwvzmjippeqvqmghkrfhsijf` (`dateDeleted`)
) ENGINE=InnoDB AUTO_INCREMENT=40 DEFAULT CHARSET=utf8mb3;

--
-- Table structure for table `freeform_crm_fields`
--

CREATE TABLE `freeform_crm_fields` (
  `id` int NOT NULL AUTO_INCREMENT,
  `integrationId` int NOT NULL,
  `label` text NOT NULL,
  `handle` varchar(255) NOT NULL,
  `type` varchar(50) NOT NULL,
  `category` varchar(50) DEFAULT NULL,
  `required` tinyint(1) DEFAULT '0',
  `options` json DEFAULT NULL,
  `dateCreated` datetime NOT NULL,
  `dateUpdated` datetime NOT NULL,
  `uid` char(36) NOT NULL DEFAULT '0',
  PRIMARY KEY (`id`),
  KEY `freeform_crm_fields_type_idx` (`type`),
  KEY `freeform_crm_fields_integrationId_category_idx` (`integrationId`,`category`),
  CONSTRAINT `freeform_crm_fields_integrationId_fk` FOREIGN KEY (`integrationId`) REFERENCES `freeform_integrations` (`id`) ON DELETE CASCADE
) ENGINE=InnoDB DEFAULT CHARSET=utf8mb4 COLLATE=utf8mb4_0900_ai_ci;

--
-- Table structure for table `freeform_email_marketing_fields`
--

CREATE TABLE `freeform_email_marketing_fields` (
  `id` int NOT NULL AUTO_INCREMENT,
  `mailingListId` int NOT NULL,
  `label` varchar(255) NOT NULL,
  `handle` varchar(255) NOT NULL,
  `type` varchar(50) NOT NULL,
  `category` varchar(50) DEFAULT NULL,
  `required` tinyint(1) DEFAULT '0',
  `options` json DEFAULT NULL,
  `dateCreated` datetime NOT NULL,
  `dateUpdated` datetime NOT NULL,
  `uid` char(36) NOT NULL DEFAULT '0',
  PRIMARY KEY (`id`),
  KEY `freeform_email_marketing_fields_type_idx` (`type`),
  KEY `freeform_email_marketing_fields_mailingListId_category_idx` (`mailingListId`,`category`),
  CONSTRAINT `freeform_email_marketing_fields_mailingListId_fk` FOREIGN KEY (`mailingListId`) REFERENCES `freeform_email_marketing_lists` (`id`) ON DELETE CASCADE
) ENGINE=InnoDB DEFAULT CHARSET=utf8mb4 COLLATE=utf8mb4_0900_ai_ci;

--
-- Table structure for table `freeform_email_marketing_lists`
--

CREATE TABLE `freeform_email_marketing_lists` (
  `id` int NOT NULL AUTO_INCREMENT,
  `integrationId` int NOT NULL,
  `resourceId` varchar(255) NOT NULL,
  `name` varchar(255) NOT NULL,
  `memberCount` int DEFAULT NULL,
  `dateCreated` datetime NOT NULL,
  `dateUpdated` datetime NOT NULL,
  `uid` char(36) NOT NULL DEFAULT '0',
  PRIMARY KEY (`id`),
  UNIQUE KEY `freeform_email_marketing_lists_integrationId_resourceId_unq_idx` (`integrationId`,`resourceId`),
  CONSTRAINT `freeform_email_marketing_lists_integrationId_fk` FOREIGN KEY (`integrationId`) REFERENCES `freeform_integrations` (`id`) ON DELETE CASCADE
) ENGINE=InnoDB DEFAULT CHARSET=utf8mb4 COLLATE=utf8mb4_0900_ai_ci;

--
-- Table structure for table `freeform_export_notifications`
--

CREATE TABLE `freeform_export_notifications` (
  `id` int NOT NULL AUTO_INCREMENT,
  `profileId` int NOT NULL,
  `name` varchar(255) NOT NULL,
  `fileType` varchar(30) NOT NULL,
  `fileName` varchar(255) DEFAULT NULL,
  `frequency` varchar(20) NOT NULL,
  `recipients` longtext NOT NULL,
  `subject` varchar(255) DEFAULT NULL,
  `message` text,
  `dateCreated` datetime NOT NULL,
  `dateUpdated` datetime NOT NULL,
  `uid` char(36) NOT NULL DEFAULT '0',
  PRIMARY KEY (`id`),
  UNIQUE KEY `name` (`name`),
  KEY `freeform_export_notifications_profileId_fk` (`profileId`),
  CONSTRAINT `freeform_export_notifications_profileId_fk` FOREIGN KEY (`profileId`) REFERENCES `freeform_export_profiles` (`id`) ON DELETE CASCADE
) ENGINE=InnoDB DEFAULT CHARSET=utf8mb4 COLLATE=utf8mb4_0900_ai_ci;

--
-- Table structure for table `freeform_export_profiles`
--

CREATE TABLE `freeform_export_profiles` (
  `id` int NOT NULL AUTO_INCREMENT,
  `formId` int NOT NULL,
  `name` varchar(255) NOT NULL,
  `limit` int DEFAULT NULL,
  `dateRange` varchar(255) DEFAULT NULL,
  `rangeStart` varchar(255) DEFAULT NULL,
  `rangeEnd` varchar(255) DEFAULT NULL,
  `fields` longtext NOT NULL,
  `filters` longtext,
  `statuses` text NOT NULL,
  `dateCreated` datetime NOT NULL,
  `dateUpdated` datetime NOT NULL,
  `uid` char(36) NOT NULL DEFAULT '0',
  PRIMARY KEY (`id`),
  UNIQUE KEY `name` (`name`),
  KEY `freeform_export_profiles_formId_fk` (`formId`),
  CONSTRAINT `freeform_export_profiles_formId_fk` FOREIGN KEY (`formId`) REFERENCES `freeform_forms` (`id`) ON DELETE CASCADE
) ENGINE=InnoDB DEFAULT CHARSET=utf8mb4 COLLATE=utf8mb4_0900_ai_ci;

--
-- Table structure for table `freeform_export_settings`
--

CREATE TABLE `freeform_export_settings` (
  `id` int NOT NULL AUTO_INCREMENT,
  `userId` int NOT NULL,
  `setting` longtext,
  `dateCreated` datetime NOT NULL,
  `dateUpdated` datetime NOT NULL,
  `uid` char(36) NOT NULL DEFAULT '0',
  PRIMARY KEY (`id`),
  KEY `freeform_export_settings_userId_fk` (`userId`),
  CONSTRAINT `freeform_export_settings_userId_fk` FOREIGN KEY (`userId`) REFERENCES `users` (`id`) ON DELETE CASCADE
) ENGINE=InnoDB DEFAULT CHARSET=utf8mb4 COLLATE=utf8mb4_0900_ai_ci;

--
-- Table structure for table `freeform_favorite_fields`
--

CREATE TABLE `freeform_favorite_fields` (
  `id` int NOT NULL AUTO_INCREMENT,
  `userId` int DEFAULT NULL,
  `label` varchar(255) NOT NULL,
  `type` varchar(255) NOT NULL,
  `metadata` longtext,
  `dateCreated` datetime NOT NULL,
  `dateUpdated` datetime NOT NULL,
  `uid` char(36) NOT NULL DEFAULT '0',
  PRIMARY KEY (`id`),
  KEY `freeform_favorite_fields_userId_fk` (`userId`),
  CONSTRAINT `freeform_favorite_fields_userId_fk` FOREIGN KEY (`userId`) REFERENCES `users` (`id`) ON DELETE CASCADE
) ENGINE=InnoDB DEFAULT CHARSET=utf8mb4 COLLATE=utf8mb4_0900_ai_ci;

--
-- Table structure for table `freeform_feed_messages`
--

CREATE TABLE `freeform_feed_messages` (
  `id` int NOT NULL AUTO_INCREMENT,
  `feedId` int NOT NULL,
  `message` text NOT NULL,
  `conditions` longtext NOT NULL,
  `type` varchar(255) NOT NULL,
  `seen` tinyint(1) NOT NULL DEFAULT '0',
  `issueDate` datetime NOT NULL,
  `dateCreated` datetime NOT NULL,
  `dateUpdated` datetime NOT NULL,
  `uid` char(36) NOT NULL DEFAULT '0',
  PRIMARY KEY (`id`),
  KEY `freeform_feed_messages_feedId_fk` (`feedId`),
  CONSTRAINT `freeform_feed_messages_feedId_fk` FOREIGN KEY (`feedId`) REFERENCES `freeform_feeds` (`id`) ON DELETE CASCADE
) ENGINE=InnoDB DEFAULT CHARSET=utf8mb4 COLLATE=utf8mb4_0900_ai_ci;

--
-- Table structure for table `freeform_fields_type_groups`
--

CREATE TABLE `freeform_fields_type_groups` (
  `id` int NOT NULL AUTO_INCREMENT,
  `color` varchar(10) DEFAULT NULL,
  `label` varchar(255) DEFAULT NULL,
  `types` longtext NOT NULL,
  `dateCreated` datetime NOT NULL,
  `dateUpdated` datetime NOT NULL,
  `uid` char(36) NOT NULL DEFAULT '0',
  PRIMARY KEY (`id`)
) ENGINE=InnoDB AUTO_INCREMENT=7 DEFAULT CHARSET=utf8mb4 COLLATE=utf8mb4_0900_ai_ci;

--
-- Table structure for table `freeform_forms`
--

CREATE TABLE `freeform_forms` (
  `id` int NOT NULL AUTO_INCREMENT,
  `type` varchar(200) NOT NULL,
  `name` varchar(100) NOT NULL,
  `handle` varchar(100) NOT NULL,
  `spamBlockCount` int unsigned NOT NULL DEFAULT '0',
  `metadata` longtext,
  `order` int DEFAULT NULL,
  `createdByUserId` int DEFAULT NULL,
  `updatedByUserId` int DEFAULT NULL,
  `dateArchived` datetime DEFAULT NULL,
  `dateCreated` datetime NOT NULL,
  `dateUpdated` datetime NOT NULL,
  `uid` char(36) NOT NULL DEFAULT '0',
  PRIMARY KEY (`id`),
  UNIQUE KEY `handle` (`handle`),
  KEY `freeform_forms_order_idx` (`order`),
  KEY `freeform_forms_createdByUserId_fk` (`createdByUserId`),
  KEY `freeform_forms_updatedByUserId_fk` (`updatedByUserId`),
  CONSTRAINT `freeform_forms_createdByUserId_fk` FOREIGN KEY (`createdByUserId`) REFERENCES `users` (`id`) ON DELETE SET NULL ON UPDATE CASCADE,
  CONSTRAINT `freeform_forms_updatedByUserId_fk` FOREIGN KEY (`updatedByUserId`) REFERENCES `users` (`id`) ON DELETE SET NULL ON UPDATE CASCADE
) ENGINE=InnoDB AUTO_INCREMENT=2 DEFAULT CHARSET=utf8mb4 COLLATE=utf8mb4_0900_ai_ci;

--
-- Table structure for table `freeform_forms_fields`
--

CREATE TABLE `freeform_forms_fields` (
  `id` int NOT NULL AUTO_INCREMENT,
  `formId` int NOT NULL,
  `type` varchar(255) NOT NULL,
  `metadata` longtext,
  `rowId` int DEFAULT NULL,
  `order` int DEFAULT NULL,
  `dateCreated` datetime NOT NULL,
  `dateUpdated` datetime NOT NULL,
  `uid` char(36) NOT NULL DEFAULT '0',
  PRIMARY KEY (`id`),
  KEY `freeform_forms_fields_rowId_order_idx` (`rowId`,`order`),
  KEY `freeform_forms_fields_formId_fk` (`formId`),
  CONSTRAINT `freeform_forms_fields_formId_fk` FOREIGN KEY (`formId`) REFERENCES `freeform_forms` (`id`) ON DELETE CASCADE,
  CONSTRAINT `freeform_forms_fields_rowId_fk` FOREIGN KEY (`rowId`) REFERENCES `freeform_forms_rows` (`id`) ON DELETE SET NULL
) ENGINE=InnoDB AUTO_INCREMENT=6 DEFAULT CHARSET=utf8mb4 COLLATE=utf8mb4_0900_ai_ci;

--
-- Table structure for table `freeform_forms_groups`
--

CREATE TABLE `freeform_forms_groups` (
  `id` int NOT NULL AUTO_INCREMENT,
  `siteId` int NOT NULL,
  `label` varchar(255) DEFAULT NULL,
  `order` int NOT NULL,
  `dateCreated` datetime NOT NULL,
  `dateUpdated` datetime NOT NULL,
  `uid` char(36) NOT NULL DEFAULT '0',
  PRIMARY KEY (`id`),
  KEY `freeform_forms_groups_siteId_fk` (`siteId`),
  CONSTRAINT `freeform_forms_groups_siteId_fk` FOREIGN KEY (`siteId`) REFERENCES `sites` (`id`) ON DELETE CASCADE
) ENGINE=InnoDB DEFAULT CHARSET=utf8mb4 COLLATE=utf8mb4_0900_ai_ci;

--
-- Table structure for table `freeform_forms_groups_entries`
--

CREATE TABLE `freeform_forms_groups_entries` (
  `id` int NOT NULL AUTO_INCREMENT,
  `groupId` int NOT NULL,
  `formId` int NOT NULL,
  `order` int NOT NULL,
  `dateCreated` datetime NOT NULL,
  `dateUpdated` datetime NOT NULL,
  `uid` char(36) NOT NULL DEFAULT '0',
  PRIMARY KEY (`id`),
  KEY `freeform_forms_groups_entries_groupId_fk` (`groupId`),
  KEY `freeform_forms_groups_entries_formId_fk` (`formId`),
  CONSTRAINT `freeform_forms_groups_entries_formId_fk` FOREIGN KEY (`formId`) REFERENCES `freeform_forms` (`id`) ON DELETE CASCADE,
  CONSTRAINT `freeform_forms_groups_entries_groupId_fk` FOREIGN KEY (`groupId`) REFERENCES `freeform_forms_groups` (`id`) ON DELETE CASCADE
) ENGINE=InnoDB DEFAULT CHARSET=utf8mb4 COLLATE=utf8mb4_0900_ai_ci;

--
-- Table structure for table `freeform_forms_integrations`
--

CREATE TABLE `freeform_forms_integrations` (
  `id` int NOT NULL AUTO_INCREMENT,
  `integrationId` int NOT NULL,
  `formId` int NOT NULL,
  `enabled` tinyint(1) NOT NULL DEFAULT '1',
  `metadata` longtext,
  `dateCreated` datetime NOT NULL,
  `dateUpdated` datetime NOT NULL,
  `uid` char(36) NOT NULL DEFAULT '0',
  PRIMARY KEY (`id`),
  KEY `freeform_forms_integrations_integrationId_fk` (`integrationId`),
  KEY `freeform_forms_integrations_formId_fk` (`formId`),
  CONSTRAINT `freeform_forms_integrations_formId_fk` FOREIGN KEY (`formId`) REFERENCES `freeform_forms` (`id`) ON DELETE CASCADE,
  CONSTRAINT `freeform_forms_integrations_integrationId_fk` FOREIGN KEY (`integrationId`) REFERENCES `freeform_integrations` (`id`) ON DELETE CASCADE
) ENGINE=InnoDB AUTO_INCREMENT=3 DEFAULT CHARSET=utf8mb4 COLLATE=utf8mb4_0900_ai_ci;

--
-- Table structure for table `freeform_forms_layouts`
--

CREATE TABLE `freeform_forms_layouts` (
  `id` int NOT NULL AUTO_INCREMENT,
  `formId` int NOT NULL,
  `dateCreated` datetime NOT NULL,
  `dateUpdated` datetime NOT NULL,
  `uid` char(36) NOT NULL DEFAULT '0',
  PRIMARY KEY (`id`),
  KEY `freeform_forms_layouts_formId_idx` (`formId`),
  CONSTRAINT `freeform_forms_layouts_formId_fk` FOREIGN KEY (`formId`) REFERENCES `freeform_forms` (`id`) ON DELETE CASCADE
) ENGINE=InnoDB AUTO_INCREMENT=2 DEFAULT CHARSET=utf8mb4 COLLATE=utf8mb4_0900_ai_ci;

--
-- Table structure for table `freeform_forms_notifications`
--

CREATE TABLE `freeform_forms_notifications` (
  `id` int NOT NULL AUTO_INCREMENT,
  `class` varchar(255) NOT NULL,
  `formId` int NOT NULL,
  `enabled` tinyint(1) NOT NULL DEFAULT '1',
  `metadata` longtext,
  `dateCreated` datetime NOT NULL,
  `dateUpdated` datetime NOT NULL,
  `uid` char(36) NOT NULL DEFAULT '0',
  PRIMARY KEY (`id`),
  KEY `freeform_forms_notifications_formId_fk` (`formId`),
  CONSTRAINT `freeform_forms_notifications_formId_fk` FOREIGN KEY (`formId`) REFERENCES `freeform_forms` (`id`) ON DELETE CASCADE
) ENGINE=InnoDB AUTO_INCREMENT=2 DEFAULT CHARSET=utf8mb4 COLLATE=utf8mb4_0900_ai_ci;

--
-- Table structure for table `freeform_forms_pages`
--

CREATE TABLE `freeform_forms_pages` (
  `id` int NOT NULL AUTO_INCREMENT,
  `formId` int NOT NULL,
  `layoutId` int NOT NULL,
  `label` varchar(255) NOT NULL,
  `order` int DEFAULT NULL,
  `metadata` longtext,
  `dateCreated` datetime NOT NULL,
  `dateUpdated` datetime NOT NULL,
  `uid` char(36) NOT NULL DEFAULT '0',
  PRIMARY KEY (`id`),
  KEY `freeform_forms_pages_formId_order_idx` (`formId`,`order`),
  KEY `freeform_forms_pages_layoutId_fk` (`layoutId`),
  CONSTRAINT `freeform_forms_pages_formId_fk` FOREIGN KEY (`formId`) REFERENCES `freeform_forms` (`id`) ON DELETE CASCADE,
  CONSTRAINT `freeform_forms_pages_layoutId_fk` FOREIGN KEY (`layoutId`) REFERENCES `freeform_forms_layouts` (`id`) ON DELETE CASCADE
) ENGINE=InnoDB AUTO_INCREMENT=2 DEFAULT CHARSET=utf8mb4 COLLATE=utf8mb4_0900_ai_ci;

--
-- Table structure for table `freeform_forms_rows`
--

CREATE TABLE `freeform_forms_rows` (
  `id` int NOT NULL AUTO_INCREMENT,
  `formId` int NOT NULL,
  `layoutId` int NOT NULL,
  `order` int DEFAULT NULL,
  `dateCreated` datetime NOT NULL,
  `dateUpdated` datetime NOT NULL,
  `uid` char(36) NOT NULL DEFAULT '0',
  PRIMARY KEY (`id`),
  KEY `freeform_forms_rows_formId_order_idx` (`formId`,`order`),
  KEY `freeform_forms_rows_layoutId_fk` (`layoutId`),
  CONSTRAINT `freeform_forms_rows_formId_fk` FOREIGN KEY (`formId`) REFERENCES `freeform_forms` (`id`) ON DELETE CASCADE,
  CONSTRAINT `freeform_forms_rows_layoutId_fk` FOREIGN KEY (`layoutId`) REFERENCES `freeform_forms_layouts` (`id`) ON DELETE CASCADE
) ENGINE=InnoDB AUTO_INCREMENT=6 DEFAULT CHARSET=utf8mb4 COLLATE=utf8mb4_0900_ai_ci;

--
-- Table structure for table `freeform_forms_sites`
--

CREATE TABLE `freeform_forms_sites` (
  `id` int NOT NULL AUTO_INCREMENT,
  `formId` int NOT NULL,
  `siteId` int NOT NULL,
  `dateCreated` datetime NOT NULL,
  `dateUpdated` datetime NOT NULL,
  `uid` char(36) NOT NULL DEFAULT '0',
  PRIMARY KEY (`id`),
  UNIQUE KEY `freeform_forms_sites_siteId_formId_unq_idx` (`siteId`,`formId`),
  KEY `freeform_forms_sites_formId_fk` (`formId`),
  CONSTRAINT `freeform_forms_sites_formId_fk` FOREIGN KEY (`formId`) REFERENCES `freeform_forms` (`id`) ON DELETE CASCADE,
  CONSTRAINT `freeform_forms_sites_siteId_fk` FOREIGN KEY (`siteId`) REFERENCES `sites` (`id`) ON DELETE CASCADE
) ENGINE=InnoDB AUTO_INCREMENT=2 DEFAULT CHARSET=utf8mb4 COLLATE=utf8mb4_0900_ai_ci;

--
-- Table structure for table `freeform_forms_translations`
--

CREATE TABLE `freeform_forms_translations` (
  `id` int NOT NULL AUTO_INCREMENT,
  `formId` int NOT NULL,
  `siteId` int NOT NULL,
  `translations` longtext NOT NULL,
  `dateCreated` datetime NOT NULL,
  `dateUpdated` datetime NOT NULL,
  `uid` char(36) NOT NULL DEFAULT '0',
  PRIMARY KEY (`id`),
  UNIQUE KEY `freeform_forms_translations_formId_siteId_unq_idx` (`formId`,`siteId`),
  KEY `freeform_forms_translations_siteId_fk` (`siteId`),
  CONSTRAINT `freeform_forms_translations_formId_fk` FOREIGN KEY (`formId`) REFERENCES `freeform_forms` (`id`) ON DELETE CASCADE,
  CONSTRAINT `freeform_forms_translations_siteId_fk` FOREIGN KEY (`siteId`) REFERENCES `sites` (`id`) ON DELETE CASCADE
) ENGINE=InnoDB DEFAULT CHARSET=utf8mb4 COLLATE=utf8mb4_0900_ai_ci;

--
-- Table structure for table `freeform_integrations`
--

CREATE TABLE `freeform_integrations` (
  `id` int NOT NULL AUTO_INCREMENT,
  `enabled` tinyint(1) DEFAULT '1',
  `name` varchar(255) NOT NULL,
  `handle` varchar(255) NOT NULL,
  `type` varchar(50) NOT NULL,
  `class` varchar(255) DEFAULT NULL,
  `metadata` longtext,
  `dateCreated` datetime NOT NULL,
  `dateUpdated` datetime NOT NULL,
  `uid` char(36) NOT NULL DEFAULT '0',
  PRIMARY KEY (`id`),
  UNIQUE KEY `handle` (`handle`),
  KEY `freeform_integrations_type_idx` (`type`)
) ENGINE=InnoDB AUTO_INCREMENT=3 DEFAULT CHARSET=utf8mb4 COLLATE=utf8mb4_0900_ai_ci;

--
-- Table structure for table `freeform_integrations_queue`
--

CREATE TABLE `freeform_integrations_queue` (
  `id` int NOT NULL AUTO_INCREMENT,
  `submissionId` int NOT NULL,
  `integrationType` varchar(50) NOT NULL,
  `status` varchar(50) NOT NULL,
  `fieldHash` varchar(20) DEFAULT NULL,
  `dateCreated` datetime NOT NULL,
  `dateUpdated` datetime NOT NULL,
  `uid` char(36) NOT NULL DEFAULT '0',
  PRIMARY KEY (`id`),
  KEY `freeform_integrations_queue_status_idx` (`status`),
  KEY `freeform_integrations_queue_submissionId_fk` (`submissionId`),
  CONSTRAINT `freeform_integrations_queue_submissionId_fk` FOREIGN KEY (`submissionId`) REFERENCES `freeform_submissions` (`id`) ON DELETE CASCADE
) ENGINE=InnoDB DEFAULT CHARSET=utf8mb4 COLLATE=utf8mb4_0900_ai_ci;

--
-- Table structure for table `freeform_limited_users`
--

CREATE TABLE `freeform_limited_users` (
  `id` int NOT NULL AUTO_INCREMENT,
  `name` varchar(255) NOT NULL,
  `description` text NOT NULL,
  `settings` longtext NOT NULL,
  `dateCreated` datetime NOT NULL,
  `dateUpdated` datetime NOT NULL,
  `uid` char(36) NOT NULL DEFAULT '0',
  PRIMARY KEY (`id`)
) ENGINE=InnoDB DEFAULT CHARSET=utf8mb4 COLLATE=utf8mb4_0900_ai_ci;

--
-- Table structure for table `freeform_notification_log`
--

CREATE TABLE `freeform_notification_log` (
  `id` int NOT NULL AUTO_INCREMENT,
  `type` varchar(30) NOT NULL,
  `name` varchar(255) DEFAULT NULL,
  `dateCreated` datetime NOT NULL,
  `dateUpdated` datetime NOT NULL,
  `uid` char(36) NOT NULL DEFAULT '0',
  PRIMARY KEY (`id`),
  KEY `freeform_notification_log_type_dateCreated_idx` (`type`,`dateCreated`)
) ENGINE=InnoDB DEFAULT CHARSET=utf8mb4 COLLATE=utf8mb4_0900_ai_ci;

--
-- Table structure for table `freeform_notification_templates`
--

CREATE TABLE `freeform_notification_templates` (
  `id` int NOT NULL AUTO_INCREMENT,
  `pdfTemplateIds` text,
  `name` varchar(255) NOT NULL,
  `handle` varchar(255) NOT NULL,
  `subject` varchar(255) NOT NULL,
  `description` text,
  `fromName` varchar(255) NOT NULL,
  `fromEmail` varchar(255) NOT NULL,
  `replyToName` varchar(255) DEFAULT NULL,
  `replyToEmail` varchar(255) DEFAULT NULL,
  `cc` varchar(255) DEFAULT NULL,
  `bcc` varchar(255) DEFAULT NULL,
  `bodyHtml` mediumtext,
  `bodyText` mediumtext,
  `autoText` tinyint(1) NOT NULL DEFAULT '1',
  `includeAttachments` tinyint(1) DEFAULT '1',
  `presetAssets` varchar(255) DEFAULT NULL,
  `sortOrder` int DEFAULT NULL,
  `dateCreated` datetime NOT NULL,
  `dateUpdated` datetime NOT NULL,
  `uid` char(36) NOT NULL DEFAULT '0',
  PRIMARY KEY (`id`),
  UNIQUE KEY `handle` (`handle`)
) ENGINE=InnoDB AUTO_INCREMENT=2 DEFAULT CHARSET=utf8mb4 COLLATE=utf8mb4_0900_ai_ci;

--
-- Table structure for table `freeform_payments`
--

CREATE TABLE `freeform_payments` (
  `id` int NOT NULL AUTO_INCREMENT,
  `integrationId` int NOT NULL,
  `fieldId` int NOT NULL,
  `submissionId` int NOT NULL,
  `resourceId` varchar(50) DEFAULT NULL,
  `type` varchar(20) DEFAULT NULL,
  `amount` float DEFAULT NULL,
  `currency` varchar(3) DEFAULT NULL,
  `status` varchar(40) DEFAULT NULL,
  `link` varchar(255) DEFAULT NULL,
  `metadata` longtext,
  `dateCreated` datetime NOT NULL,
  `dateUpdated` datetime NOT NULL,
  `uid` char(36) NOT NULL DEFAULT '0',
  PRIMARY KEY (`id`),
  UNIQUE KEY `freeform_payments_integrationId_resourceId_unq_idx` (`integrationId`,`resourceId`),
  KEY `freeform_payments_integrationId_type_idx` (`integrationId`,`type`),
  KEY `freeform_payments_resourceId_idx` (`resourceId`),
  KEY `freeform_payments_fieldId_fk` (`fieldId`),
  KEY `freeform_payments_submissionId_fk` (`submissionId`),
  CONSTRAINT `freeform_payments_fieldId_fk` FOREIGN KEY (`fieldId`) REFERENCES `freeform_forms_fields` (`id`) ON DELETE CASCADE,
  CONSTRAINT `freeform_payments_integrationId_fk` FOREIGN KEY (`integrationId`) REFERENCES `freeform_integrations` (`id`) ON DELETE CASCADE,
  CONSTRAINT `freeform_payments_submissionId_fk` FOREIGN KEY (`submissionId`) REFERENCES `freeform_submissions` (`id`) ON DELETE CASCADE
) ENGINE=InnoDB DEFAULT CHARSET=utf8mb4 COLLATE=utf8mb4_0900_ai_ci;

--
-- Table structure for table `freeform_pdf_templates`
--

CREATE TABLE `freeform_pdf_templates` (
  `id` int NOT NULL AUTO_INCREMENT,
  `name` varchar(255) NOT NULL,
  `description` text,
  `fileName` text NOT NULL,
  `body` longtext NOT NULL,
  `sortOrder` int NOT NULL DEFAULT '0',
  `dateCreated` datetime NOT NULL,
  `dateUpdated` datetime NOT NULL,
  `uid` char(36) NOT NULL DEFAULT '0',
  PRIMARY KEY (`id`)
) ENGINE=InnoDB DEFAULT CHARSET=utf8mb4 COLLATE=utf8mb4_0900_ai_ci;

--
-- Table structure for table `freeform_rules`
--

CREATE TABLE `freeform_rules` (
  `id` int NOT NULL AUTO_INCREMENT,
  `combinator` varchar(20) NOT NULL,
  `dateCreated` datetime NOT NULL,
  `dateUpdated` datetime NOT NULL,
  `uid` char(36) NOT NULL DEFAULT '0',
  PRIMARY KEY (`id`)
) ENGINE=InnoDB DEFAULT CHARSET=utf8mb4 COLLATE=utf8mb4_0900_ai_ci;

--
-- Table structure for table `freeform_rules_buttons`
--

CREATE TABLE `freeform_rules_buttons` (
  `id` int NOT NULL AUTO_INCREMENT,
  `pageId` int NOT NULL,
  `button` varchar(30) NOT NULL,
  `display` varchar(10) NOT NULL,
  `dateCreated` datetime NOT NULL,
  `dateUpdated` datetime NOT NULL,
  `uid` char(36) NOT NULL DEFAULT '0',
  PRIMARY KEY (`id`),
  KEY `fk_bwpgunexbzlcjlaewbznhktnentcaaufnuyl` (`pageId`),
  CONSTRAINT `fk_bwpgunexbzlcjlaewbznhktnentcaaufnuyl` FOREIGN KEY (`pageId`) REFERENCES `freeform_forms_pages` (`id`) ON DELETE CASCADE ON UPDATE CASCADE,
  CONSTRAINT `fk_jiskhfgbijzctjwagwnbqvaxofgxiepnygym` FOREIGN KEY (`id`) REFERENCES `freeform_rules` (`id`) ON DELETE CASCADE ON UPDATE CASCADE
) ENGINE=InnoDB DEFAULT CHARSET=utf8mb4 COLLATE=utf8mb4_0900_ai_ci;

--
-- Table structure for table `freeform_rules_conditions`
--

CREATE TABLE `freeform_rules_conditions` (
  `id` int NOT NULL AUTO_INCREMENT,
  `ruleId` int NOT NULL,
  `fieldId` int NOT NULL,
  `operator` varchar(20) NOT NULL,
  `value` text NOT NULL,
  `dateCreated` datetime NOT NULL,
  `dateUpdated` datetime NOT NULL,
  `uid` char(36) NOT NULL DEFAULT '0',
  PRIMARY KEY (`id`),
  KEY `freeform_rules_conditions_ruleId_fk` (`ruleId`),
  KEY `fk_djzsgsqmnlybwiyekxlyluwheatipjvudscv` (`fieldId`),
  CONSTRAINT `fk_djzsgsqmnlybwiyekxlyluwheatipjvudscv` FOREIGN KEY (`fieldId`) REFERENCES `freeform_forms_fields` (`id`) ON DELETE CASCADE ON UPDATE CASCADE,
  CONSTRAINT `freeform_rules_conditions_ruleId_fk` FOREIGN KEY (`ruleId`) REFERENCES `freeform_rules` (`id`) ON DELETE CASCADE ON UPDATE CASCADE
) ENGINE=InnoDB DEFAULT CHARSET=utf8mb4 COLLATE=utf8mb4_0900_ai_ci;

--
-- Table structure for table `freeform_rules_fields`
--

CREATE TABLE `freeform_rules_fields` (
  `id` int NOT NULL AUTO_INCREMENT,
  `fieldId` int NOT NULL,
  `display` varchar(10) NOT NULL,
  `dateCreated` datetime NOT NULL,
  `dateUpdated` datetime NOT NULL,
  `uid` char(36) NOT NULL DEFAULT '0',
  PRIMARY KEY (`id`),
  KEY `fk_mtminnrppfudjvhgtxyamqvxyivledxbvlwy` (`fieldId`),
  CONSTRAINT `fk_imwpzrxtvwcogikdppygfwwivzwvezwwehof` FOREIGN KEY (`id`) REFERENCES `freeform_rules` (`id`) ON DELETE CASCADE ON UPDATE CASCADE,
  CONSTRAINT `fk_mtminnrppfudjvhgtxyamqvxyivledxbvlwy` FOREIGN KEY (`fieldId`) REFERENCES `freeform_forms_fields` (`id`) ON DELETE CASCADE ON UPDATE CASCADE
) ENGINE=InnoDB DEFAULT CHARSET=utf8mb4 COLLATE=utf8mb4_0900_ai_ci;

--
-- Table structure for table `freeform_rules_notifications`
--

CREATE TABLE `freeform_rules_notifications` (
  `id` int NOT NULL AUTO_INCREMENT,
  `notificationId` int NOT NULL,
  `send` tinyint(1) NOT NULL,
  `dateCreated` datetime NOT NULL,
  `dateUpdated` datetime NOT NULL,
  `uid` char(36) NOT NULL DEFAULT '0',
  PRIMARY KEY (`id`),
  KEY `fk_pitrzkalyrontoxhnzwvwgzerkqrrphfeskl` (`notificationId`),
  CONSTRAINT `fk_pitrzkalyrontoxhnzwvwgzerkqrrphfeskl` FOREIGN KEY (`notificationId`) REFERENCES `freeform_forms_notifications` (`id`) ON DELETE CASCADE ON UPDATE CASCADE,
  CONSTRAINT `fk_vtmlrkfoyevfvcmaonyxoklaxxyhiiueqiij` FOREIGN KEY (`id`) REFERENCES `freeform_rules` (`id`) ON DELETE CASCADE ON UPDATE CASCADE
) ENGINE=InnoDB DEFAULT CHARSET=utf8mb4 COLLATE=utf8mb4_0900_ai_ci;

--
-- Table structure for table `freeform_rules_pages`
--

CREATE TABLE `freeform_rules_pages` (
  `id` int NOT NULL AUTO_INCREMENT,
  `pageId` int NOT NULL,
  `dateCreated` datetime NOT NULL,
  `dateUpdated` datetime NOT NULL,
  `uid` char(36) NOT NULL DEFAULT '0',
  PRIMARY KEY (`id`),
  KEY `fk_inpfyjbplsybykmctlgzozqgfngoijxuxved` (`pageId`),
  CONSTRAINT `fk_inpfyjbplsybykmctlgzozqgfngoijxuxved` FOREIGN KEY (`pageId`) REFERENCES `freeform_forms_pages` (`id`) ON DELETE CASCADE ON UPDATE CASCADE,
  CONSTRAINT `fk_kboyvcefekngjyiazorakdvsxrttdtvfxjej` FOREIGN KEY (`id`) REFERENCES `freeform_rules` (`id`) ON DELETE CASCADE ON UPDATE CASCADE
) ENGINE=InnoDB DEFAULT CHARSET=utf8mb4 COLLATE=utf8mb4_0900_ai_ci;

--
-- Table structure for table `freeform_rules_submit_form`
--

CREATE TABLE `freeform_rules_submit_form` (
  `id` int NOT NULL AUTO_INCREMENT,
  `formId` int NOT NULL,
  `dateCreated` datetime NOT NULL,
  `dateUpdated` datetime NOT NULL,
  `uid` char(36) NOT NULL DEFAULT '0',
  PRIMARY KEY (`id`),
  KEY `fk_pzahhzinhvqobjohypazypvhrrqootglthfm` (`formId`),
  CONSTRAINT `fk_pzahhzinhvqobjohypazypvhrrqootglthfm` FOREIGN KEY (`formId`) REFERENCES `freeform_forms` (`id`) ON DELETE CASCADE ON UPDATE CASCADE,
  CONSTRAINT `fk_usajcbvahvgagcbfghakwwahlkovqbtbuflg` FOREIGN KEY (`id`) REFERENCES `freeform_rules` (`id`) ON DELETE CASCADE ON UPDATE CASCADE
) ENGINE=InnoDB DEFAULT CHARSET=utf8mb4 COLLATE=utf8mb4_0900_ai_ci;

--
-- Table structure for table `freeform_spam_reason`
--

CREATE TABLE `freeform_spam_reason` (
  `id` int NOT NULL AUTO_INCREMENT,
  `submissionId` int NOT NULL,
  `reasonType` varchar(100) NOT NULL,
  `reasonMessage` text,
  `dateCreated` datetime NOT NULL,
  `dateUpdated` datetime NOT NULL,
  `uid` char(36) NOT NULL DEFAULT '0',
  PRIMARY KEY (`id`),
  KEY `freeform_spam_reason_submissionId_reasonType_idx` (`submissionId`,`reasonType`),
  CONSTRAINT `freeform_spam_reason_submissionId_fk` FOREIGN KEY (`submissionId`) REFERENCES `freeform_submissions` (`id`) ON DELETE CASCADE
) ENGINE=InnoDB DEFAULT CHARSET=utf8mb4 COLLATE=utf8mb4_0900_ai_ci;

--
-- Table structure for table `freeform_statuses`
--

CREATE TABLE `freeform_statuses` (
  `id` int NOT NULL AUTO_INCREMENT,
  `name` varchar(255) NOT NULL,
  `handle` varchar(255) NOT NULL,
  `color` varchar(30) DEFAULT NULL,
  `sortOrder` int DEFAULT NULL,
  `dateCreated` datetime NOT NULL,
  `dateUpdated` datetime NOT NULL,
  `uid` char(36) NOT NULL DEFAULT '0',
  PRIMARY KEY (`id`),
  UNIQUE KEY `handle` (`handle`)
) ENGINE=InnoDB AUTO_INCREMENT=4 DEFAULT CHARSET=utf8mb4 COLLATE=utf8mb4_0900_ai_ci;

--
-- Table structure for table `freeform_submission_notes`
--

CREATE TABLE `freeform_submission_notes` (
  `id` int NOT NULL AUTO_INCREMENT,
  `submissionId` int NOT NULL,
  `note` text,
  `dateCreated` datetime NOT NULL,
  `dateUpdated` datetime NOT NULL,
  `uid` char(36) NOT NULL DEFAULT '0',
  PRIMARY KEY (`id`),
  KEY `freeform_submission_notes_submissionId_fk` (`submissionId`),
  CONSTRAINT `freeform_submission_notes_submissionId_fk` FOREIGN KEY (`submissionId`) REFERENCES `freeform_submissions` (`id`) ON DELETE CASCADE
) ENGINE=InnoDB DEFAULT CHARSET=utf8mb4 COLLATE=utf8mb4_0900_ai_ci;

--
-- Table structure for table `freeform_submissions_contact_form_1`
--

CREATE TABLE `freeform_submissions_contact_form_1` (
  `id` int NOT NULL,
  `full_name_2` text,
  `email_address_3` text,
  `subject_4` text,
  `message_5` text,
  PRIMARY KEY (`id`),
  CONSTRAINT `fk_hfpdfqqessmcesjrpsepyfeoevrsslsqhqsh` FOREIGN KEY (`id`) REFERENCES `freeform_submissions` (`id`) ON DELETE CASCADE
) ENGINE=InnoDB DEFAULT CHARSET=utf8mb4 COLLATE=utf8mb4_0900_ai_ci;

--
-- Table structure for table `freeform_survey_preferences`
--

CREATE TABLE `freeform_survey_preferences` (
  `id` int NOT NULL AUTO_INCREMENT,
  `userId` int NOT NULL,
  `fieldId` int NOT NULL,
  `chartType` varchar(200) NOT NULL,
  `dateCreated` datetime NOT NULL,
  `dateUpdated` datetime NOT NULL,
  `uid` char(36) NOT NULL DEFAULT '0',
  PRIMARY KEY (`id`),
  KEY `freeform_survey_preferences_userId_fk` (`userId`),
  KEY `fk_erthazjgoolritzezqyignsdbothblejsjeh` (`fieldId`),
  CONSTRAINT `fk_erthazjgoolritzezqyignsdbothblejsjeh` FOREIGN KEY (`fieldId`) REFERENCES `freeform_forms_fields` (`id`) ON DELETE CASCADE,
  CONSTRAINT `freeform_survey_preferences_userId_fk` FOREIGN KEY (`userId`) REFERENCES `users` (`id`) ON DELETE CASCADE
) ENGINE=InnoDB DEFAULT CHARSET=utf8mb4 COLLATE=utf8mb4_0900_ai_ci;

--
-- Table structure for table `globalsets`
--

CREATE TABLE `globalsets` (
  `id` int NOT NULL AUTO_INCREMENT,
  `name` varchar(255) NOT NULL,
  `handle` varchar(255) NOT NULL,
  `fieldLayoutId` int DEFAULT NULL,
  `sortOrder` smallint unsigned DEFAULT NULL,
  `dateCreated` datetime NOT NULL,
  `dateUpdated` datetime NOT NULL,
  `uid` char(36) NOT NULL DEFAULT '0',
  PRIMARY KEY (`id`),
  KEY `idx_ltsmxnhtglnaybpfjxozowbebisshlutpvjd` (`name`),
  KEY `idx_jghwhdtcorvfdxkrhqwyuqinunivyzqgvcts` (`handle`),
  KEY `idx_oykywznbtntcprsumxviwbfjufesfsmuzelt` (`fieldLayoutId`),
  KEY `idx_lcqvfaoxpodeeyqxccpulqphfcvmexfudlsi` (`sortOrder`),
  CONSTRAINT `fk_ftbfcsikjzpsalqwiacoakfqqdvpcfowurbg` FOREIGN KEY (`id`) REFERENCES `elements` (`id`) ON DELETE CASCADE,
  CONSTRAINT `fk_jqlkbolqgmwhqtflqbkflfdycdiiwvmpxuxh` FOREIGN KEY (`fieldLayoutId`) REFERENCES `fieldlayouts` (`id`) ON DELETE SET NULL
) ENGINE=InnoDB AUTO_INCREMENT=83 DEFAULT CHARSET=utf8mb3;

--
-- Table structure for table `gqlschemas`
--

CREATE TABLE `gqlschemas` (
  `id` int NOT NULL AUTO_INCREMENT,
  `name` varchar(255) NOT NULL,
  `scope` json DEFAULT NULL,
  `isPublic` tinyint(1) NOT NULL DEFAULT '0',
  `dateCreated` datetime NOT NULL,
  `dateUpdated` datetime NOT NULL,
  `uid` char(36) NOT NULL DEFAULT '0',
  PRIMARY KEY (`id`)
) ENGINE=InnoDB DEFAULT CHARSET=utf8mb3;

--
-- Table structure for table `imagetransformindex`
--

CREATE TABLE `imagetransformindex` (
  `id` int NOT NULL AUTO_INCREMENT,
  `assetId` int NOT NULL,
  `transformer` varchar(255) DEFAULT NULL,
  `filename` varchar(255) DEFAULT NULL,
  `format` varchar(255) DEFAULT NULL,
  `transformString` varchar(255) NOT NULL,
  `fileExists` tinyint(1) NOT NULL DEFAULT '0',
  `inProgress` tinyint(1) NOT NULL DEFAULT '0',
  `error` tinyint(1) NOT NULL DEFAULT '0',
  `dateIndexed` datetime DEFAULT NULL,
  `dateCreated` datetime NOT NULL,
  `dateUpdated` datetime NOT NULL,
  `uid` char(36) NOT NULL DEFAULT '0',
  PRIMARY KEY (`id`),
  KEY `idx_omaaxjlthufnxilduqeslqszayovywnfntri` (`assetId`,`transformString`)
) ENGINE=InnoDB AUTO_INCREMENT=13 DEFAULT CHARSET=utf8mb3;

--
-- Table structure for table `imagetransforms`
--

CREATE TABLE `imagetransforms` (
  `id` int NOT NULL AUTO_INCREMENT,
  `name` varchar(255) NOT NULL,
  `handle` varchar(255) NOT NULL,
  `mode` enum('stretch','fit','crop','letterbox') NOT NULL DEFAULT 'crop',
  `position` enum('top-left','top-center','top-right','center-left','center-center','center-right','bottom-left','bottom-center','bottom-right') NOT NULL DEFAULT 'center-center',
  `width` int unsigned DEFAULT NULL,
  `height` int unsigned DEFAULT NULL,
  `format` varchar(255) DEFAULT NULL,
  `quality` int DEFAULT NULL,
  `interlace` enum('none','line','plane','partition') NOT NULL DEFAULT 'none',
  `fill` varchar(11) DEFAULT NULL,
  `upscale` tinyint(1) NOT NULL DEFAULT '1',
  `parameterChangeTime` datetime DEFAULT NULL,
  `dateCreated` datetime NOT NULL,
  `dateUpdated` datetime NOT NULL,
  `uid` char(36) NOT NULL DEFAULT '0',
  PRIMARY KEY (`id`),
  KEY `idx_iynmoiejpdxvasqmjwxkhsiupvjoenlazehq` (`name`),
  KEY `idx_mfyghahroneyhcvxdrrdtlskkhcbxibflkft` (`handle`)
) ENGINE=InnoDB AUTO_INCREMENT=3 DEFAULT CHARSET=utf8mb3;

--
-- Table structure for table `info`
--

CREATE TABLE `info` (
  `id` int NOT NULL AUTO_INCREMENT,
  `version` varchar(50) NOT NULL,
  `schemaVersion` varchar(15) NOT NULL,
  `maintenance` tinyint(1) NOT NULL DEFAULT '0',
  `configVersion` char(12) NOT NULL DEFAULT '000000000000',
  `fieldVersion` char(12) NOT NULL DEFAULT '000000000000',
  `dateCreated` datetime NOT NULL,
  `dateUpdated` datetime NOT NULL,
  `uid` char(36) NOT NULL DEFAULT '0',
  PRIMARY KEY (`id`)
) ENGINE=InnoDB AUTO_INCREMENT=2 DEFAULT CHARSET=utf8mb3;

--
-- Table structure for table `migrations`
--

CREATE TABLE `migrations` (
  `id` int NOT NULL AUTO_INCREMENT,
  `track` varchar(255) NOT NULL,
  `name` varchar(255) NOT NULL,
  `applyTime` datetime NOT NULL,
  `dateCreated` datetime NOT NULL,
  `dateUpdated` datetime NOT NULL,
  `uid` char(36) NOT NULL DEFAULT '0',
  PRIMARY KEY (`id`),
  UNIQUE KEY `idx_pimirngqrrxjqvtgtwhiccyebpfkehvmjcwj` (`track`,`name`)
) ENGINE=InnoDB AUTO_INCREMENT=173 DEFAULT CHARSET=utf8mb3;

--
-- Table structure for table `plugins`
--

CREATE TABLE `plugins` (
  `id` int NOT NULL AUTO_INCREMENT,
  `handle` varchar(255) NOT NULL,
  `version` varchar(255) NOT NULL,
  `schemaVersion` varchar(255) NOT NULL,
  `installDate` datetime NOT NULL,
  `dateCreated` datetime NOT NULL,
  `dateUpdated` datetime NOT NULL,
  `uid` char(36) NOT NULL DEFAULT '0',
  PRIMARY KEY (`id`),
  UNIQUE KEY `idx_vvuxxffwuhjwekpoeiigavjrrdryofmkipny` (`handle`)
) ENGINE=InnoDB AUTO_INCREMENT=5 DEFAULT CHARSET=utf8mb3;

--
-- Table structure for table `projectconfig`
--

CREATE TABLE `projectconfig` (
  `path` varchar(255) NOT NULL,
  `value` text NOT NULL,
  PRIMARY KEY (`path`)
) ENGINE=InnoDB DEFAULT CHARSET=utf8mb3;

--
-- Table structure for table `queue`
--

CREATE TABLE `queue` (
  `id` int NOT NULL AUTO_INCREMENT,
  `channel` varchar(255) NOT NULL DEFAULT 'queue',
  `job` longblob NOT NULL,
  `description` text,
  `timePushed` int NOT NULL,
  `ttr` int NOT NULL,
  `delay` int NOT NULL DEFAULT '0',
  `priority` int unsigned NOT NULL DEFAULT '1024',
  `dateReserved` datetime DEFAULT NULL,
  `timeUpdated` int DEFAULT NULL,
  `progress` smallint NOT NULL DEFAULT '0',
  `progressLabel` varchar(255) DEFAULT NULL,
  `attempt` int DEFAULT NULL,
  `fail` tinyint(1) DEFAULT '0',
  `dateFailed` datetime DEFAULT NULL,
  `error` text,
  PRIMARY KEY (`id`),
  KEY `idx_eifnvoutjhcjdkojwsuzlxvqyzmafddlrwgx` (`channel`,`fail`,`timeUpdated`,`timePushed`),
  KEY `idx_vzklueuhoygkgwrqhhnwwohmzcircolsyfwj` (`channel`,`fail`,`timeUpdated`,`delay`)
) ENGINE=InnoDB AUTO_INCREMENT=3178 DEFAULT CHARSET=utf8mb3;

--
-- Table structure for table `relations`
--

CREATE TABLE `relations` (
  `id` int NOT NULL AUTO_INCREMENT,
  `fieldId` int NOT NULL,
  `sourceId` int NOT NULL,
  `sourceSiteId` int DEFAULT NULL,
  `targetId` int NOT NULL,
  `sortOrder` smallint unsigned DEFAULT NULL,
  `dateCreated` datetime NOT NULL,
  `dateUpdated` datetime NOT NULL,
  `uid` char(36) NOT NULL DEFAULT '0',
  PRIMARY KEY (`id`),
  UNIQUE KEY `idx_enkzxcltsjlilekiinsynbxusvrgvmqsvseu` (`fieldId`,`sourceId`,`sourceSiteId`,`targetId`),
  KEY `idx_ujobuehswswaszkrgzyxneoesydgaazwvdrq` (`sourceId`),
  KEY `idx_qwuelohfqclpsssjufoyfexqmmnoqaszovzz` (`targetId`),
  KEY `idx_kzecapdoimrjfkystnpiiasimfmwlgbztbus` (`sourceSiteId`),
  CONSTRAINT `fk_owqpagjirwmweugecsygclkvsqrhlxkvsqnu` FOREIGN KEY (`fieldId`) REFERENCES `fields` (`id`) ON DELETE CASCADE,
  CONSTRAINT `fk_pregezqjfptlbclfbfypixssemqfartffdez` FOREIGN KEY (`sourceSiteId`) REFERENCES `sites` (`id`) ON DELETE CASCADE ON UPDATE CASCADE,
  CONSTRAINT `fk_zxnbhrboqjopibwbzcsoprtbnrsjbxhrxjqq` FOREIGN KEY (`sourceId`) REFERENCES `elements` (`id`) ON DELETE CASCADE
) ENGINE=InnoDB AUTO_INCREMENT=142 DEFAULT CHARSET=utf8mb3;

--
-- Table structure for table `revisions`
--

CREATE TABLE `revisions` (
  `id` int NOT NULL AUTO_INCREMENT,
  `canonicalId` int NOT NULL,
  `creatorId` int DEFAULT NULL,
  `num` int NOT NULL,
  `notes` text,
  PRIMARY KEY (`id`),
  UNIQUE KEY `idx_tdiwwnnamgknjnuzrnzwabrjrnoxkufmfzua` (`canonicalId`,`num`),
  KEY `fk_hokcjtpbfjtxvakndepduuuprlgxgbpohkcg` (`creatorId`),
  CONSTRAINT `fk_hokcjtpbfjtxvakndepduuuprlgxgbpohkcg` FOREIGN KEY (`creatorId`) REFERENCES `users` (`id`) ON DELETE SET NULL,
  CONSTRAINT `fk_koisuznttrjmatbnxlykwwtgjrrvmsrnvpja` FOREIGN KEY (`canonicalId`) REFERENCES `elements` (`id`) ON DELETE CASCADE
) ENGINE=InnoDB AUTO_INCREMENT=35 DEFAULT CHARSET=utf8mb3;

--
-- Table structure for table `searchindex`
--

CREATE TABLE `searchindex` (
  `elementId` int NOT NULL,
  `attribute` varchar(25) NOT NULL,
  `fieldId` int NOT NULL,
  `siteId` int NOT NULL,
  `keywords` text NOT NULL,
  PRIMARY KEY (`elementId`,`attribute`,`fieldId`,`siteId`),
  FULLTEXT KEY `idx_nanqjsivzrfjikldlhgpjykktiisysrfyhir` (`keywords`)
) ENGINE=InnoDB DEFAULT CHARSET=utf8mb3;

--
-- Table structure for table `sections`
--

CREATE TABLE `sections` (
  `id` int NOT NULL AUTO_INCREMENT,
  `structureId` int DEFAULT NULL,
  `name` varchar(255) NOT NULL,
  `handle` varchar(255) NOT NULL,
  `type` enum('single','channel','structure') NOT NULL DEFAULT 'channel',
  `enableVersioning` tinyint(1) NOT NULL DEFAULT '0',
  `maxAuthors` smallint unsigned NOT NULL DEFAULT '1',
  `propagationMethod` varchar(255) NOT NULL DEFAULT 'all',
  `defaultPlacement` enum('beginning','end') NOT NULL DEFAULT 'end',
  `previewTargets` json DEFAULT NULL,
  `dateCreated` datetime NOT NULL,
  `dateUpdated` datetime NOT NULL,
  `dateDeleted` datetime DEFAULT NULL,
  `uid` char(36) NOT NULL DEFAULT '0',
  PRIMARY KEY (`id`),
  KEY `idx_xiftxowkbamaitdqodnozvjpauxtfeminbnl` (`handle`),
  KEY `idx_slwywwajhfepxbhizvucbjsbhhaphsslxaqs` (`name`),
  KEY `idx_orucpqhvixlcuhxbhdvgjdbdekqecoibnlxu` (`structureId`),
  KEY `idx_dpgubgtzvajitptsuaarxftulagwbymajppz` (`dateDeleted`),
  CONSTRAINT `fk_uydxsbczsevydhrqxncwktnjlrmtlptepjzb` FOREIGN KEY (`structureId`) REFERENCES `structures` (`id`) ON DELETE SET NULL
) ENGINE=InnoDB AUTO_INCREMENT=7 DEFAULT CHARSET=utf8mb3;

--
-- Table structure for table `sections_entrytypes`
--

CREATE TABLE `sections_entrytypes` (
  `sectionId` int NOT NULL,
  `typeId` int NOT NULL,
  `sortOrder` smallint unsigned NOT NULL,
  PRIMARY KEY (`sectionId`,`typeId`),
  KEY `fk_urarprjejimmtuixomkwevgkrpntrwaucflh` (`typeId`),
  CONSTRAINT `fk_hnuknqyhmryhvkybcuqefpwabprctbyygueb` FOREIGN KEY (`sectionId`) REFERENCES `sections` (`id`) ON DELETE CASCADE,
  CONSTRAINT `fk_urarprjejimmtuixomkwevgkrpntrwaucflh` FOREIGN KEY (`typeId`) REFERENCES `entrytypes` (`id`) ON DELETE CASCADE
) ENGINE=InnoDB DEFAULT CHARSET=utf8mb4 COLLATE=utf8mb4_0900_ai_ci;

--
-- Table structure for table `sections_sites`
--

CREATE TABLE `sections_sites` (
  `id` int NOT NULL AUTO_INCREMENT,
  `sectionId` int NOT NULL,
  `siteId` int NOT NULL,
  `hasUrls` tinyint(1) NOT NULL DEFAULT '1',
  `uriFormat` text,
  `template` varchar(500) DEFAULT NULL,
  `enabledByDefault` tinyint(1) NOT NULL DEFAULT '1',
  `dateCreated` datetime NOT NULL,
  `dateUpdated` datetime NOT NULL,
  `uid` char(36) NOT NULL DEFAULT '0',
  PRIMARY KEY (`id`),
  UNIQUE KEY `idx_uqxqxdoylyxiptmemiwmnaiivtvhhuvtfejl` (`sectionId`,`siteId`),
  KEY `idx_wjjqnjeizbtozvxfsjqdgipbgsvbcwycchfd` (`siteId`),
  CONSTRAINT `fk_puqruxqkmxkbccshtifuypuxzubgmxtqowie` FOREIGN KEY (`siteId`) REFERENCES `sites` (`id`) ON DELETE CASCADE ON UPDATE CASCADE,
  CONSTRAINT `fk_vudupuueqcvyawsdnyvalmntabmuybbexkun` FOREIGN KEY (`sectionId`) REFERENCES `sections` (`id`) ON DELETE CASCADE
) ENGINE=InnoDB AUTO_INCREMENT=7 DEFAULT CHARSET=utf8mb3;

--
-- Table structure for table `sequences`
--

CREATE TABLE `sequences` (
  `name` varchar(255) NOT NULL,
  `next` int unsigned NOT NULL DEFAULT '1',
  PRIMARY KEY (`name`)
) ENGINE=InnoDB DEFAULT CHARSET=utf8mb3;

--
-- Table structure for table `shunnedmessages`
--

CREATE TABLE `shunnedmessages` (
  `id` int NOT NULL AUTO_INCREMENT,
  `userId` int NOT NULL,
  `message` varchar(255) NOT NULL,
  `expiryDate` datetime DEFAULT NULL,
  `dateCreated` datetime NOT NULL,
  `dateUpdated` datetime NOT NULL,
  `uid` char(36) NOT NULL DEFAULT '0',
  PRIMARY KEY (`id`),
  UNIQUE KEY `idx_nwicnypcxvgbngxsgswvdlydurgwxhuojxet` (`userId`,`message`),
  CONSTRAINT `fk_cfwfmirjvtqtxpmkvyougeufvdvmdlavxzii` FOREIGN KEY (`userId`) REFERENCES `users` (`id`) ON DELETE CASCADE
) ENGINE=InnoDB DEFAULT CHARSET=utf8mb3;

--
-- Table structure for table `sitegroups`
--

CREATE TABLE `sitegroups` (
  `id` int NOT NULL AUTO_INCREMENT,
  `name` varchar(255) NOT NULL,
  `dateCreated` datetime NOT NULL,
  `dateUpdated` datetime NOT NULL,
  `dateDeleted` datetime DEFAULT NULL,
  `uid` char(36) NOT NULL DEFAULT '0',
  PRIMARY KEY (`id`),
  KEY `idx_irxqcahzcbcivbyyqsctjanwgypsjbbvizmd` (`name`)
) ENGINE=InnoDB AUTO_INCREMENT=2 DEFAULT CHARSET=utf8mb3;

--
-- Table structure for table `sites`
--

CREATE TABLE `sites` (
  `id` int NOT NULL AUTO_INCREMENT,
  `groupId` int NOT NULL,
  `primary` tinyint(1) NOT NULL,
  `enabled` varchar(255) NOT NULL DEFAULT 'true',
  `name` varchar(255) NOT NULL,
  `handle` varchar(255) NOT NULL,
  `language` varchar(255) NOT NULL,
  `hasUrls` tinyint(1) NOT NULL DEFAULT '0',
  `baseUrl` varchar(255) DEFAULT NULL,
  `sortOrder` smallint unsigned DEFAULT NULL,
  `dateCreated` datetime NOT NULL,
  `dateUpdated` datetime NOT NULL,
  `dateDeleted` datetime DEFAULT NULL,
  `uid` char(36) NOT NULL DEFAULT '0',
  PRIMARY KEY (`id`),
  KEY `idx_lcwhzznsumiefxncmpgscwgvdwkafewpgngr` (`dateDeleted`),
  KEY `idx_gfinmbqzskbvpnqurgiuuyxfzaehrlhaswul` (`handle`),
  KEY `idx_fgsjdxescolickrnwqjlqautpqchljovwrsu` (`sortOrder`),
  KEY `fk_mfvvulrkhtbcfdscsqtvrftkosmkygzpfwyr` (`groupId`),
  CONSTRAINT `fk_mfvvulrkhtbcfdscsqtvrftkosmkygzpfwyr` FOREIGN KEY (`groupId`) REFERENCES `sitegroups` (`id`) ON DELETE CASCADE
) ENGINE=InnoDB AUTO_INCREMENT=2 DEFAULT CHARSET=utf8mb3;

--
-- Table structure for table `sso_identities`
--

CREATE TABLE `sso_identities` (
  `provider` varchar(255) NOT NULL,
  `identityId` varchar(255) NOT NULL,
  `userId` int NOT NULL,
  `dateCreated` datetime NOT NULL,
  `dateUpdated` datetime NOT NULL,
  PRIMARY KEY (`provider`,`identityId`,`userId`),
  KEY `fk_qttwjfokmjwhupccrvsdmlesaevrjkxmieid` (`userId`),
  CONSTRAINT `fk_qttwjfokmjwhupccrvsdmlesaevrjkxmieid` FOREIGN KEY (`userId`) REFERENCES `users` (`id`) ON DELETE CASCADE
) ENGINE=InnoDB DEFAULT CHARSET=utf8mb4 COLLATE=utf8mb4_0900_ai_ci;

--
-- Table structure for table `structureelements`
--

CREATE TABLE `structureelements` (
  `id` int NOT NULL AUTO_INCREMENT,
  `structureId` int NOT NULL,
  `elementId` int DEFAULT NULL,
  `root` int unsigned DEFAULT NULL,
  `lft` int unsigned NOT NULL,
  `rgt` int unsigned NOT NULL,
  `level` smallint unsigned NOT NULL,
  `dateCreated` datetime NOT NULL,
  `dateUpdated` datetime NOT NULL,
  `uid` char(36) NOT NULL DEFAULT '0',
  PRIMARY KEY (`id`),
  UNIQUE KEY `idx_owlksxgmjmgslxeyqhaqekexcuoczwgwstth` (`structureId`,`elementId`),
  KEY `idx_ceufmqubcctikgpezamffafmaxczccrbbvoq` (`root`),
  KEY `idx_jimiwzoqtjomnpeggcbooidomphvwwxqgmdj` (`lft`),
  KEY `idx_bjiavzlnjefkeoivpsedakaqufuynklncebw` (`rgt`),
  KEY `idx_tdefyryilwcpvqkhzpjxaharryhwoudqkogu` (`level`),
  KEY `idx_cjoouxucjcqbyqixukvkgqrgwziiwvevugmx` (`elementId`),
  CONSTRAINT `fk_axkwnoawwbttlbyrqnqiizqjktlpbsodxhik` FOREIGN KEY (`structureId`) REFERENCES `structures` (`id`) ON DELETE CASCADE
) ENGINE=InnoDB AUTO_INCREMENT=7 DEFAULT CHARSET=utf8mb3;

--
-- Table structure for table `structures`
--

CREATE TABLE `structures` (
  `id` int NOT NULL AUTO_INCREMENT,
  `maxLevels` smallint unsigned DEFAULT NULL,
  `dateCreated` datetime NOT NULL,
  `dateUpdated` datetime NOT NULL,
  `dateDeleted` datetime DEFAULT NULL,
  `uid` char(36) NOT NULL DEFAULT '0',
  PRIMARY KEY (`id`),
  KEY `idx_eexlpvyqjnyvdvbajjodvmbcyorvcwhpdhdv` (`dateDeleted`)
) ENGINE=InnoDB AUTO_INCREMENT=2 DEFAULT CHARSET=utf8mb3;

--
-- Table structure for table `taggroups`
--

CREATE TABLE `taggroups` (
  `id` int NOT NULL AUTO_INCREMENT,
  `name` varchar(255) NOT NULL,
  `handle` varchar(255) NOT NULL,
  `fieldLayoutId` int DEFAULT NULL,
  `dateCreated` datetime NOT NULL,
  `dateUpdated` datetime NOT NULL,
  `dateDeleted` datetime DEFAULT NULL,
  `uid` char(36) NOT NULL DEFAULT '0',
  PRIMARY KEY (`id`),
  KEY `idx_cavovbkdqabohnzhacgkmwmsgmpehxmhjvky` (`name`),
  KEY `idx_ogfymfuuqrupymkfvsepjeqxyjbklhonefpb` (`handle`),
  KEY `idx_gnzwettqjzdzvfdmvtustzwfxdizbnlymeou` (`dateDeleted`),
  KEY `fk_lzbnweiqnegfohkgktacsrwhoweridorxjuv` (`fieldLayoutId`),
  CONSTRAINT `fk_lzbnweiqnegfohkgktacsrwhoweridorxjuv` FOREIGN KEY (`fieldLayoutId`) REFERENCES `fieldlayouts` (`id`) ON DELETE SET NULL
) ENGINE=InnoDB DEFAULT CHARSET=utf8mb3;

--
-- Table structure for table `tags`
--

CREATE TABLE `tags` (
  `id` int NOT NULL,
  `groupId` int NOT NULL,
  `deletedWithGroup` tinyint(1) DEFAULT NULL,
  `dateCreated` datetime NOT NULL,
  `dateUpdated` datetime NOT NULL,
  PRIMARY KEY (`id`),
  KEY `idx_khfbxlxjevjdgcxfadptwjaapcxfcwkderou` (`groupId`),
  CONSTRAINT `fk_pbunmkecdiqbugbwvqmbeeuqskzuowyinbyh` FOREIGN KEY (`groupId`) REFERENCES `taggroups` (`id`) ON DELETE CASCADE,
  CONSTRAINT `fk_qfvhskxuvywffbcwmnvflbphgxmjxgrefbfo` FOREIGN KEY (`id`) REFERENCES `elements` (`id`) ON DELETE CASCADE
) ENGINE=InnoDB DEFAULT CHARSET=utf8mb3;

--
-- Table structure for table `usergroups`
--

CREATE TABLE `usergroups` (
  `id` int NOT NULL AUTO_INCREMENT,
  `name` varchar(255) NOT NULL,
  `handle` varchar(255) NOT NULL,
  `description` text,
  `dateCreated` datetime NOT NULL,
  `dateUpdated` datetime NOT NULL,
  `uid` char(36) NOT NULL DEFAULT '0',
  PRIMARY KEY (`id`),
  KEY `idx_jielbdmggbfghhmxxeuboqrkagxmuxdbzkjy` (`handle`),
  KEY `idx_vapuhuhdcwtfqvqbfsafhhbzstzisimkkcoj` (`name`)
) ENGINE=InnoDB DEFAULT CHARSET=utf8mb3;

--
-- Table structure for table `usergroups_users`
--

CREATE TABLE `usergroups_users` (
  `id` int NOT NULL AUTO_INCREMENT,
  `groupId` int NOT NULL,
  `userId` int NOT NULL,
  `dateCreated` datetime NOT NULL,
  `dateUpdated` datetime NOT NULL,
  `uid` char(36) NOT NULL DEFAULT '0',
  PRIMARY KEY (`id`),
  UNIQUE KEY `idx_zxopzewasscaqasvofoofyzauuigycinbqxv` (`groupId`,`userId`),
  KEY `idx_ssrxmjgkfwwavjoxfauvohvcxqitdgnweohe` (`userId`),
  CONSTRAINT `fk_nnapkcmblhqwmirmjkyyfpgvqydhfcvjfagw` FOREIGN KEY (`groupId`) REFERENCES `usergroups` (`id`) ON DELETE CASCADE,
  CONSTRAINT `fk_xrgjdexsggenahaiiyhyfmjflzcogjzclmvg` FOREIGN KEY (`userId`) REFERENCES `users` (`id`) ON DELETE CASCADE
) ENGINE=InnoDB DEFAULT CHARSET=utf8mb3;

--
-- Table structure for table `userpermissions`
--

CREATE TABLE `userpermissions` (
  `id` int NOT NULL AUTO_INCREMENT,
  `name` varchar(255) NOT NULL,
  `dateCreated` datetime NOT NULL,
  `dateUpdated` datetime NOT NULL,
  `uid` char(36) NOT NULL DEFAULT '0',
  PRIMARY KEY (`id`),
  UNIQUE KEY `idx_kfqrrzekpruvcaornomcwsskosjvedmlwtxe` (`name`)
) ENGINE=InnoDB DEFAULT CHARSET=utf8mb3;

--
-- Table structure for table `userpermissions_usergroups`
--

CREATE TABLE `userpermissions_usergroups` (
  `id` int NOT NULL AUTO_INCREMENT,
  `permissionId` int NOT NULL,
  `groupId` int NOT NULL,
  `dateCreated` datetime NOT NULL,
  `dateUpdated` datetime NOT NULL,
  `uid` char(36) NOT NULL DEFAULT '0',
  PRIMARY KEY (`id`),
  UNIQUE KEY `idx_wbpuftgwjuoipsgmhuwjwhsuabqqakmunksv` (`permissionId`,`groupId`),
  KEY `idx_oeafaroayxizcjfmunypphvadhtzbzoodvpu` (`groupId`),
  CONSTRAINT `fk_feonataxdhbwhqpqmmhezshnvpetynokvwjm` FOREIGN KEY (`groupId`) REFERENCES `usergroups` (`id`) ON DELETE CASCADE,
  CONSTRAINT `fk_wpjmcaxrnugoqecufgjubzbsefsiaducuvvm` FOREIGN KEY (`permissionId`) REFERENCES `userpermissions` (`id`) ON DELETE CASCADE
) ENGINE=InnoDB DEFAULT CHARSET=utf8mb3;

--
-- Table structure for table `userpermissions_users`
--

CREATE TABLE `userpermissions_users` (
  `id` int NOT NULL AUTO_INCREMENT,
  `permissionId` int NOT NULL,
  `userId` int NOT NULL,
  `dateCreated` datetime NOT NULL,
  `dateUpdated` datetime NOT NULL,
  `uid` char(36) NOT NULL DEFAULT '0',
  PRIMARY KEY (`id`),
  UNIQUE KEY `idx_srefkiitkvnhtstdgbdkrumxgqbdlnvsjjlt` (`permissionId`,`userId`),
  KEY `idx_tqvolpatmsjcmmtzeqsoglxpnmcwopvxohwc` (`userId`),
  CONSTRAINT `fk_aahgcpkwajittsmpklgrzysejdngmzblmaew` FOREIGN KEY (`userId`) REFERENCES `users` (`id`) ON DELETE CASCADE,
  CONSTRAINT `fk_rzpcfqxojenpnknroibhvmmmxhpjwxncniql` FOREIGN KEY (`permissionId`) REFERENCES `userpermissions` (`id`) ON DELETE CASCADE
) ENGINE=InnoDB DEFAULT CHARSET=utf8mb3;

--
-- Table structure for table `userpreferences`
--

CREATE TABLE `userpreferences` (
  `userId` int NOT NULL AUTO_INCREMENT,
  `preferences` json DEFAULT NULL,
  PRIMARY KEY (`userId`),
  CONSTRAINT `fk_xnhsmmkosidfvzonqnfzyoabxzdamlbpytje` FOREIGN KEY (`userId`) REFERENCES `users` (`id`) ON DELETE CASCADE
) ENGINE=InnoDB AUTO_INCREMENT=4 DEFAULT CHARSET=utf8mb3;

--
-- Table structure for table `volumefolders`
--

CREATE TABLE `volumefolders` (
  `id` int NOT NULL AUTO_INCREMENT,
  `parentId` int DEFAULT NULL,
  `volumeId` int DEFAULT NULL,
  `name` varchar(255) NOT NULL,
  `path` varchar(255) DEFAULT NULL,
  `dateCreated` datetime NOT NULL,
  `dateUpdated` datetime NOT NULL,
  `uid` char(36) NOT NULL DEFAULT '0',
  PRIMARY KEY (`id`),
  UNIQUE KEY `idx_iwxblynufqzhhhwxtdyzgjwvnfsajrdsfpxf` (`name`,`parentId`,`volumeId`),
  KEY `idx_xpssnmfcrjjiqoxccohzgubijghfuwisrkno` (`parentId`),
  KEY `idx_gvtovqonnajjxqnfnnboemwcanmrpwetesgt` (`volumeId`),
  CONSTRAINT `fk_nsfwcolnpbgyxdtjwqbgjrasbwfigvwtobwr` FOREIGN KEY (`parentId`) REFERENCES `volumefolders` (`id`) ON DELETE CASCADE,
  CONSTRAINT `fk_qjmoznhqkmjzecnbnjrovmboyqskblrayxxv` FOREIGN KEY (`volumeId`) REFERENCES `volumes` (`id`) ON DELETE CASCADE
) ENGINE=InnoDB AUTO_INCREMENT=10 DEFAULT CHARSET=utf8mb3;

--
-- Table structure for table `volumes`
--

CREATE TABLE `volumes` (
  `id` int NOT NULL AUTO_INCREMENT,
  `fieldLayoutId` int DEFAULT NULL,
  `name` varchar(255) NOT NULL,
  `handle` varchar(255) NOT NULL,
  `fs` varchar(255) NOT NULL,
  `subpath` varchar(255) DEFAULT NULL,
  `transformFs` varchar(255) DEFAULT NULL,
  `transformSubpath` varchar(255) DEFAULT NULL,
  `titleTranslationMethod` varchar(255) NOT NULL DEFAULT 'site',
  `titleTranslationKeyFormat` text,
  `altTranslationMethod` varchar(255) NOT NULL DEFAULT 'site',
  `altTranslationKeyFormat` text,
  `sortOrder` smallint unsigned DEFAULT NULL,
  `dateCreated` datetime NOT NULL,
  `dateUpdated` datetime NOT NULL,
  `dateDeleted` datetime DEFAULT NULL,
  `uid` char(36) NOT NULL DEFAULT '0',
  PRIMARY KEY (`id`),
  KEY `idx_kxmnjoadzgfouclqydhpguzyvqbeflcuyrzl` (`name`),
  KEY `idx_wmfbxdehuoxfcyfndcsnrfgxarksialocgnd` (`handle`),
  KEY `idx_lphcgbxakozfidmcicizsscacfexavekojuo` (`fieldLayoutId`),
  KEY `idx_zleuppemowwycvouvliknasvknfovkrvjsbg` (`dateDeleted`),
  CONSTRAINT `fk_yoszwkzmuqzzryowmoqinujdfepaxoukehbc` FOREIGN KEY (`fieldLayoutId`) REFERENCES `fieldlayouts` (`id`) ON DELETE SET NULL
) ENGINE=InnoDB AUTO_INCREMENT=3 DEFAULT CHARSET=utf8mb3;

--
-- Table structure for table `widgets`
--

CREATE TABLE `widgets` (
  `id` int NOT NULL AUTO_INCREMENT,
  `userId` int NOT NULL,
  `type` varchar(255) NOT NULL,
  `sortOrder` smallint unsigned DEFAULT NULL,
  `colspan` tinyint DEFAULT NULL,
  `settings` json DEFAULT NULL,
  `enabled` tinyint(1) NOT NULL DEFAULT '1',
  `dateCreated` datetime NOT NULL,
  `dateUpdated` datetime NOT NULL,
  `uid` char(36) NOT NULL DEFAULT '0',
  PRIMARY KEY (`id`),
  KEY `idx_qiboywljkntxitphmwujrsmnpndqrrqfkmyp` (`userId`),
  CONSTRAINT `fk_amhylosbclgkfoffzshmlzgklzybckursymf` FOREIGN KEY (`userId`) REFERENCES `users` (`id`) ON DELETE CASCADE
) ENGINE=InnoDB AUTO_INCREMENT=5 DEFAULT CHARSET=utf8mb3;

--
-- Dumping routines for database 'robmartinomusic_db'
--


--
-- Host: 127.0.0.1    Database: robmartinomusic_db
-- ------------------------------------------------------


--
-- Dumping data for table `addresses`
--

set autocommit=0;
commit;

--
-- Dumping data for table `announcements`
--

set autocommit=0;
commit;

--
-- Dumping data for table `assetindexingsessions`
--

set autocommit=0;
commit;

--
-- Dumping data for table `assets`
--

set autocommit=0;
INSERT INTO `assets` VALUES (4,1,1,3,'hobbe-logo.png','image',NULL,150,138,30581,NULL,NULL,NULL,'2023-11-10 03:31:58','2023-06-11 22:55:40','2024-12-23 17:06:42'),(5,1,1,3,'hobbe.png','image',NULL,32,32,2554,NULL,0,0,'2023-11-10 03:31:58','2023-06-11 22:56:21','2024-12-23 17:06:44'),(6,1,1,NULL,'8static-dominos.jpg','image',NULL,1600,1065,316965,NULL,NULL,NULL,'2023-11-10 03:31:58','2023-06-11 23:02:22','2024-12-23 17:06:44'),(7,1,1,NULL,'about.jpg','image',NULL,1500,998,407741,NULL,NULL,NULL,'2023-11-10 03:31:58','2023-06-11 23:02:24','2024-12-23 17:06:41'),(8,1,1,NULL,'bitgen.jpg','image',NULL,2500,1667,914454,NULL,NULL,NULL,'2023-11-10 03:31:58','2023-06-11 23:02:26','2024-12-23 17:06:42'),(9,1,1,NULL,'gallery-1.jpg','image',NULL,1500,998,320171,NULL,NULL,NULL,'2023-11-10 03:31:58','2023-06-11 23:02:28','2024-12-23 17:06:44'),(10,1,1,NULL,'gallery-2.jpg','image',NULL,827,550,76765,NULL,NULL,NULL,'2023-11-10 03:31:58','2023-06-11 23:02:31','2024-12-23 17:06:43'),(11,1,1,NULL,'gallery-3.jpg','image',NULL,750,499,152482,NULL,NULL,NULL,'2023-11-10 03:31:58','2023-06-11 23:02:33','2024-12-23 17:06:43'),(12,1,1,NULL,'gallery-6.jpg','image',NULL,750,499,165923,NULL,NULL,NULL,'2023-11-10 03:31:58','2023-06-11 23:02:35','2024-12-23 17:06:45'),(13,1,1,NULL,'gallery-7.jpg','image',NULL,750,534,99141,NULL,NULL,NULL,'2023-11-10 03:31:58','2023-06-11 23:02:37','2024-12-23 17:06:42'),(14,1,1,NULL,'home-bg-mobile.jpg','image',NULL,1020,1528,418037,NULL,NULL,NULL,'2023-11-10 03:31:58','2023-06-11 23:02:44','2024-12-23 17:06:44'),(15,1,1,NULL,'sentry-bar-feb2020-alt.jpg','image',NULL,1200,990,274469,NULL,NULL,NULL,'2023-11-10 03:31:58','2023-06-11 23:02:46','2024-12-23 17:06:43'),(16,1,1,NULL,'sentry-bar-feb2020.jpg','image',NULL,1200,990,290033,NULL,NULL,NULL,'2023-11-10 03:31:58','2023-06-11 23:02:48','2024-12-23 17:06:42'),(17,2,2,NULL,'rob-video.mp4','video',NULL,NULL,NULL,13626212,NULL,NULL,NULL,'2023-11-10 03:31:58','2023-06-11 23:02:51','2024-12-23 17:06:45'),(47,1,1,3,'My_Face_Best_Version_Dark_Small.png','image',NULL,NULL,NULL,22810,NULL,0,0,'2025-05-02 16:03:44','2023-06-12 18:54:30','2025-05-02 16:05:06'),(48,1,1,3,'Drums_Blue.jpg','image',NULL,2048,1152,361433,NULL,NULL,NULL,'2023-11-10 03:31:58','2023-06-12 18:57:18','2024-12-23 17:06:43'),(49,1,1,3,'nmlstyl.jpg','image',NULL,960,960,104793,NULL,NULL,NULL,'2023-11-10 03:31:58','2023-06-12 18:57:26','2024-12-23 17:06:43'),(114,1,7,3,'nmlstyl-bitgen13.jpg','image',NULL,640,480,56026,NULL,NULL,NULL,'2024-12-13 21:57:44','2024-12-23 17:20:53','2025-05-02 16:05:08'),(117,1,7,3,'nmlstyl-magfest2020.jpg','image',NULL,640,480,53566,NULL,NULL,NULL,'2024-12-13 21:58:34','2024-12-23 17:21:33','2025-05-02 16:05:08'),(120,1,7,3,'black-monday.jpg','image',NULL,640,480,74195,NULL,NULL,NULL,'2024-12-13 21:58:54','2024-12-23 17:21:44','2025-05-02 16:05:07'),(123,1,7,3,'110percent.jpg','image',NULL,640,480,59079,NULL,NULL,NULL,'2024-12-13 21:59:04','2024-12-23 17:21:54','2025-05-02 16:05:08'),(198,1,1,NULL,'My_Face_Best_Version_Dark_Small.png','image',NULL,150,138,22222,NULL,0,0,'2023-11-10 03:31:58','2025-05-02 16:05:05','2025-05-02 16:06:47'),(199,1,1,3,'hobbe.png','image',NULL,32,32,2468,NULL,0,0,'2025-05-02 16:11:41','2025-05-02 16:11:41','2025-05-02 16:11:41'),(200,1,1,3,'My_Face_Best_Version_Dark_Small.png','image',NULL,150,138,21550,NULL,0,0,'2025-05-02 16:11:48','2025-05-02 16:11:48','2025-05-02 16:11:48'),(201,1,1,3,'face-new.png','image',NULL,150,138,21550,NULL,NULL,NULL,'2025-05-02 16:14:16','2025-05-02 16:14:16','2025-05-02 16:14:16'),(202,1,1,3,'hobbe-favicon.png','image',NULL,32,32,2468,NULL,NULL,NULL,'2025-05-02 16:14:21','2025-05-02 16:14:21','2025-05-02 16:14:21');
commit;

--
-- Dumping data for table `assets_sites`
--

set autocommit=0;
INSERT INTO `assets_sites` VALUES (4,1,NULL),(5,1,NULL),(6,1,NULL),(7,1,NULL),(8,1,NULL),(9,1,NULL),(10,1,NULL),(11,1,NULL),(12,1,NULL),(13,1,NULL),(14,1,NULL),(15,1,NULL),(16,1,NULL),(17,1,NULL),(47,1,NULL),(48,1,NULL),(49,1,NULL),(114,1,NULL),(117,1,NULL),(120,1,NULL),(123,1,NULL),(198,1,NULL),(199,1,NULL),(200,1,NULL),(201,1,NULL),(202,1,NULL);
commit;
set autocommit=0;
commit;

--
-- Dumping data for table `categories`
--

set autocommit=0;
commit;

--
-- Dumping data for table `categorygroups`
--

set autocommit=0;
commit;

--
-- Dumping data for table `categorygroups_sites`
--

set autocommit=0;
commit;

--
-- Dumping data for table `changedattributes`
--

set autocommit=0;
INSERT INTO `changedattributes` VALUES (3,1,'fullName','2024-08-24 00:03:00',0,3),(18,1,'fieldLayoutId','2024-12-23 17:24:00',0,3),(18,1,'postDate','2023-06-11 23:04:18',0,3),(18,1,'slug','2023-06-11 23:04:03',0,3),(18,1,'title','2023-06-11 23:04:08',0,3),(18,1,'typeId','2024-12-23 17:24:00',0,3),(18,1,'uri','2023-06-11 23:04:03',0,3),(20,1,'fieldLayoutId','2024-12-23 17:11:06',0,3),(20,1,'postDate','2023-06-11 23:04:54',0,3),(20,1,'slug','2023-06-11 23:04:39',0,3),(20,1,'title','2023-06-11 23:04:39',0,3),(20,1,'typeId','2024-12-23 17:11:06',0,3),(20,1,'uri','2023-06-11 23:04:39',0,3),(22,1,'fieldLayoutId','2024-12-23 17:08:55',0,3),(22,1,'postDate','2023-06-11 23:05:53',0,3),(22,1,'slug','2023-06-11 23:05:39',0,3),(22,1,'title','2023-06-11 23:05:39',0,3),(22,1,'typeId','2024-12-23 17:08:55',0,3),(22,1,'uri','2023-06-11 23:05:39',0,3),(24,1,'fieldLayoutId','2024-12-23 17:28:05',0,3),(24,1,'postDate','2023-06-11 23:07:20',0,3),(24,1,'slug','2023-06-11 23:06:15',0,3),(24,1,'title','2023-06-11 23:06:15',0,3),(24,1,'typeId','2024-12-23 17:28:05',0,3),(24,1,'uri','2023-06-11 23:06:15',0,3),(26,1,'fieldLayoutId','2024-12-23 17:06:30',0,3),(26,1,'postDate','2023-06-11 23:09:22',0,3),(26,1,'slug','2023-06-11 23:07:47',0,3),(26,1,'title','2023-06-11 23:07:47',0,3),(26,1,'typeId','2024-12-23 17:06:30',0,3),(26,1,'uri','2023-06-11 23:07:47',0,3),(28,1,'fieldLayoutId','2023-06-11 23:13:00',0,3),(28,1,'postDate','2023-06-11 23:13:39',0,3),(28,1,'slug','2023-06-11 23:12:48',0,3),(28,1,'title','2023-06-11 23:12:48',0,3),(28,1,'typeId','2023-06-11 23:13:00',0,3),(29,1,'postDate','2023-06-11 23:15:36',0,3),(29,1,'slug','2023-06-11 23:15:18',0,3),(29,1,'title','2023-06-11 23:15:18',0,3),(30,1,'postDate','2023-06-11 23:18:24',0,3),(30,1,'slug','2023-06-11 23:16:31',0,3),(30,1,'title','2023-06-11 23:16:31',0,3),(31,1,'fieldLayoutId','2023-06-11 23:18:44',0,3),(31,1,'postDate','2023-06-11 23:19:24',0,3),(31,1,'slug','2023-06-11 23:19:24',0,3),(31,1,'title','2023-06-11 23:19:08',0,3),(31,1,'typeId','2023-06-11 23:18:44',0,3),(32,1,'fieldLayoutId','2023-06-11 23:21:25',0,3),(32,1,'postDate','2023-06-11 23:21:54',0,3),(32,1,'slug','2023-06-11 23:21:15',0,3),(32,1,'title','2023-06-11 23:21:15',0,3),(32,1,'typeId','2023-06-11 23:21:25',0,3),(33,1,'postDate','2023-06-11 23:24:30',0,3),(33,1,'slug','2023-06-11 23:23:49',0,3),(33,1,'title','2023-06-11 23:23:49',0,3),(35,1,'postDate','2023-06-11 23:25:49',0,3),(35,1,'slug','2023-06-11 23:25:21',0,3),(35,1,'title','2023-06-11 23:25:21',0,3),(37,1,'postDate','2023-06-11 23:27:16',0,3),(37,1,'slug','2023-06-11 23:26:49',0,3),(37,1,'title','2023-06-11 23:26:49',0,3),(39,1,'postDate','2023-06-11 23:28:53',0,3),(39,1,'slug','2023-06-11 23:28:19',0,3),(39,1,'title','2023-06-11 23:28:19',0,3),(41,1,'postDate','2023-06-11 23:29:55',0,3),(41,1,'slug','2023-06-11 23:29:35',0,3),(41,1,'title','2023-06-11 23:29:35',0,3),(86,1,'primaryOwnerId','2024-12-23 17:07:38',0,3),(133,1,'primaryOwnerId','2024-12-23 17:25:31',0,3),(133,1,'title','2024-12-23 17:25:31',0,3),(142,1,'primaryOwnerId','2024-12-23 17:29:11',0,3),(142,1,'title','2024-12-23 17:29:11',0,3);
commit;

--
-- Dumping data for table `changedfields`
--

set autocommit=0;
INSERT INTO `changedfields` VALUES (1,1,30,'d967ff84-b439-468f-9c28-9ddfdcc40765','2024-12-23 16:55:42',0,3),(1,1,34,'6632dbcb-1a41-4851-b4ce-714e6ed7806a','2024-12-23 16:55:42',0,3),(1,1,34,'a04b38f6-8a21-4cab-868b-a8272a1734d6','2024-12-23 16:55:42',0,3),(18,1,9,'00aaed21-f3e9-4b6c-958f-618a06e3e7ca','2023-06-11 23:04:08',0,3),(18,1,24,'bdd64b90-f86e-490a-9c9f-dd52808849f8','2024-12-23 17:25:31',0,3),(20,1,9,'00aaed21-f3e9-4b6c-958f-618a06e3e7ca','2023-06-11 23:04:43',0,3),(20,1,24,'bdd64b90-f86e-490a-9c9f-dd52808849f8','2024-12-23 17:11:06',0,3),(22,1,9,'00aaed21-f3e9-4b6c-958f-618a06e3e7ca','2023-06-11 23:05:45',0,3),(22,1,24,'bdd64b90-f86e-490a-9c9f-dd52808849f8','2024-12-23 17:08:55',0,3),(24,1,4,'0','2023-06-12 18:58:08',0,3),(24,1,24,'bdd64b90-f86e-490a-9c9f-dd52808849f8','2024-12-23 17:29:11',0,3),(26,1,9,'00aaed21-f3e9-4b6c-958f-618a06e3e7ca','2023-06-11 23:09:22',0,3),(26,1,24,'bdd64b90-f86e-490a-9c9f-dd52808849f8','2024-12-23 17:07:38',0,3),(28,1,1,'8a8f6a4e-e44f-4f75-ba6c-93934f05d583','2023-06-11 23:13:39',0,3),(28,1,11,'0','2023-06-11 23:12:36',0,3),(29,1,1,'8a8f6a4e-e44f-4f75-ba6c-93934f05d583','2023-06-11 23:15:07',0,3),(30,1,1,'8a8f6a4e-e44f-4f75-ba6c-93934f05d583','2023-06-11 23:16:31',0,3),(31,1,12,'58557f92-7d83-4a51-8d3e-b9b38ab91b11','2023-06-11 23:19:24',0,3),(32,1,11,'036d6841-6bb9-487d-a01b-c28cb4d2937b','2023-06-11 23:21:54',0,3),(32,1,12,'0','2023-06-11 23:21:20',0,3),(33,1,18,'fe57c07c-1d69-43c3-8baf-c2260e45ac3e','2023-06-11 23:23:57',0,3),(33,1,31,'64feaee3-2e6d-4070-8a5f-799139399d2c','2024-12-23 17:21:56',0,3),(35,1,18,'fe57c07c-1d69-43c3-8baf-c2260e45ac3e','2023-06-11 23:25:26',0,3),(35,1,31,'64feaee3-2e6d-4070-8a5f-799139399d2c','2024-12-23 17:21:47',0,3),(37,1,18,'fe57c07c-1d69-43c3-8baf-c2260e45ac3e','2023-06-11 23:26:55',0,3),(39,1,18,'fe57c07c-1d69-43c3-8baf-c2260e45ac3e','2023-06-11 23:28:19',0,3),(39,1,31,'64feaee3-2e6d-4070-8a5f-799139399d2c','2024-12-23 17:21:36',0,3),(41,1,18,'fe57c07c-1d69-43c3-8baf-c2260e45ac3e','2023-06-11 23:29:41',0,3),(41,1,31,'64feaee3-2e6d-4070-8a5f-799139399d2c','2024-12-23 17:21:24',0,3),(86,1,35,'8d2fe42a-ce89-4c3c-ab75-7077c8288c8b','2024-12-23 17:07:38',0,3),(133,1,21,'83e1b785-31e6-43ef-b9f4-bb7876909f01','2024-12-23 17:25:31',0,3),(142,1,29,'77074409-4fed-4ddf-85c4-f0ad4e1aa6cb','2024-12-23 17:29:11',0,3),(142,1,38,'f8f3c242-ec5c-4eb5-bc50-bdb9e7f8c73d','2024-12-23 17:29:11',0,3);
commit;
set autocommit=0;
commit;
set autocommit=0;
commit;

--
-- Dumping data for table `drafts`
--

set autocommit=0;
commit;

--
-- Dumping data for table `elementactivity`
--

set autocommit=0;
INSERT INTO `elementactivity` VALUES (198,3,1,NULL,'save','2025-05-02 16:07:01');
commit;

--
-- Dumping data for table `elements`
--

set autocommit=0;
INSERT INTO `elements` VALUES (1,NULL,NULL,NULL,6,'craft\\elements\\Entry',1,0,'2023-06-11 22:50:14','2024-12-23 16:55:42',NULL,NULL,NULL,'14862431-9caa-4513-8969-b28c40be6302'),(2,NULL,NULL,NULL,10,'craft\\elements\\GlobalSet',1,0,'2023-06-11 22:50:15','2025-05-02 16:14:24',NULL,NULL,NULL,'4fa68a9e-b36c-4280-b726-dfd06429714e'),(3,NULL,NULL,NULL,NULL,'craft\\elements\\User',1,0,'2023-06-11 22:50:19','2024-08-24 00:03:00',NULL,NULL,NULL,'70a67f1c-6522-44c6-b053-4bb5507ed063'),(4,NULL,NULL,NULL,11,'craft\\elements\\Asset',1,0,'2023-06-11 22:55:39','2025-05-02 16:14:37',NULL,NULL,NULL,'650496c3-4aee-454a-b5fa-4cf23fb46c87'),(5,NULL,NULL,NULL,11,'craft\\elements\\Asset',1,0,'2023-06-11 22:56:20','2025-05-02 16:11:17',NULL,'2025-05-02 16:11:17',NULL,'949f41b7-aa30-44b7-8191-e5f6288cef7d'),(6,NULL,NULL,NULL,11,'craft\\elements\\Asset',1,0,'2023-06-11 23:02:22','2025-05-02 16:14:42',NULL,NULL,NULL,'e6a4c5b0-f1ad-428b-b932-295d6336c491'),(7,NULL,NULL,NULL,11,'craft\\elements\\Asset',1,0,'2023-06-11 23:02:24','2025-05-02 16:14:37',NULL,NULL,NULL,'5a00bba2-e2d1-4c75-9388-ef5e0c67abef'),(8,NULL,NULL,NULL,11,'craft\\elements\\Asset',1,0,'2023-06-11 23:02:26','2025-05-02 16:14:39',NULL,NULL,NULL,'2ec379e2-089d-40b5-9334-fd0de9e0fb39'),(9,NULL,NULL,NULL,11,'craft\\elements\\Asset',1,0,'2023-06-11 23:02:28','2025-05-02 16:14:43',NULL,NULL,NULL,'205adaee-3b0a-44f5-bfa0-1a6e5fd53ad7'),(10,NULL,NULL,NULL,11,'craft\\elements\\Asset',1,0,'2023-06-11 23:02:31','2025-05-02 16:14:39',NULL,NULL,NULL,'c0ff0753-c746-4edc-abdb-324e73bafd58'),(11,NULL,NULL,NULL,11,'craft\\elements\\Asset',1,0,'2023-06-11 23:02:33','2025-05-02 16:14:41',NULL,NULL,NULL,'b6c57ba5-b3f0-4e41-b491-d0096a079e8a'),(12,NULL,NULL,NULL,11,'craft\\elements\\Asset',1,0,'2023-06-11 23:02:35','2025-05-02 16:14:43',NULL,NULL,NULL,'4772ff72-35c9-402d-8375-8caeb312e374'),(13,NULL,NULL,NULL,11,'craft\\elements\\Asset',1,0,'2023-06-11 23:02:37','2025-05-02 16:14:37',NULL,NULL,NULL,'ddf9cecf-1c3d-4bc0-a31e-e72514d48b26'),(14,NULL,NULL,NULL,11,'craft\\elements\\Asset',1,0,'2023-06-11 23:02:44','2025-05-02 16:14:42',NULL,NULL,NULL,'3eb9519a-64e7-4f1c-8520-0af9d5a9c493'),(15,NULL,NULL,NULL,11,'craft\\elements\\Asset',1,0,'2023-06-11 23:02:46','2025-05-02 16:14:40',NULL,NULL,NULL,'94de797a-2ee3-402c-bf80-eeebb6055524'),(16,NULL,NULL,NULL,11,'craft\\elements\\Asset',1,0,'2023-06-11 23:02:48','2025-05-02 16:14:37',NULL,NULL,NULL,'f4863303-49f1-40c6-8da3-2d1d0c324a35'),(17,NULL,NULL,NULL,12,'craft\\elements\\Asset',1,0,'2023-06-11 23:02:51','2025-05-02 16:05:14',NULL,NULL,NULL,'43fa8cbe-cdc0-475d-b8fe-a9163b99205b'),(18,NULL,NULL,NULL,21,'craft\\elements\\Entry',1,0,'2023-06-11 23:03:41','2024-12-23 17:25:31',NULL,NULL,NULL,'12405f17-4b88-4fde-a4b5-ad8b3a4f0548'),(19,18,NULL,1,2,'craft\\elements\\Entry',1,0,'2023-06-11 23:04:18','2023-06-11 23:04:18',NULL,NULL,NULL,'c07bcfa8-7b38-4c9a-8f5a-7d7552324521'),(20,NULL,NULL,NULL,21,'craft\\elements\\Entry',1,0,'2023-06-11 23:04:18','2024-12-23 17:11:06',NULL,NULL,NULL,'f67ccd88-1cf2-4411-80a8-13d36a5ee8a2'),(21,20,NULL,2,2,'craft\\elements\\Entry',1,0,'2023-06-11 23:04:55','2023-06-11 23:04:55',NULL,NULL,NULL,'38d6b00c-3c3f-49eb-bea8-9db11e4122f7'),(22,NULL,NULL,NULL,21,'craft\\elements\\Entry',1,0,'2023-06-11 23:05:19','2024-12-23 17:08:55',NULL,NULL,NULL,'071075f6-b388-4da9-861c-69a7e7336fb8'),(23,22,NULL,3,2,'craft\\elements\\Entry',1,0,'2023-06-11 23:05:53','2023-06-11 23:05:54',NULL,NULL,NULL,'19bfe641-ad8b-430b-9da5-6a9814542ba2'),(24,NULL,NULL,NULL,21,'craft\\elements\\Entry',1,0,'2023-06-11 23:05:54','2024-12-23 17:29:11',NULL,NULL,NULL,'3952af60-93ed-428b-a087-7954e118b3ff'),(25,24,NULL,4,5,'craft\\elements\\Entry',1,0,'2023-06-11 23:07:20','2023-06-11 23:07:20',NULL,NULL,NULL,'6688da1e-2d16-4e0d-8929-bb623c623aed'),(26,NULL,NULL,NULL,21,'craft\\elements\\Entry',1,0,'2023-06-11 23:07:20','2024-12-23 17:07:38',NULL,NULL,NULL,'191ad9b1-7308-4028-8c37-0f40426fd70d'),(27,26,NULL,5,2,'craft\\elements\\Entry',1,0,'2023-06-11 23:09:22','2023-06-11 23:09:22',NULL,NULL,NULL,'41350205-a532-48b0-b660-cdefac1bd5e9'),(28,NULL,NULL,NULL,1,'craft\\elements\\Entry',1,0,'2023-06-11 23:10:38','2023-06-11 23:13:39',NULL,NULL,NULL,'2a8590c9-d89e-4af9-98dd-c604d5de6327'),(29,NULL,NULL,NULL,1,'craft\\elements\\Entry',1,0,'2023-06-11 23:13:39','2023-06-11 23:15:36',NULL,NULL,NULL,'2fadbd75-b3f4-4836-a652-79d31fdcb6d9'),(30,NULL,NULL,NULL,1,'craft\\elements\\Entry',1,0,'2023-06-11 23:15:36','2023-06-11 23:18:24',NULL,NULL,NULL,'49a31bd3-0b20-4064-8277-f019b527ce34'),(31,NULL,NULL,NULL,8,'craft\\elements\\Entry',1,0,'2023-06-11 23:18:24','2023-06-11 23:19:24',NULL,NULL,NULL,'b1998339-1e0e-48c1-95e5-7c53021d22f6'),(32,NULL,NULL,NULL,7,'craft\\elements\\Entry',1,0,'2023-06-11 23:19:24','2023-06-11 23:21:54',NULL,NULL,NULL,'48d902a0-279b-4d18-ac8f-7c8d93d23c4c'),(33,NULL,NULL,NULL,9,'craft\\elements\\Entry',1,0,'2023-06-11 23:22:47','2024-12-23 17:21:56',NULL,NULL,NULL,'c8f68cd4-0b74-4bcb-8881-c4792af8cf01'),(34,33,NULL,6,9,'craft\\elements\\Entry',1,0,'2023-06-11 23:24:30','2023-06-11 23:24:30',NULL,NULL,NULL,'e2a3c207-94c7-4ad7-91c6-e4edd93162cc'),(35,NULL,NULL,NULL,9,'craft\\elements\\Entry',1,0,'2023-06-11 23:24:30','2024-12-23 17:21:47',NULL,NULL,NULL,'fa9fa8bc-bc59-4033-87d8-5a93e6ed19cf'),(36,35,NULL,7,9,'craft\\elements\\Entry',1,0,'2023-06-11 23:25:49','2023-06-11 23:25:49',NULL,NULL,NULL,'a42ef3e9-7c3f-4991-9636-198243cb2128'),(37,NULL,NULL,NULL,9,'craft\\elements\\Entry',1,0,'2023-06-11 23:25:49','2023-06-11 23:27:16',NULL,NULL,NULL,'32a642d6-2b98-44ac-a017-b82386051dbb'),(38,37,NULL,8,9,'craft\\elements\\Entry',1,0,'2023-06-11 23:27:16','2023-06-11 23:27:16',NULL,NULL,NULL,'fe431de8-38dc-4394-86e7-dd8646ce7223'),(39,NULL,NULL,NULL,9,'craft\\elements\\Entry',1,0,'2023-06-11 23:27:16','2024-12-23 17:21:36',NULL,NULL,NULL,'be74fdea-c642-4254-be4a-fd123adc84ab'),(40,39,NULL,9,9,'craft\\elements\\Entry',1,0,'2023-06-11 23:28:53','2023-06-11 23:28:53',NULL,NULL,NULL,'481cf8d3-e085-4956-815f-6d43b9471b6d'),(41,NULL,NULL,NULL,9,'craft\\elements\\Entry',1,0,'2023-06-11 23:28:53','2024-12-23 17:21:24',NULL,NULL,NULL,'e5241ec1-c762-4f17-9749-a07eea099f1d'),(42,41,NULL,10,9,'craft\\elements\\Entry',1,0,'2023-06-11 23:29:55','2023-06-11 23:29:55',NULL,NULL,NULL,'65912094-69ff-49fd-b047-68a5c87bd67d'),(47,NULL,NULL,NULL,11,'craft\\elements\\Asset',1,0,'2023-06-12 18:54:29','2025-05-02 16:06:02',NULL,'2025-05-02 16:06:02',NULL,'58944770-9ecb-4857-ae8e-0666130a9db2'),(48,NULL,NULL,NULL,11,'craft\\elements\\Asset',1,0,'2023-06-12 18:57:17','2025-05-02 16:14:41',NULL,NULL,NULL,'24287c2a-7ef3-4bbb-b1a0-568e4e4724f7'),(49,NULL,NULL,NULL,11,'craft\\elements\\Asset',1,0,'2023-06-12 18:57:24','2025-05-02 16:14:40',NULL,NULL,NULL,'52060e17-848d-40f2-ae85-19dab9fdc85c'),(51,24,NULL,11,5,'craft\\elements\\Entry',1,0,'2023-06-12 18:58:07','2023-06-12 18:58:07',NULL,NULL,NULL,'734fb5c5-e202-4546-88cf-ef97fab7544a'),(82,NULL,NULL,NULL,24,'craft\\elements\\GlobalSet',1,0,'2024-12-23 16:39:52','2024-12-23 17:09:39',NULL,NULL,NULL,'4b1a0293-717c-4678-95cd-9432e1a591c6'),(86,NULL,NULL,NULL,23,'craft\\elements\\Entry',1,0,'2024-12-23 17:06:30','2024-12-23 17:07:38',NULL,NULL,NULL,'6026bb4f-263e-4800-b679-a2cc9c1961bf'),(87,26,NULL,12,21,'craft\\elements\\Entry',1,0,'2024-12-23 17:06:30','2024-12-23 17:06:30',NULL,NULL,NULL,'05726072-a1fe-403f-905f-413e30680fbd'),(88,86,NULL,13,23,'craft\\elements\\Entry',1,0,'2024-12-23 17:06:30','2024-12-23 17:06:30',NULL,NULL,NULL,'d638f31a-3cb2-4255-ac6d-311c6c33b394'),(91,26,NULL,14,21,'craft\\elements\\Entry',1,0,'2024-12-23 17:07:38','2024-12-23 17:07:38',NULL,NULL,NULL,'7a043844-fc23-4ee4-9f1c-ad0e0891378c'),(92,86,NULL,15,23,'craft\\elements\\Entry',1,0,'2024-12-23 17:07:38','2024-12-23 17:07:38',NULL,NULL,NULL,'957a8242-3886-4bd6-ac4a-21b697e45735'),(95,NULL,NULL,NULL,16,'craft\\elements\\Entry',1,0,'2024-12-23 17:08:55','2024-12-23 17:08:55',NULL,NULL,NULL,'02609c71-6c98-449d-965a-d63ba746592d'),(96,22,NULL,16,21,'craft\\elements\\Entry',1,0,'2024-12-23 17:08:55','2024-12-23 17:08:55',NULL,NULL,NULL,'b3aa2049-9dbc-48fd-afeb-3896ecc4ce60'),(97,95,NULL,17,16,'craft\\elements\\Entry',1,0,'2024-12-23 17:08:55','2024-12-23 17:08:55',NULL,NULL,NULL,'163841cb-5a4a-46ee-b903-bbb914b1a263'),(101,NULL,NULL,NULL,18,'craft\\elements\\Entry',1,0,'2024-12-23 17:11:06','2024-12-23 17:11:06',NULL,NULL,NULL,'2a7887de-03b3-4ad1-a44a-2a203e8a2e9c'),(102,NULL,NULL,NULL,17,'craft\\elements\\Entry',1,0,'2024-12-23 17:11:06','2024-12-23 17:11:06',NULL,NULL,NULL,'7e6b26df-984c-42d0-a6ed-0f2ef198c2a9'),(103,20,NULL,18,21,'craft\\elements\\Entry',1,0,'2024-12-23 17:11:06','2024-12-23 17:11:06',NULL,NULL,NULL,'af1629de-d0b2-440d-af14-ac0ca37a90b8'),(104,101,NULL,19,18,'craft\\elements\\Entry',1,0,'2024-12-23 17:11:06','2024-12-23 17:11:06',NULL,NULL,NULL,'2d9e9d00-3f7e-4ce2-9f4c-91d3dd3b5c34'),(105,102,NULL,20,17,'craft\\elements\\Entry',1,0,'2024-12-23 17:11:06','2024-12-23 17:11:06',NULL,NULL,NULL,'c648e613-4281-4ec2-b697-9a880c0b6db8'),(114,NULL,NULL,NULL,11,'craft\\elements\\Asset',1,0,'2024-12-23 17:20:53','2025-05-02 16:14:38',NULL,NULL,NULL,'3175a231-44ff-47dc-8c40-0dfa7c284cbf'),(116,41,NULL,21,9,'craft\\elements\\Entry',1,0,'2024-12-23 17:21:24','2024-12-23 17:21:24',NULL,NULL,NULL,'7f517f4d-550a-41b1-ac2d-f1a5230c3652'),(117,NULL,NULL,NULL,11,'craft\\elements\\Asset',1,0,'2024-12-23 17:21:33','2025-05-02 16:14:38',NULL,NULL,NULL,'dde20f3c-815b-4a32-b932-25010c562528'),(119,39,NULL,22,9,'craft\\elements\\Entry',1,0,'2024-12-23 17:21:36','2024-12-23 17:21:36',NULL,NULL,NULL,'9a47176c-7356-40e8-9305-228d0a98923f'),(120,NULL,NULL,NULL,11,'craft\\elements\\Asset',1,0,'2024-12-23 17:21:44','2025-05-02 16:14:38',NULL,NULL,NULL,'ae8d9bfc-e846-46e9-8079-aa160181a066'),(122,35,NULL,23,9,'craft\\elements\\Entry',1,0,'2024-12-23 17:21:47','2024-12-23 17:21:47',NULL,NULL,NULL,'072c4703-9966-46dd-b15b-4acb0210ee7c'),(123,NULL,NULL,NULL,11,'craft\\elements\\Asset',1,0,'2024-12-23 17:21:54','2025-05-02 16:14:39',NULL,NULL,NULL,'baf2aa0f-3cf4-4b72-8443-bc03b1d3e672'),(125,33,NULL,24,9,'craft\\elements\\Entry',1,0,'2024-12-23 17:21:56','2024-12-23 17:21:56',NULL,NULL,NULL,'0ea71c6e-009a-4af2-a668-e035d4d893f7'),(128,NULL,NULL,NULL,19,'craft\\elements\\Entry',1,0,'2024-12-23 17:24:00','2024-12-23 17:24:00',NULL,NULL,NULL,'f12b363a-5627-4dcf-b299-a45c59d968d2'),(129,18,NULL,25,21,'craft\\elements\\Entry',1,0,'2024-12-23 17:24:00','2024-12-23 17:24:00',NULL,NULL,NULL,'f0fe6c82-905f-4477-8155-ff2efa32e7f8'),(130,128,NULL,26,19,'craft\\elements\\Entry',1,0,'2024-12-23 17:24:00','2024-12-23 17:24:01',NULL,NULL,NULL,'4693c4fa-a379-49cb-998c-a91a3999cc14'),(133,NULL,NULL,NULL,15,'craft\\elements\\Entry',1,0,'2024-12-23 17:25:10','2024-12-23 17:25:31',NULL,NULL,NULL,'862a378a-88bd-4e14-abd1-d90ba47c7d28'),(134,18,NULL,27,21,'craft\\elements\\Entry',1,0,'2024-12-23 17:25:10','2024-12-23 17:25:10',NULL,NULL,NULL,'feac1d62-44cf-476f-bf71-10c2db1485e4'),(135,133,NULL,28,15,'craft\\elements\\Entry',1,0,'2024-12-23 17:25:10','2024-12-23 17:25:10',NULL,NULL,NULL,'34d41c57-fe89-49e8-8322-bea5a9d2e36f'),(138,18,NULL,29,21,'craft\\elements\\Entry',1,0,'2024-12-23 17:25:31','2024-12-23 17:25:31',NULL,NULL,NULL,'bc1afd11-60a8-46c5-8f48-b91589d92d78'),(139,133,NULL,30,15,'craft\\elements\\Entry',1,0,'2024-12-23 17:25:31','2024-12-23 17:25:31',NULL,NULL,NULL,'03f60edb-ecce-4a2e-a24f-27518c1933c2'),(142,NULL,NULL,NULL,22,'craft\\elements\\Entry',1,0,'2024-12-23 17:28:05','2024-12-23 17:29:11',NULL,NULL,NULL,'730ecefb-6ee1-41ac-b307-a42c2158459b'),(143,24,NULL,31,21,'craft\\elements\\Entry',1,0,'2024-12-23 17:28:05','2024-12-23 17:28:05',NULL,NULL,NULL,'93303509-2c52-431d-8df0-415a97c6f580'),(144,142,NULL,32,22,'craft\\elements\\Entry',1,0,'2024-12-23 17:28:05','2024-12-23 17:28:05',NULL,NULL,NULL,'80ec1dc3-3246-4d9a-97cf-b54cd8d03851'),(147,24,NULL,33,21,'craft\\elements\\Entry',1,0,'2024-12-23 17:29:11','2024-12-23 17:29:11',NULL,NULL,NULL,'d4e18999-d53a-4358-bd79-e6f62fbea974'),(148,142,NULL,34,22,'craft\\elements\\Entry',1,0,'2024-12-23 17:29:11','2024-12-23 17:29:11',NULL,NULL,NULL,'e254bb35-256d-418f-822f-ab6ae758d945'),(149,NULL,NULL,NULL,NULL,'Solspace\\Freeform\\Elements\\Submission',1,0,'2024-12-25 17:56:26','2024-12-25 17:56:26',NULL,NULL,NULL,'9dd40bfb-ad87-4e40-b63a-d0b6c1cf3930'),(150,NULL,NULL,NULL,NULL,'Solspace\\Freeform\\Elements\\Submission',1,0,'2024-12-28 18:45:41','2024-12-28 18:45:42',NULL,NULL,NULL,'a3fe01be-fd12-436a-b1a7-033c64c06c11'),(151,NULL,NULL,NULL,NULL,'Solspace\\Freeform\\Elements\\Submission',1,0,'2024-12-31 07:15:51','2024-12-31 07:15:51',NULL,NULL,NULL,'e9f7e401-4f06-4b66-806f-12603d3d69cd'),(152,NULL,NULL,NULL,NULL,'Solspace\\Freeform\\Elements\\Submission',1,0,'2025-01-03 03:28:43','2025-01-03 03:28:43',NULL,NULL,NULL,'f91c8abc-ea60-46c4-95cd-39078e6e2996'),(153,NULL,NULL,NULL,NULL,'Solspace\\Freeform\\Elements\\Submission',1,0,'2025-01-16 10:55:55','2025-01-16 10:55:55',NULL,NULL,NULL,'97f97ee7-8f6a-47dd-85ff-965fed26f2ea'),(154,NULL,NULL,NULL,NULL,'Solspace\\Freeform\\Elements\\Submission',1,0,'2025-01-16 20:57:50','2025-01-16 20:57:50',NULL,NULL,NULL,'13b3dd99-a14f-4181-ac87-9521f9cc28b2'),(155,NULL,NULL,NULL,NULL,'Solspace\\Freeform\\Elements\\Submission',1,0,'2025-01-17 16:27:50','2025-01-17 16:27:50',NULL,NULL,NULL,'c99a461c-edf8-488b-94c4-3f78246f7ed6'),(156,NULL,NULL,NULL,NULL,'Solspace\\Freeform\\Elements\\Submission',1,0,'2025-01-25 02:12:52','2025-01-25 02:12:52',NULL,NULL,NULL,'d8b833d1-12fe-45e1-b29b-cd5e03b3d5cf'),(157,NULL,NULL,NULL,NULL,'Solspace\\Freeform\\Elements\\Submission',1,0,'2025-01-29 20:59:54','2025-01-29 20:59:54',NULL,NULL,NULL,'cf7e72c8-3a37-419c-8013-c715c890e378'),(158,NULL,NULL,NULL,NULL,'Solspace\\Freeform\\Elements\\Submission',1,0,'2025-01-31 08:42:58','2025-01-31 08:42:58',NULL,NULL,NULL,'8c83367d-4281-476f-a7e6-2c4a67f5d88a'),(159,NULL,NULL,NULL,NULL,'Solspace\\Freeform\\Elements\\Submission',1,0,'2025-01-31 08:56:43','2025-01-31 08:56:43',NULL,NULL,NULL,'3e9de4d4-5870-4cf3-8747-82e668b99624'),(160,NULL,NULL,NULL,NULL,'Solspace\\Freeform\\Elements\\Submission',1,0,'2025-02-04 08:53:55','2025-02-04 08:53:55',NULL,NULL,NULL,'e9f0516b-b6ef-4416-b658-4ddcecaf22ec'),(161,NULL,NULL,NULL,NULL,'Solspace\\Freeform\\Elements\\Submission',1,0,'2025-02-05 05:25:10','2025-02-05 05:25:10',NULL,NULL,NULL,'6504744b-1423-4457-868d-4381ba372dcd'),(162,NULL,NULL,NULL,NULL,'Solspace\\Freeform\\Elements\\Submission',1,0,'2025-02-05 22:54:44','2025-02-05 22:54:44',NULL,NULL,NULL,'1d7ff64b-06b8-4f89-98fb-f65f38aaa4f2'),(163,NULL,NULL,NULL,NULL,'Solspace\\Freeform\\Elements\\Submission',1,0,'2025-02-14 11:18:31','2025-02-18 01:48:55',NULL,NULL,NULL,'756cb999-cd97-4e20-a23f-4e2209c607ec'),(164,NULL,NULL,NULL,NULL,'Solspace\\Freeform\\Elements\\Submission',1,0,'2025-02-18 21:54:34','2025-02-18 21:54:34',NULL,NULL,NULL,'e331f94c-6223-48fc-a8f6-8aadbe211bc6'),(165,NULL,NULL,NULL,NULL,'Solspace\\Freeform\\Elements\\Submission',1,0,'2025-02-19 18:27:16','2025-02-19 18:27:16',NULL,NULL,NULL,'c77fcaae-40d3-4c7b-9b5f-31dee4148f8e'),(166,NULL,NULL,NULL,NULL,'Solspace\\Freeform\\Elements\\Submission',1,0,'2025-02-21 03:04:15','2025-02-21 03:04:15',NULL,NULL,NULL,'b8fe8a57-150f-4811-a6a7-147310747af4'),(167,NULL,NULL,NULL,NULL,'Solspace\\Freeform\\Elements\\Submission',1,0,'2025-02-22 22:56:10','2025-02-22 22:56:10',NULL,NULL,NULL,'01944825-21ce-453a-8639-8fe780aacd25'),(168,NULL,NULL,NULL,NULL,'Solspace\\Freeform\\Elements\\Submission',1,0,'2025-02-23 10:55:10','2025-02-23 10:55:11',NULL,NULL,NULL,'be071a59-d0f2-4e7f-a317-b280491deab7'),(169,NULL,NULL,NULL,NULL,'Solspace\\Freeform\\Elements\\Submission',1,0,'2025-02-24 18:57:07','2025-02-24 18:57:07',NULL,NULL,NULL,'8ae6026a-4049-469b-b979-cdef302a33b8'),(170,NULL,NULL,NULL,NULL,'Solspace\\Freeform\\Elements\\Submission',1,0,'2025-03-03 12:27:33','2025-03-03 12:27:33',NULL,NULL,NULL,'210aea2a-e676-4e9a-a76b-d040a418f450'),(171,NULL,NULL,NULL,NULL,'Solspace\\Freeform\\Elements\\Submission',1,0,'2025-03-03 22:03:03','2025-03-03 22:03:03',NULL,NULL,NULL,'92f6b6be-3602-4aee-bcc4-bf20b683ead3'),(172,NULL,NULL,NULL,NULL,'Solspace\\Freeform\\Elements\\Submission',1,0,'2025-03-05 14:39:17','2025-03-05 14:39:17',NULL,NULL,NULL,'d3b43690-2bcf-40fc-9a2a-cfd6bf2120dd'),(173,NULL,NULL,NULL,NULL,'Solspace\\Freeform\\Elements\\Submission',1,0,'2025-03-06 20:26:41','2025-03-06 20:26:41',NULL,NULL,NULL,'b6357d09-aac7-4f98-87b8-3b7d646dd5e0'),(174,NULL,NULL,NULL,NULL,'Solspace\\Freeform\\Elements\\Submission',1,0,'2025-03-11 06:26:01','2025-03-11 06:26:01',NULL,NULL,NULL,'94f0e63b-636d-48c7-bfef-c7b29c752b66'),(175,NULL,NULL,NULL,NULL,'Solspace\\Freeform\\Elements\\Submission',1,0,'2025-03-18 21:52:25','2025-03-18 21:52:25',NULL,NULL,NULL,'ba592d6f-cc5b-4931-842f-1c106afc80a1'),(176,NULL,NULL,NULL,NULL,'Solspace\\Freeform\\Elements\\Submission',1,0,'2025-03-21 14:55:16','2025-03-21 14:55:16',NULL,NULL,NULL,'a66a68e1-1a6d-4eff-acff-baf7915d511e'),(177,NULL,NULL,NULL,NULL,'Solspace\\Freeform\\Elements\\Submission',1,0,'2025-03-23 21:24:34','2025-03-23 21:24:34',NULL,NULL,NULL,'f00602c0-bec3-4704-a3ae-22e770a9c02a'),(178,NULL,NULL,NULL,NULL,'Solspace\\Freeform\\Elements\\Submission',1,0,'2025-03-24 09:24:28','2025-03-24 09:24:28',NULL,NULL,NULL,'71ac2a4e-2947-46f4-84c9-6b1a9ca43f1e'),(179,NULL,NULL,NULL,NULL,'Solspace\\Freeform\\Elements\\Submission',1,0,'2025-03-25 16:22:21','2025-03-25 16:22:21',NULL,NULL,NULL,'8c4982f2-26c9-454e-898d-fd60ba1e4bb9'),(180,NULL,NULL,NULL,NULL,'Solspace\\Freeform\\Elements\\Submission',1,0,'2025-03-27 01:23:02','2025-03-27 01:23:02',NULL,NULL,NULL,'b5afa86c-44fb-48fe-9ab3-463c96e49c9f'),(181,NULL,NULL,NULL,NULL,'Solspace\\Freeform\\Elements\\Submission',1,0,'2025-03-27 17:23:07','2025-03-27 17:23:07',NULL,NULL,NULL,'65ef2ce8-1f2e-44df-a55a-52edc4bff4c8'),(182,NULL,NULL,NULL,NULL,'Solspace\\Freeform\\Elements\\Submission',1,0,'2025-03-29 21:52:28','2025-03-29 21:52:28',NULL,NULL,NULL,'53bcf173-9b2c-4b6f-ae99-c978d3e236e5'),(183,NULL,NULL,NULL,NULL,'Solspace\\Freeform\\Elements\\Submission',1,0,'2025-03-31 22:23:23','2025-03-31 22:23:23',NULL,NULL,NULL,'df08355b-8c89-478a-a207-1c591c938be7'),(184,NULL,NULL,NULL,NULL,'Solspace\\Freeform\\Elements\\Submission',1,0,'2025-04-01 00:52:59','2025-04-01 00:52:59',NULL,NULL,NULL,'8db41e2d-b710-460f-a0f6-fb62aca66122'),(185,NULL,NULL,NULL,NULL,'Solspace\\Freeform\\Elements\\Submission',1,0,'2025-04-02 04:52:06','2025-04-02 04:52:06',NULL,NULL,NULL,'d90a4bc7-9277-42ad-9259-ac9e3e02455a'),(186,NULL,NULL,NULL,NULL,'Solspace\\Freeform\\Elements\\Submission',1,0,'2025-04-10 04:05:45','2025-04-10 04:05:45',NULL,NULL,NULL,'780f4976-7695-4eb6-b2d9-97d580e24ce9'),(187,NULL,NULL,NULL,NULL,'Solspace\\Freeform\\Elements\\Submission',1,0,'2025-04-11 19:39:08','2025-04-11 19:39:08',NULL,NULL,NULL,'342b80f3-8dbf-4557-b78a-ef8d2feb8fba'),(188,NULL,NULL,NULL,NULL,'Solspace\\Freeform\\Elements\\Submission',1,0,'2025-04-12 03:53:33','2025-04-12 03:53:33',NULL,NULL,NULL,'d88e04f5-e1eb-49fd-a478-84b32d2ea20e'),(189,NULL,NULL,NULL,NULL,'Solspace\\Freeform\\Elements\\Submission',1,0,'2025-04-13 13:23:39','2025-04-13 13:23:39',NULL,NULL,NULL,'c60faacf-185b-40dd-aa69-82a3838ed7a7'),(190,NULL,NULL,NULL,NULL,'Solspace\\Freeform\\Elements\\Submission',1,0,'2025-04-17 01:41:07','2025-04-17 01:41:07',NULL,NULL,NULL,'2b6043c0-294e-4c44-bbac-c1bedb076f88'),(191,NULL,NULL,NULL,NULL,'Solspace\\Freeform\\Elements\\Submission',1,0,'2025-04-20 16:42:42','2025-04-20 16:42:42',NULL,NULL,NULL,'97f0e86c-3f3b-40d9-b7ae-b9d03c37ccf9'),(192,NULL,NULL,NULL,NULL,'Solspace\\Freeform\\Elements\\Submission',1,0,'2025-04-21 10:42:51','2025-04-21 10:42:51',NULL,NULL,NULL,'deddf62e-fd4a-4763-8e0f-ca50b4a66c84'),(193,NULL,NULL,NULL,NULL,'Solspace\\Freeform\\Elements\\Submission',1,0,'2025-04-22 20:47:58','2025-04-22 20:47:58',NULL,NULL,NULL,'2cb609d2-b710-4727-b7fe-c0b458a84acd'),(194,NULL,NULL,NULL,NULL,'Solspace\\Freeform\\Elements\\Submission',1,0,'2025-04-24 16:23:16','2025-04-24 16:23:16',NULL,NULL,NULL,'5cd74dbf-c2f5-4f84-9051-d93cc42704d8'),(195,NULL,NULL,NULL,NULL,'Solspace\\Freeform\\Elements\\Submission',1,0,'2025-04-26 05:25:10','2025-04-26 05:25:10',NULL,NULL,NULL,'75c9cf3b-bb40-40ee-9aac-f1175443c027'),(196,NULL,NULL,NULL,NULL,'Solspace\\Freeform\\Elements\\Submission',1,0,'2025-04-27 07:57:52','2025-04-27 07:57:52',NULL,NULL,NULL,'90008344-1780-45b8-972d-365993f1f44d'),(197,NULL,NULL,NULL,NULL,'Solspace\\Freeform\\Elements\\Submission',1,0,'2025-04-27 20:08:59','2025-04-27 20:08:59',NULL,NULL,NULL,'aeaf709b-1122-4e58-b355-a2a915751c0b'),(198,NULL,NULL,NULL,11,'craft\\elements\\Asset',1,0,'2025-05-02 16:05:05','2025-05-02 16:11:23',NULL,'2025-05-02 16:11:23',NULL,'0ae59bac-7900-4260-a742-1b3e02bf332f'),(199,NULL,NULL,NULL,11,'craft\\elements\\Asset',1,0,'2025-05-02 16:11:41','2025-05-02 16:13:38',NULL,'2025-05-02 16:13:38',NULL,'4b6c95f9-2990-4653-a6bc-46e51cb8020b'),(200,NULL,NULL,NULL,11,'craft\\elements\\Asset',1,0,'2025-05-02 16:11:48','2025-05-02 16:13:38',NULL,'2025-05-02 16:13:38',NULL,'d2853256-6ba3-409f-a893-0ae439d311e8'),(201,NULL,NULL,NULL,11,'craft\\elements\\Asset',1,0,'2025-05-02 16:14:16','2025-05-02 16:14:41',NULL,NULL,NULL,'7a766920-f05d-49cc-adc9-be88f314c35c'),(202,NULL,NULL,NULL,11,'craft\\elements\\Asset',1,0,'2025-05-02 16:14:21','2025-05-02 16:14:40',NULL,NULL,NULL,'6e82fa90-4994-4a13-bec1-7037447c1798');
commit;
set autocommit=0;
commit;

--
-- Dumping data for table `elements_owners`
--

set autocommit=0;
INSERT INTO `elements_owners` VALUES (86,26,1),(88,87,1),(92,91,1),(95,22,1),(97,96,1),(101,20,1),(102,20,2),(104,103,1),(105,103,2),(128,18,1),(130,129,1),(130,134,1),(130,138,1),(133,18,2),(135,134,2),(139,138,2),(142,24,1),(144,143,1),(148,147,1);
commit;

--
-- Dumping data for table `elements_sites`
--

set autocommit=0;
INSERT INTO `elements_sites` VALUES (1,1,1,'Home','home','__home__','{\"6632dbcb-1a41-4851-b4ce-714e6ed7806a\": \"DRUMMER | COMPOSER | EDUCATOR\", \"a04b38f6-8a21-4cab-868b-a8272a1734d6\": \"ROB MARTINO\", \"d967ff84-b439-468f-9c28-9ddfdcc40765\": [17]}',1,'2023-06-11 22:50:14','2024-12-23 16:55:42','3af4e3f5-7666-411d-84f7-85f6751e2fad'),(2,2,1,NULL,NULL,NULL,'{\"71169323-2209-4100-8975-7e9bb5a6d9d7\": [202], \"c8c54e69-7104-493a-bd99-0e36b6428cac\": \"robmartinomusic@gmail.com\", \"ce516f33-2e70-405c-99a1-2d8d64bacc3d\": [201]}',1,'2023-06-11 22:50:15','2025-05-02 16:14:24','49ad5732-d456-4c77-92dc-1bcc9949c640'),(3,3,1,NULL,NULL,NULL,NULL,1,'2023-06-11 22:50:19','2023-06-11 22:50:19','8e84b3ec-7e86-4964-ad07-ba69f7bf4780'),(4,4,1,'Hobbe logo',NULL,NULL,NULL,1,'2023-06-11 22:55:39','2023-06-11 22:55:39','7748b5bb-6a46-4fb6-939e-5145010f47aa'),(5,5,1,'Hobbe',NULL,NULL,NULL,1,'2023-06-11 22:56:20','2023-06-11 22:56:20','66d00ee1-c0a4-4541-9447-6c3973b184d8'),(6,6,1,'8static dominos',NULL,NULL,NULL,1,'2023-06-11 23:02:22','2023-06-11 23:02:22','53155c30-26d1-4b2f-9f3a-740bf6ba8c30'),(7,7,1,'About',NULL,NULL,NULL,1,'2023-06-11 23:02:24','2023-06-11 23:02:24','711d749d-333c-40ed-85bc-c3b75359bd98'),(8,8,1,'Bitgen',NULL,NULL,NULL,1,'2023-06-11 23:02:26','2023-06-11 23:02:26','a6156c49-7c62-4438-ab5c-130695a19d3f'),(9,9,1,'Gallery 1',NULL,NULL,NULL,1,'2023-06-11 23:02:28','2023-06-11 23:02:28','f1fff760-44fc-4d3a-987a-cd73391a39b7'),(10,10,1,'Gallery 2',NULL,NULL,NULL,1,'2023-06-11 23:02:31','2023-06-11 23:02:31','3ef41ed9-5551-4fda-bf3c-50443d3335ec'),(11,11,1,'Gallery 3',NULL,NULL,NULL,1,'2023-06-11 23:02:33','2023-06-11 23:02:33','90de4f4a-60a2-44e6-9aa3-d582456f022c'),(12,12,1,'Gallery 6',NULL,NULL,NULL,1,'2023-06-11 23:02:35','2023-06-11 23:02:35','50a9e381-8bec-4e78-ba51-364529f4b097'),(13,13,1,'Gallery 7',NULL,NULL,NULL,1,'2023-06-11 23:02:37','2023-06-11 23:02:37','3d2e8d18-ff64-49bc-b432-94cd6448f8fe'),(14,14,1,'Home bg mobile',NULL,NULL,NULL,1,'2023-06-11 23:02:44','2023-06-11 23:02:44','07e50f46-79fb-4614-9059-220af99562f2'),(15,15,1,'Sentry bar feb2020 alt',NULL,NULL,NULL,1,'2023-06-11 23:02:46','2023-06-11 23:02:46','5891f27f-3d39-43d2-ae99-0125e49157d7'),(16,16,1,'Sentry bar feb2020',NULL,NULL,NULL,1,'2023-06-11 23:02:48','2023-06-11 23:02:48','058abd61-b9b8-49d5-b6ea-ae5e569466a4'),(17,17,1,'Rob video',NULL,NULL,NULL,1,'2023-06-11 23:02:51','2023-06-11 23:02:51','6e851845-d7b8-4883-b7d1-aabf9c794f62'),(18,18,1,'About','about','about',NULL,1,'2023-06-11 23:03:41','2024-12-23 17:24:00','c2702226-67da-48b2-b29d-f960f5ee9d2a'),(19,19,1,'About','about','about','{\"00aaed21-f3e9-4b6c-958f-618a06e3e7ca\": \"about\"}',1,'2023-06-11 23:04:18','2023-06-11 23:04:18','9a6f5e07-8fe6-4dee-82d9-85d66da5c6d2'),(20,20,1,'Live','live','live',NULL,1,'2023-06-11 23:04:18','2024-12-23 17:11:06','a07b2e35-78c1-46a1-b5ad-c16e1979a447'),(21,21,1,'Live','live','live','{\"00aaed21-f3e9-4b6c-958f-618a06e3e7ca\": \"live\"}',1,'2023-06-11 23:04:55','2023-06-11 23:04:55','b8ee31a4-f9a1-490e-ae15-013c00cab477'),(22,22,1,'Listen','listen','listen',NULL,1,'2023-06-11 23:05:19','2024-12-23 17:08:55','b5487cf1-a465-4342-85c6-1c3dc458c48d'),(23,23,1,'Listen','listen','listen','{\"00aaed21-f3e9-4b6c-958f-618a06e3e7ca\": \"listen\"}',1,'2023-06-11 23:05:54','2023-06-11 23:05:54','7248c653-8b92-4280-8818-9164803984aa'),(24,24,1,'Gallery','gallery','gallery',NULL,1,'2023-06-11 23:05:54','2023-06-11 23:06:15','34dca773-c23c-4fff-8fdc-9a318100596a'),(25,25,1,'Gallery','gallery','gallery',NULL,1,'2023-06-11 23:07:20','2023-06-11 23:07:20','412a8d7d-7f18-4417-856a-99690554cf94'),(26,26,1,'Contact','contact','contact',NULL,1,'2023-06-11 23:07:20','2024-12-23 17:06:30','b67c6d55-bdad-4e03-be1f-29d5a31fdd30'),(27,27,1,'Contact','contact','contact','{\"00aaed21-f3e9-4b6c-958f-618a06e3e7ca\": \"contact\"}',1,'2023-06-11 23:09:22','2023-06-11 23:09:22','7275ac15-5ad8-4aff-8c8d-698584531e68'),(28,28,1,'Craggy Rabbit','craggy-rabbit',NULL,'{\"8a8f6a4e-e44f-4f75-ba6c-93934f05d583\": \"<iframe style=\\\"border: 0; width: 100%; height: 120px;\\\" src=\\\"https://bandcamp.com/EmbeddedPlayer/track=4072598133/size=large/bgcol=333333/linkcol=ffffff/tracklist=false/artwork=small/transparent=true/\\\" seamless><a href=\\\"https://robmartinomusic.bandcamp.com/track/craggy-rabbit\\\">Craggy Rabbit by Rob Martino</a></iframe>\"}',1,'2023-06-11 23:10:38','2023-06-11 23:12:48','9ecf994c-a7bd-42d4-8fba-0bf61697fffb'),(29,29,1,'nmlstyl - fourtitude (Band Version)','nmlstyl-fourtitude-band-version',NULL,'{\"8a8f6a4e-e44f-4f75-ba6c-93934f05d583\": \"<iframe style=\\\"border: 0; width: 100%; height: 120px;\\\" src=\\\"https://bandcamp.com/EmbeddedPlayer/album=1855074200/size=large/bgcol=ffffff/linkcol=0687f5/tracklist=false/artwork=small/track=1453079401/transparent=true/\\\" seamless><a href=\\\"https://ptesquad.bandcamp.com/album/hikikomori\\\">ひきこもり・Hikikomori by nmlstyl</a></iframe>\"}',1,'2023-06-11 23:13:39','2023-06-11 23:15:18','eff5e9b1-b24b-4fa9-8fd7-281dd791d173'),(30,30,1,'Valentine\'s Day Lottery','valentines-day-lottery',NULL,'{\"8a8f6a4e-e44f-4f75-ba6c-93934f05d583\": \"<iframe style=\\\"border: 0; width: 100%; height: 120px;\\\" src=\\\"https://bandcamp.com/EmbeddedPlayer/track=3885342436/size=large/bgcol=333333/linkcol=ffffff/tracklist=false/artwork=small/transparent=true/\\\" seamless><a href=\\\"https://robmartinomusic.bandcamp.com/track/valentines-day-lottery\\\">Valentine&#39;s Day Lottery by Rob Martino</a></iframe>\"}',1,'2023-06-11 23:15:36','2023-06-11 23:16:31','fcfef28f-7b13-4897-a9be-80cc1a3cba1e'),(31,31,1,'nmlstyl - s/t (Spotify)','nmlstyl-s-t-spotify',NULL,'{\"58557f92-7d83-4a51-8d3e-b9b38ab91b11\": \"<iframe style=\\\"border-radius:12px\\\" src=\\\"https://open.spotify.com/embed/album/5GGumb4GPisa6Dwba1yuUq?utm_source=generator\\\" width=\\\"100%\\\" height=\\\"380\\\" frameBorder=\\\"0\\\" allowfullscreen=\\\"\\\" allow=\\\"autoplay; clipboard-write; encrypted-media; fullscreen; picture-in-picture\\\" loading=\\\"lazy\\\"></iframe>\"}',1,'2023-06-11 23:18:24','2023-06-11 23:19:24','e57b5e6a-19e7-4bb4-a937-44d70136c011'),(32,32,1,'Speed of Three - Paradox','speed-of-three-paradox',NULL,'{\"036d6841-6bb9-487d-a01b-c28cb4d2937b\": \"<iframe width=\\\"100%\\\" height=\\\"166\\\" scrolling=\\\"no\\\" frameborder=\\\"no\\\" allow=\\\"autoplay\\\" src=\\\"https://w.soundcloud.com/player/?url=https%3A//api.soundcloud.com/tracks/85505705&color=%23283450&auto_play=false&hide_related=false&show_comments=true&show_user=true&show_reposts=false&show_teaser=true\\\"></iframe><div style=\\\"font-size: 10px; color: #cccccc;line-break: anywhere;word-break: normal;overflow: hidden;white-space: nowrap;text-overflow: ellipsis; font-family: Interstate,Lucida Grande,Lucida Sans Unicode,Lucida Sans,Garuda,Verdana,Tahoma,sans-serif;font-weight: 100;\\\"><a href=\\\"https://soundcloud.com/robmartinodrums\\\" title=\\\"Rob Martino\\\" target=\\\"_blank\\\" style=\\\"color: #cccccc; text-decoration: none;\\\">Rob Martino</a> · <a href=\\\"https://soundcloud.com/robmartinodrums/paradox-speed-of-three\\\" title=\\\"Paradox-Speed of Three\\\" target=\\\"_blank\\\" style=\\\"color: #cccccc; text-decoration: none;\\\">Paradox-Speed of Three</a></div>\"}',1,'2023-06-11 23:19:24','2023-06-11 23:21:15','42ad2951-88ef-4e18-8e75-0b880a9b5219'),(33,33,1,'\"110 Percent\" - Mysterious Travelers','110-percent-mysterious-travelers',NULL,'{\"64feaee3-2e6d-4070-8a5f-799139399d2c\": [123], \"fe57c07c-1d69-43c3-8baf-c2260e45ac3e\": \"E_I-b-8QSYA\"}',1,'2023-06-11 23:22:47','2024-12-23 17:21:56','74fe8855-e221-4fa8-b336-968bc716f84e'),(34,34,1,'\"110 Percent\" - Mysterious Travelers','110-percent-mysterious-travelers',NULL,'{\"fe57c07c-1d69-43c3-8baf-c2260e45ac3e\": \"E_I-b-8QSYA\"}',1,'2023-06-11 23:24:30','2023-06-11 23:24:30','c33da2d1-29ee-48a5-80c6-99ab2680d3b5'),(35,35,1,'\"Black Monday\" - Mysterious Travelers','black-monday-mysterious-travelers',NULL,'{\"64feaee3-2e6d-4070-8a5f-799139399d2c\": [120], \"fe57c07c-1d69-43c3-8baf-c2260e45ac3e\": \"iXeAD98tRtg\"}',1,'2023-06-11 23:24:30','2024-12-23 17:21:47','78abffaf-9b30-4210-b383-743613604517'),(36,36,1,'\"Black Monday\" - Mysterious Travelers','black-monday-mysterious-travelers',NULL,'{\"fe57c07c-1d69-43c3-8baf-c2260e45ac3e\": \"iXeAD98tRtg\"}',1,'2023-06-11 23:25:49','2023-06-11 23:25:49','d5d740bf-ffba-4fed-8600-77432f20d423'),(37,37,1,'\"The Overtime\" - McGill Chamber Jazz Orchestra 2019','the-overtime-mcgill-chamber-jazz-orchestra-2019',NULL,'{\"64feaee3-2e6d-4070-8a5f-799139399d2c\": [], \"fe57c07c-1d69-43c3-8baf-c2260e45ac3e\": \"7W4Z7B2i52w\"}',1,'2023-06-11 23:25:49','2024-12-23 16:40:04','4ac4a917-a180-45ef-89b2-bff6610763e7'),(38,38,1,'\"The Overtime\" - McGill Chamber Jazz Orchestra 2019','the-overtime-mcgill-chamber-jazz-orchestra-2019',NULL,'{\"fe57c07c-1d69-43c3-8baf-c2260e45ac3e\": \"7W4Z7B2i52w\"}',1,'2023-06-11 23:27:16','2023-06-11 23:27:16','0390a999-80e8-42bf-9edf-dcdf8163286f'),(39,39,1,'\"Infinitaves\" - nmlstyl @ MAGFest 2020','infinitaves-nmlstyl-magfest-2020',NULL,'{\"64feaee3-2e6d-4070-8a5f-799139399d2c\": [117], \"fe57c07c-1d69-43c3-8baf-c2260e45ac3e\": \"3xPYUxdLQ7Y\"}',1,'2023-06-11 23:27:16','2024-12-23 17:21:36','ebb26527-7e45-4ecb-ab35-b8943a65c7ef'),(40,40,1,'\"Infinitaves\" - nmlstyl @ MAGFest 2020','infinitaves-nmlstyl-magfest-2020',NULL,'{\"fe57c07c-1d69-43c3-8baf-c2260e45ac3e\": \"3xPYUxdLQ7Y\"}',1,'2023-06-11 23:28:53','2023-06-11 23:28:53','f6804f8a-435b-47be-b12f-38386a639938'),(41,41,1,'nmlstyl - BitGen XIII (full set)','nmlstyl-bitgen-xiii-full-set',NULL,'{\"64feaee3-2e6d-4070-8a5f-799139399d2c\": [114], \"fe57c07c-1d69-43c3-8baf-c2260e45ac3e\": \"vnDvFTKlQno\"}',1,'2023-06-11 23:28:53','2024-12-23 17:21:24','375a3c98-6cd3-4920-bdf1-761d030908e7'),(42,42,1,'nmlstyl - BitGen XIII (full set)','nmlstyl-bitgen-xiii-full-set',NULL,'{\"fe57c07c-1d69-43c3-8baf-c2260e45ac3e\": \"vnDvFTKlQno\"}',1,'2023-06-11 23:29:55','2023-06-11 23:29:55','35b09517-6c3f-4971-9995-fea365365709'),(47,47,1,'My Face Best Version Dark Small',NULL,NULL,NULL,1,'2023-06-12 18:54:29','2023-06-12 18:54:29','6a016ecb-fc93-4aea-82ba-1385a7a1f08f'),(48,48,1,'Drums Blue',NULL,NULL,NULL,1,'2023-06-12 18:57:17','2023-06-12 18:57:17','9343b348-ecc9-4c96-9abd-dbfb7177380e'),(49,49,1,'Nmlstyl',NULL,NULL,NULL,1,'2023-06-12 18:57:24','2023-06-12 18:57:24','b5062f08-6a40-4324-8a13-6cf5f554ff5f'),(51,51,1,'Gallery','gallery','gallery',NULL,1,'2023-06-12 18:58:07','2023-06-12 18:58:07','74f37029-8041-4ec3-afbe-148734b14b95'),(82,82,1,NULL,NULL,NULL,'{\"b21157a3-3efc-42f6-8515-0897c09c344d\": [18, 20, 22, 24, 26]}',1,'2024-12-23 16:39:52','2024-12-23 17:09:39','f44f88fe-e7b1-4bd4-9f94-6c8b8ae3c527'),(86,86,1,'Contact','contact',NULL,'{\"8d2fe42a-ce89-4c3c-ab75-7077c8288c8b\": \"left\", \"e38579d0-3f4b-46df-86e4-9b46d38f80fb\": [15]}',1,'2024-12-23 17:06:30','2024-12-23 17:07:38','dabdbb74-e277-4727-aba1-dd93ad699daa'),(87,87,1,'Contact','contact','contact',NULL,1,'2024-12-23 17:06:30','2024-12-23 17:06:30','40a294ee-cea5-420e-99cf-daaa126c2798'),(88,88,1,'Contact','contact',NULL,'{\"8d2fe42a-ce89-4c3c-ab75-7077c8288c8b\": \"right\", \"e38579d0-3f4b-46df-86e4-9b46d38f80fb\": [15]}',1,'2024-12-23 17:06:30','2024-12-23 17:06:30','7c8f627b-bb3e-4299-ac38-14c06009b8ca'),(91,91,1,'Contact','contact','contact',NULL,1,'2024-12-23 17:07:38','2024-12-23 17:07:38','0b89d638-3f4c-4738-b37f-6b03436f44df'),(92,92,1,'Contact','contact',NULL,'{\"8d2fe42a-ce89-4c3c-ab75-7077c8288c8b\": \"left\", \"e38579d0-3f4b-46df-86e4-9b46d38f80fb\": [15]}',1,'2024-12-23 17:07:38','2024-12-23 17:07:38','bf596660-2433-48d5-ad63-356e0cda8bf8'),(95,95,1,'Embeds','embeds',NULL,'{\"23d6b77a-e903-4ceb-991d-6b1f2310d49b\": [32, 31], \"d89d9435-d547-4ba7-bc61-7ab17389355e\": [28, 30, 29]}',1,'2024-12-23 17:08:55','2024-12-23 17:08:55','f76e59d0-15c5-4096-9ce2-b30efc113cc5'),(96,96,1,'Listen','listen','listen',NULL,1,'2024-12-23 17:08:55','2024-12-23 17:08:55','ec7cea2a-d3ef-4322-a770-a5a5ed28ff9b'),(97,97,1,'Embeds','embeds',NULL,'{\"23d6b77a-e903-4ceb-991d-6b1f2310d49b\": [32, 31], \"d89d9435-d547-4ba7-bc61-7ab17389355e\": [28, 30, 29]}',1,'2024-12-23 17:08:55','2024-12-23 17:08:55','ce3fa8c7-321c-4c38-af77-6cc7ccb76106'),(101,101,1,'Upcoming Gigs','upcoming-gigs',NULL,'{\"bf086f1b-fdb4-49a5-914d-ff5be4160d9e\": []}',1,'2024-12-23 17:11:06','2024-12-23 17:11:06','9b7248b1-9b0f-41ed-921e-b3cf90f73efe'),(102,102,1,'Videos','videos',NULL,'{\"6943897f-3459-431b-acf7-eda6ce763c03\": [41, 39, 35, 33], \"a08a9864-42f7-402e-91e4-c3c5b829ec12\": \"#eeeeee\", \"a3d64401-5bbb-4c18-bf87-927e5484984a\": \"lg:grid-cols-2\"}',1,'2024-12-23 17:11:06','2024-12-23 17:11:06','dcf241bd-d1c7-44b1-9a1a-9be67a57e16c'),(103,103,1,'Live','live','live',NULL,1,'2024-12-23 17:11:06','2024-12-23 17:11:06','852805c6-810e-4142-9368-19a4be7aa8b4'),(104,104,1,'Upcoming Gigs','upcoming-gigs',NULL,'{\"bf086f1b-fdb4-49a5-914d-ff5be4160d9e\": []}',1,'2024-12-23 17:11:06','2024-12-23 17:11:06','c9b58e16-9164-45fd-903c-f1a63ca1aa44'),(105,105,1,'Videos','videos',NULL,'{\"6943897f-3459-431b-acf7-eda6ce763c03\": [41, 39, 35, 33], \"a08a9864-42f7-402e-91e4-c3c5b829ec12\": \"#eeeeee\", \"a3d64401-5bbb-4c18-bf87-927e5484984a\": \"lg:grid-cols-2\"}',1,'2024-12-23 17:11:06','2024-12-23 17:11:06','ea59bf91-4c83-427a-a9cb-2db427ab8368'),(114,114,1,'Nmlstyl bitgen13',NULL,NULL,NULL,1,'2024-12-23 17:20:53','2024-12-23 17:20:53','74f422d1-537b-4d54-9861-465670adcac8'),(116,116,1,'nmlstyl - BitGen XIII (full set)','nmlstyl-bitgen-xiii-full-set',NULL,'{\"64feaee3-2e6d-4070-8a5f-799139399d2c\": [114], \"fe57c07c-1d69-43c3-8baf-c2260e45ac3e\": \"vnDvFTKlQno\"}',1,'2024-12-23 17:21:24','2024-12-23 17:21:24','51327f4e-b767-4d0d-b719-c6ab8f90bb6c'),(117,117,1,'Nmlstyl magfest2020',NULL,NULL,NULL,1,'2024-12-23 17:21:33','2024-12-23 17:21:33','fc850185-8d5a-48d6-b631-e383a250ddac'),(119,119,1,'\"Infinitaves\" - nmlstyl @ MAGFest 2020','infinitaves-nmlstyl-magfest-2020',NULL,'{\"64feaee3-2e6d-4070-8a5f-799139399d2c\": [117], \"fe57c07c-1d69-43c3-8baf-c2260e45ac3e\": \"3xPYUxdLQ7Y\"}',1,'2024-12-23 17:21:36','2024-12-23 17:21:36','e066e395-0a1e-43f1-8a13-500e4dfa7042'),(120,120,1,'Black monday',NULL,NULL,NULL,1,'2024-12-23 17:21:44','2024-12-23 17:21:44','55b088e3-1a11-4e2c-b227-56dfb5bf865f'),(122,122,1,'\"Black Monday\" - Mysterious Travelers','black-monday-mysterious-travelers',NULL,'{\"64feaee3-2e6d-4070-8a5f-799139399d2c\": [120], \"fe57c07c-1d69-43c3-8baf-c2260e45ac3e\": \"iXeAD98tRtg\"}',1,'2024-12-23 17:21:47','2024-12-23 17:21:47','b1866513-c04e-4d49-986a-60bf69ba180c'),(123,123,1,'110percent',NULL,NULL,NULL,1,'2024-12-23 17:21:54','2024-12-23 17:21:54','b9b03844-1822-4535-a7a1-6575398c1453'),(125,125,1,'\"110 Percent\" - Mysterious Travelers','110-percent-mysterious-travelers',NULL,'{\"64feaee3-2e6d-4070-8a5f-799139399d2c\": [123], \"fe57c07c-1d69-43c3-8baf-c2260e45ac3e\": \"E_I-b-8QSYA\"}',1,'2024-12-23 17:21:56','2024-12-23 17:21:56','3fbb5471-038b-4299-8b3d-583554fc5a6a'),(128,128,1,NULL,'__temp_czklqsvrjkusygouvtqvcscsjiriclpsylwj',NULL,'{\"646a03f3-de83-4c80-a744-3df1b36feaa6\": \"<p><strong>Rob Martino</strong> is New Jersey and New York-based drummer, composer, and educator. He received his Bachelor of Music from <strong>Temple University</strong> and a Master of Music from <strong>McGill University</strong> in Montréal, Canada He has performed with some world-class jazz musicians including Grammy-nominated <strong>Ambrose Akinmusire</strong>, and <strong>John Hollenbeck</strong>.</p><p>Martino has traveled all over the U.S. with various groups including the <strong>All Hands On Deck Show</strong>. He has composed and arranged for the <strong>Materia Collective</strong> and is also the drummer for <strong>NMLSTYL</strong>: an audiovisual project by Joey Michalina Mariano, a Philadelphia-based electronic musician, coder, and visual artist.</p><p>He was the recipient of the <i>2018 Philadelphia Jazz Project: Mysterious Travelers Commission</i>, and attended the <i>School for Improvisational Music (SIM)</i> Workshop directed by <strong>Ralph Alessi</strong> in 2019.</p><p>Martino is currently working on an upcoming analog synth/acoustic drum album and has released a suite of electronic compositions on Bandcamp.</p>\", \"b2a010a0-f97d-4241-97fa-34e1309866ce\": \"left\", \"ddf98bdc-334f-45fb-ad97-ff47dab66999\": false, \"e852593c-0eee-4f81-9f97-6d7338a34729\": [7]}',1,'2024-12-23 17:24:00','2024-12-23 17:24:00','59b4c5e2-37b6-4f02-a856-c4764be193c2'),(129,129,1,'About','about','about',NULL,1,'2024-12-23 17:24:00','2024-12-23 17:24:00','39767ea0-ad59-4412-8075-becf763b3f53'),(130,130,1,NULL,'__temp_czklqsvrjkusygouvtqvcscsjiriclpsylwj',NULL,'{\"646a03f3-de83-4c80-a744-3df1b36feaa6\": \"<p><strong>Rob Martino</strong> is New Jersey and New York-based drummer, composer, and educator. He received his Bachelor of Music from <strong>Temple University</strong> and a Master of Music from <strong>McGill University</strong> in Montréal, Canada He has performed with some world-class jazz musicians including Grammy-nominated <strong>Ambrose Akinmusire</strong>, and <strong>John Hollenbeck</strong>.</p><p>Martino has traveled all over the U.S. with various groups including the <strong>All Hands On Deck Show</strong>. He has composed and arranged for the <strong>Materia Collective</strong> and is also the drummer for <strong>NMLSTYL</strong>: an audiovisual project by Joey Michalina Mariano, a Philadelphia-based electronic musician, coder, and visual artist.</p><p>He was the recipient of the <i>2018 Philadelphia Jazz Project: Mysterious Travelers Commission</i>, and attended the <i>School for Improvisational Music (SIM)</i> Workshop directed by <strong>Ralph Alessi</strong> in 2019.</p><p>Martino is currently working on an upcoming analog synth/acoustic drum album and has released a suite of electronic compositions on Bandcamp.</p>\", \"b2a010a0-f97d-4241-97fa-34e1309866ce\": \"left\", \"ddf98bdc-334f-45fb-ad97-ff47dab66999\": false, \"e852593c-0eee-4f81-9f97-6d7338a34729\": [7]}',1,'2024-12-23 17:24:01','2024-12-23 17:24:01','a00a090e-c5ea-47a7-91b0-1f844a3ca69a'),(133,133,1,NULL,'__temp_ebhrszhslredkrpkuolcxlowaojtfidtbety',NULL,'{\"83e1b785-31e6-43ef-b9f4-bb7876909f01\": \"<p style=\\\"text-align:center;\\\"><sub>Photographer: </sub><a href=\\\"https://chiptography.com/about\\\"><sub>Chiptography</sub></a></p>\"}',1,'2024-12-23 17:25:10','2024-12-23 17:25:31','8df1f8b0-d7bf-4a2f-a13f-f0abb4d486b4'),(134,134,1,'About','about','about',NULL,1,'2024-12-23 17:25:10','2024-12-23 17:25:10','29a5ff99-b21c-4b7d-8ad8-53ba756f2074'),(135,135,1,NULL,'__temp_ebhrszhslredkrpkuolcxlowaojtfidtbety',NULL,'{\"83e1b785-31e6-43ef-b9f4-bb7876909f01\": \"<p><sub>Photographer: </sub><a href=\\\"https://chiptography.com/about\\\"><sub>Chiptography</sub></a></p>\"}',1,'2024-12-23 17:25:10','2024-12-23 17:25:10','3581f728-4cac-4143-a995-562fe15e51a0'),(138,138,1,'About','about','about',NULL,1,'2024-12-23 17:25:31','2024-12-23 17:25:31','8f0ccaa3-ca36-409a-951d-50f1977c01cb'),(139,139,1,NULL,'__temp_ebhrszhslredkrpkuolcxlowaojtfidtbety',NULL,'{\"83e1b785-31e6-43ef-b9f4-bb7876909f01\": \"<p style=\\\"text-align:center;\\\"><sub>Photographer: </sub><a href=\\\"https://chiptography.com/about\\\"><sub>Chiptography</sub></a></p>\"}',1,'2024-12-23 17:25:31','2024-12-23 17:25:31','4a654e35-7382-4cfe-976c-a3a500965b69'),(142,142,1,NULL,'__temp_cjdotupksogqdkxjsqpktajhayvxkxjgjblc',NULL,'{\"349be4f9-a1b7-4e71-be5c-412fbc7d4b81\": 10, \"3af07ae9-5448-41b1-a5d7-8cf7c680a3bb\": false, \"43c8d12b-18de-4460-91f7-13da7b631af9\": \"fade\", \"5045aa0a-dc55-44d3-9da7-f3f4eb28a0ba\": true, \"77074409-4fed-4ddf-85c4-f0ad4e1aa6cb\": 4, \"87a5d55e-755f-4b58-b0b0-b83f8253e5a0\": true, \"ac1e7d09-fa7f-4da0-9c9c-01a72d9c5afd\": true, \"b3f6966d-7da6-4790-b5c4-d67b739b0c0f\": false, \"b82c031d-45a7-4f45-994c-1b3fd2339738\": true, \"b97b878c-6671-4f9e-8d1b-19c8f1f218a6\": true, \"cba033be-6772-48c8-a025-f758da83e0c7\": [9, 12, 6, 49, 10, 11, 48, 13], \"f8f3c242-ec5c-4eb5-bc50-bdb9e7f8c73d\": 4}',1,'2024-12-23 17:28:05','2024-12-23 17:29:11','bb6c7be1-266a-4dbb-b472-2c6aa141bbed'),(143,143,1,'Gallery','gallery','gallery',NULL,1,'2024-12-23 17:28:05','2024-12-23 17:28:05','0c8aa26e-c823-4e47-ae52-5e050c7ab424'),(144,144,1,NULL,'__temp_cjdotupksogqdkxjsqpktajhayvxkxjgjblc',NULL,'{\"349be4f9-a1b7-4e71-be5c-412fbc7d4b81\": 10, \"3af07ae9-5448-41b1-a5d7-8cf7c680a3bb\": false, \"43c8d12b-18de-4460-91f7-13da7b631af9\": \"fade\", \"5045aa0a-dc55-44d3-9da7-f3f4eb28a0ba\": true, \"77074409-4fed-4ddf-85c4-f0ad4e1aa6cb\": 3, \"87a5d55e-755f-4b58-b0b0-b83f8253e5a0\": true, \"ac1e7d09-fa7f-4da0-9c9c-01a72d9c5afd\": true, \"b3f6966d-7da6-4790-b5c4-d67b739b0c0f\": false, \"b82c031d-45a7-4f45-994c-1b3fd2339738\": true, \"b97b878c-6671-4f9e-8d1b-19c8f1f218a6\": true, \"cba033be-6772-48c8-a025-f758da83e0c7\": [9, 12, 6, 49, 10, 11, 48, 13], \"f8f3c242-ec5c-4eb5-bc50-bdb9e7f8c73d\": 3}',1,'2024-12-23 17:28:05','2024-12-23 17:28:05','3701b858-285f-4fa2-a851-a08ef1508b39'),(147,147,1,'Gallery','gallery','gallery',NULL,1,'2024-12-23 17:29:11','2024-12-23 17:29:11','d28bf317-c826-4e0c-aea6-5229c3e13ac4'),(148,148,1,NULL,'__temp_cjdotupksogqdkxjsqpktajhayvxkxjgjblc',NULL,'{\"349be4f9-a1b7-4e71-be5c-412fbc7d4b81\": 10, \"3af07ae9-5448-41b1-a5d7-8cf7c680a3bb\": false, \"43c8d12b-18de-4460-91f7-13da7b631af9\": \"fade\", \"5045aa0a-dc55-44d3-9da7-f3f4eb28a0ba\": true, \"77074409-4fed-4ddf-85c4-f0ad4e1aa6cb\": 4, \"87a5d55e-755f-4b58-b0b0-b83f8253e5a0\": true, \"ac1e7d09-fa7f-4da0-9c9c-01a72d9c5afd\": true, \"b3f6966d-7da6-4790-b5c4-d67b739b0c0f\": false, \"b82c031d-45a7-4f45-994c-1b3fd2339738\": true, \"b97b878c-6671-4f9e-8d1b-19c8f1f218a6\": true, \"cba033be-6772-48c8-a025-f758da83e0c7\": [9, 12, 6, 49, 10, 11, 48, 13], \"f8f3c242-ec5c-4eb5-bc50-bdb9e7f8c73d\": 4}',1,'2024-12-23 17:29:11','2024-12-23 17:29:11','c9bf8425-3cce-45bf-9766-c2dbcd71f242'),(149,149,1,'2024-12-25 09:56:26',NULL,NULL,NULL,1,'2024-12-25 17:56:26','2024-12-25 17:56:26','0cee1df2-f691-482a-bddf-d78274731339'),(150,150,1,'2024-12-28 10:45:41',NULL,NULL,NULL,1,'2024-12-28 18:45:42','2024-12-28 18:45:42','00b9f1ee-f5e7-4f75-a075-47e0e36abc6c'),(151,151,1,'2024-12-30 23:15:51',NULL,NULL,NULL,1,'2024-12-31 07:15:51','2024-12-31 07:15:51','a4f1be46-c212-48f0-ba1d-9e6cf998d259'),(152,152,1,'2025-01-02 19:28:43',NULL,NULL,NULL,1,'2025-01-03 03:28:43','2025-01-03 03:28:43','3755b2f3-3792-46db-a796-c5bccce141a0'),(153,153,1,'2025-01-16 02:55:55',NULL,NULL,NULL,1,'2025-01-16 10:55:55','2025-01-16 10:55:55','ffdb4e47-407b-4560-9b44-fde70fa7db65'),(154,154,1,'2025-01-16 12:57:50',NULL,NULL,NULL,1,'2025-01-16 20:57:50','2025-01-16 20:57:50','b770f27a-b034-47e2-b874-ac03406f15e0'),(155,155,1,'2025-01-17 08:27:50',NULL,NULL,NULL,1,'2025-01-17 16:27:50','2025-01-17 16:27:50','8eae6e1c-2dbc-4f6f-9a80-1f175eca10dc'),(156,156,1,'2025-01-24 18:12:52',NULL,NULL,NULL,1,'2025-01-25 02:12:52','2025-01-25 02:12:52','587415c4-ad63-40cb-b063-5575c8233cc4'),(157,157,1,'2025-01-29 12:59:54',NULL,NULL,NULL,1,'2025-01-29 20:59:54','2025-01-29 20:59:54','68af9228-b8d3-4fba-bd68-a7c7147e2ee0'),(158,158,1,'2025-01-31 00:42:58',NULL,NULL,NULL,1,'2025-01-31 08:42:58','2025-01-31 08:42:58','1ca1048e-1384-4215-bbee-fc84cfa14b23'),(159,159,1,'2025-01-31 00:56:43',NULL,NULL,NULL,1,'2025-01-31 08:56:43','2025-01-31 08:56:43','d993defe-1fa9-4ae6-9ddd-267de7abb07a'),(160,160,1,'2025-02-04 00:53:55',NULL,NULL,NULL,1,'2025-02-04 08:53:55','2025-02-04 08:53:55','093d95fe-51e8-4856-92c7-35ee7d157789'),(161,161,1,'2025-02-04 21:25:10',NULL,NULL,NULL,1,'2025-02-05 05:25:10','2025-02-05 05:25:10','684c36e7-fb9c-4897-a30e-12c29afc6e0b'),(162,162,1,'2025-02-05 14:54:44',NULL,NULL,NULL,1,'2025-02-05 22:54:44','2025-02-05 22:54:44','e22d14b7-bfef-4c02-8662-859f8e626678'),(163,163,1,'2025-02-14 03:18:31',NULL,NULL,NULL,1,'2025-02-14 11:18:31','2025-02-14 11:18:31','e593a466-8c78-41c8-82b7-d555ce9da36c'),(164,164,1,'2025-02-18 13:54:34',NULL,NULL,NULL,1,'2025-02-18 21:54:34','2025-02-18 21:54:34','ba02472a-5e20-430d-882e-afc4fec954ba'),(165,165,1,'2025-02-19 10:27:16',NULL,NULL,NULL,1,'2025-02-19 18:27:16','2025-02-19 18:27:16','80406f37-c9bc-4fe6-8ea0-ff636c360d74'),(166,166,1,'2025-02-20 19:04:15',NULL,NULL,NULL,1,'2025-02-21 03:04:15','2025-02-21 03:04:15','f848b2b9-b8ac-4657-abae-843adfafe318'),(167,167,1,'2025-02-22 14:56:10',NULL,NULL,NULL,1,'2025-02-22 22:56:10','2025-02-22 22:56:10','902ef17f-3809-450b-b721-8cf5091f832c'),(168,168,1,'2025-02-23 02:55:10',NULL,NULL,NULL,1,'2025-02-23 10:55:11','2025-02-23 10:55:11','4fd0a490-1937-4a07-a1b4-11e8211417a6'),(169,169,1,'2025-02-24 10:57:07',NULL,NULL,NULL,1,'2025-02-24 18:57:07','2025-02-24 18:57:07','c935ca38-6cab-4f8e-b7c5-4cd192d10ef8'),(170,170,1,'2025-03-03 04:27:33',NULL,NULL,NULL,1,'2025-03-03 12:27:33','2025-03-03 12:27:33','b8dd6843-e27b-4db4-9c8b-19ca387796ee'),(171,171,1,'2025-03-03 14:03:03',NULL,NULL,NULL,1,'2025-03-03 22:03:03','2025-03-03 22:03:03','5604002a-8bb7-45f3-bd0c-ef3080815f99'),(172,172,1,'2025-03-05 06:39:17',NULL,NULL,NULL,1,'2025-03-05 14:39:17','2025-03-05 14:39:17','5290b973-b224-4917-91bb-dd576465fbf4'),(173,173,1,'2025-03-06 12:26:41',NULL,NULL,NULL,1,'2025-03-06 20:26:41','2025-03-06 20:26:41','d862bf6e-e772-433d-8107-ed2b5465d220'),(174,174,1,'2025-03-10 23:26:01',NULL,NULL,NULL,1,'2025-03-11 06:26:01','2025-03-11 06:26:01','a09e80c9-ae5e-42c3-9169-ba7fc3b5a6c7'),(175,175,1,'2025-03-18 14:52:25',NULL,NULL,NULL,1,'2025-03-18 21:52:25','2025-03-18 21:52:25','4af5cebd-b0e0-4678-9466-396ff6eca4a8'),(176,176,1,'2025-03-21 07:55:16',NULL,NULL,NULL,1,'2025-03-21 14:55:16','2025-03-21 14:55:16','2275ab56-6d1d-48c9-be19-b3b8cac81dce'),(177,177,1,'2025-03-23 14:24:34',NULL,NULL,NULL,1,'2025-03-23 21:24:34','2025-03-23 21:24:34','8e54e3d7-81c0-4092-a930-bb4df6771f1c'),(178,178,1,'2025-03-24 02:24:28',NULL,NULL,NULL,1,'2025-03-24 09:24:28','2025-03-24 09:24:28','531b5138-aaa5-4af9-a4c0-c2813135cc0c'),(179,179,1,'2025-03-25 09:22:21',NULL,NULL,NULL,1,'2025-03-25 16:22:21','2025-03-25 16:22:21','4b906736-3834-4e74-adc9-4a87cf23a5e0'),(180,180,1,'2025-03-26 18:23:02',NULL,NULL,NULL,1,'2025-03-27 01:23:02','2025-03-27 01:23:02','3736d36a-497b-4e56-ad30-bf0ce094a382'),(181,181,1,'2025-03-27 10:23:07',NULL,NULL,NULL,1,'2025-03-27 17:23:07','2025-03-27 17:23:07','efa53d05-0e6b-4148-88ea-cdc905237e29'),(182,182,1,'2025-03-29 14:52:28',NULL,NULL,NULL,1,'2025-03-29 21:52:28','2025-03-29 21:52:28','8273636e-8622-4ed0-926d-84173a5177bb'),(183,183,1,'2025-03-31 15:23:23',NULL,NULL,NULL,1,'2025-03-31 22:23:23','2025-03-31 22:23:23','2265f11c-b421-4233-99d4-0e6b30032f74'),(184,184,1,'2025-03-31 17:52:59',NULL,NULL,NULL,1,'2025-04-01 00:52:59','2025-04-01 00:52:59','384e726f-2ccc-4fa5-8bb7-e493325ca15b'),(185,185,1,'2025-04-01 21:52:06',NULL,NULL,NULL,1,'2025-04-02 04:52:06','2025-04-02 04:52:06','7ac751dd-70fd-420f-9356-7e5fd7414029'),(186,186,1,'2025-04-09 21:05:45',NULL,NULL,NULL,1,'2025-04-10 04:05:45','2025-04-10 04:05:45','cdeb115b-9808-4209-a9de-a7a5ad9146f0'),(187,187,1,'2025-04-11 12:39:08',NULL,NULL,NULL,1,'2025-04-11 19:39:08','2025-04-11 19:39:08','86d8bd8a-eebc-4c61-8a0d-541283b9eb7e'),(188,188,1,'2025-04-11 20:53:33',NULL,NULL,NULL,1,'2025-04-12 03:53:33','2025-04-12 03:53:33','f97dc443-81cc-46e5-bf4e-83d0dc1b74bf'),(189,189,1,'2025-04-13 06:23:39',NULL,NULL,NULL,1,'2025-04-13 13:23:39','2025-04-13 13:23:39','f54edfc0-b800-423a-82e6-f192a6729745'),(190,190,1,'2025-04-16 18:41:07',NULL,NULL,NULL,1,'2025-04-17 01:41:07','2025-04-17 01:41:07','0e72f372-e598-4e54-91cf-bbfc1e68c67b'),(191,191,1,'2025-04-20 09:42:42',NULL,NULL,NULL,1,'2025-04-20 16:42:42','2025-04-20 16:42:42','8f18ca56-b703-41ab-a105-251ab3a49952'),(192,192,1,'2025-04-21 03:42:51',NULL,NULL,NULL,1,'2025-04-21 10:42:51','2025-04-21 10:42:51','f5b98049-6726-419c-b722-e36dd3d11876'),(193,193,1,'2025-04-22 13:47:58',NULL,NULL,NULL,1,'2025-04-22 20:47:58','2025-04-22 20:47:58','df909203-dad2-44e8-99c4-9f1583a7ac15'),(194,194,1,'2025-04-24 09:23:16',NULL,NULL,NULL,1,'2025-04-24 16:23:16','2025-04-24 16:23:16','c69a61b7-2165-4098-8215-57192dd0372e'),(195,195,1,'2025-04-25 22:25:10',NULL,NULL,NULL,1,'2025-04-26 05:25:10','2025-04-26 05:25:10','b9b27b78-e75f-42dc-b3bf-678e85d819ea'),(196,196,1,'2025-04-27 00:57:52',NULL,NULL,NULL,1,'2025-04-27 07:57:52','2025-04-27 07:57:52','75c2b4a5-2cd2-4861-a0d8-fdc287000443'),(197,197,1,'2025-04-27 13:08:59',NULL,NULL,NULL,1,'2025-04-27 20:08:59','2025-04-27 20:08:59','fe7f72bd-5ee6-4de1-a33e-754e8b7e0b6f'),(198,198,1,'My Face Best Version Dark Small',NULL,NULL,NULL,1,'2025-05-02 16:05:05','2025-05-02 16:07:01','bb4de61e-b840-4981-b151-3ceb7bbe20f3'),(199,199,1,'Hobbe',NULL,NULL,NULL,1,'2025-05-02 16:11:41','2025-05-02 16:11:41','e6405b24-854b-454b-9c2e-99bbc8cbbfb3'),(200,200,1,'My Face Best Version Dark Small',NULL,NULL,NULL,1,'2025-05-02 16:11:48','2025-05-02 16:11:48','f1b4b4bb-9a8e-4adf-baa8-1c610736050b'),(201,201,1,'Face new',NULL,NULL,NULL,1,'2025-05-02 16:14:16','2025-05-02 16:14:16','4e8b9ada-4323-4d72-85c7-17f631cd3df1'),(202,202,1,'Hobbe favicon',NULL,NULL,NULL,1,'2025-05-02 16:14:21','2025-05-02 16:14:21','46732f7e-5211-4acd-8ba9-6a08038e40b1');
commit;

--
-- Dumping data for table `entries`
--

set autocommit=0;
INSERT INTO `entries` VALUES (1,4,NULL,NULL,NULL,6,'2023-06-11 22:50:00',NULL,NULL,NULL,'2023-06-11 22:50:14','2023-06-11 22:50:14'),(18,5,NULL,NULL,NULL,16,'2023-06-11 23:04:00',NULL,NULL,NULL,'2023-06-11 23:03:41','2024-12-23 17:24:00'),(19,5,NULL,NULL,NULL,2,'2023-06-11 23:04:00',NULL,NULL,NULL,'2023-06-11 23:04:18','2023-06-11 23:04:18'),(20,5,NULL,NULL,NULL,16,'2023-06-11 23:04:00',NULL,NULL,NULL,'2023-06-11 23:04:18','2024-12-23 17:11:06'),(21,5,NULL,NULL,NULL,2,'2023-06-11 23:04:00',NULL,NULL,NULL,'2023-06-11 23:04:55','2023-06-11 23:04:55'),(22,5,NULL,NULL,NULL,16,'2023-06-11 23:05:00',NULL,NULL,NULL,'2023-06-11 23:05:19','2024-12-23 17:08:55'),(23,5,NULL,NULL,NULL,2,'2023-06-11 23:05:00',NULL,NULL,NULL,'2023-06-11 23:05:54','2023-06-11 23:05:54'),(24,5,NULL,NULL,NULL,16,'2023-06-11 23:07:00',NULL,NULL,NULL,'2023-06-11 23:05:54','2024-12-23 17:28:05'),(25,5,NULL,NULL,NULL,5,'2023-06-11 23:07:00',NULL,NULL,NULL,'2023-06-11 23:07:20','2023-06-11 23:07:20'),(26,5,NULL,NULL,NULL,16,'2023-06-11 23:09:00',NULL,NULL,NULL,'2023-06-11 23:07:20','2024-12-23 17:06:30'),(27,5,NULL,NULL,NULL,2,'2023-06-11 23:09:00',NULL,NULL,NULL,'2023-06-11 23:09:22','2023-06-11 23:09:22'),(28,2,NULL,NULL,NULL,1,'2023-06-11 23:13:00',NULL,NULL,NULL,'2023-06-11 23:10:38','2023-06-11 23:13:38'),(29,2,NULL,NULL,NULL,1,'2023-06-11 23:15:00',NULL,NULL,NULL,'2023-06-11 23:13:39','2023-06-11 23:15:36'),(30,2,NULL,NULL,NULL,1,'2023-06-11 23:18:00',NULL,NULL,NULL,'2023-06-11 23:15:36','2023-06-11 23:18:23'),(31,2,NULL,NULL,NULL,8,'2023-06-11 23:19:00',NULL,NULL,NULL,'2023-06-11 23:18:24','2023-06-11 23:19:24'),(32,2,NULL,NULL,NULL,7,'2023-06-11 23:21:00',NULL,NULL,NULL,'2023-06-11 23:19:24','2023-06-11 23:21:53'),(33,6,NULL,NULL,NULL,9,'2023-06-11 23:24:00',NULL,NULL,NULL,'2023-06-11 23:22:47','2023-06-11 23:24:30'),(34,6,NULL,NULL,NULL,9,'2023-06-11 23:24:00',NULL,NULL,NULL,'2023-06-11 23:24:30','2023-06-11 23:24:30'),(35,6,NULL,NULL,NULL,9,'2023-06-11 23:25:00',NULL,NULL,NULL,'2023-06-11 23:24:30','2023-06-11 23:25:48'),(36,6,NULL,NULL,NULL,9,'2023-06-11 23:25:00',NULL,NULL,NULL,'2023-06-11 23:25:49','2023-06-11 23:25:49'),(37,6,NULL,NULL,NULL,9,'2023-06-11 23:27:00',NULL,NULL,NULL,'2023-06-11 23:25:49','2023-06-11 23:27:15'),(38,6,NULL,NULL,NULL,9,'2023-06-11 23:27:00',NULL,NULL,NULL,'2023-06-11 23:27:16','2023-06-11 23:27:16'),(39,6,NULL,NULL,NULL,9,'2023-06-11 23:28:00',NULL,NULL,NULL,'2023-06-11 23:27:16','2023-06-11 23:28:53'),(40,6,NULL,NULL,NULL,9,'2023-06-11 23:28:00',NULL,NULL,NULL,'2023-06-11 23:28:53','2023-06-11 23:28:53'),(41,6,NULL,NULL,NULL,9,'2023-06-11 23:29:00',NULL,NULL,NULL,'2023-06-11 23:28:53','2023-06-11 23:29:54'),(42,6,NULL,NULL,NULL,9,'2023-06-11 23:29:00',NULL,NULL,NULL,'2023-06-11 23:29:55','2023-06-11 23:29:55'),(51,5,NULL,NULL,NULL,5,'2023-06-11 23:07:00',NULL,NULL,NULL,'2023-06-12 18:58:07','2023-06-12 18:58:07'),(86,NULL,NULL,26,24,18,'2024-12-23 17:06:00',NULL,NULL,NULL,'2024-12-23 17:06:30','2024-12-23 17:06:30'),(87,5,NULL,NULL,NULL,16,'2023-06-11 23:09:00',NULL,NULL,NULL,'2024-12-23 17:06:30','2024-12-23 17:06:30'),(88,NULL,NULL,87,24,18,'2024-12-23 17:06:00',NULL,NULL,NULL,'2024-12-23 17:06:30','2024-12-23 17:06:30'),(91,5,NULL,NULL,NULL,16,'2023-06-11 23:09:00',NULL,NULL,NULL,'2024-12-23 17:07:38','2024-12-23 17:07:38'),(92,NULL,NULL,91,24,18,'2024-12-23 17:06:00',NULL,NULL,NULL,'2024-12-23 17:07:38','2024-12-23 17:07:38'),(95,NULL,NULL,22,24,11,'2024-12-23 17:08:00',NULL,NULL,NULL,'2024-12-23 17:08:55','2024-12-23 17:08:55'),(96,5,NULL,NULL,NULL,16,'2023-06-11 23:05:00',NULL,NULL,NULL,'2024-12-23 17:08:55','2024-12-23 17:08:55'),(97,NULL,NULL,96,24,11,'2024-12-23 17:08:00',NULL,NULL,NULL,'2024-12-23 17:08:55','2024-12-23 17:08:55'),(101,NULL,NULL,20,24,13,'2024-12-23 17:10:00',NULL,NULL,NULL,'2024-12-23 17:11:06','2024-12-23 17:11:06'),(102,NULL,NULL,20,24,12,'2024-12-23 17:11:00',NULL,NULL,NULL,'2024-12-23 17:11:06','2024-12-23 17:11:06'),(103,5,NULL,NULL,NULL,16,'2023-06-11 23:04:00',NULL,NULL,NULL,'2024-12-23 17:11:06','2024-12-23 17:11:06'),(104,NULL,NULL,103,24,13,'2024-12-23 17:10:00',NULL,NULL,NULL,'2024-12-23 17:11:06','2024-12-23 17:11:06'),(105,NULL,NULL,103,24,12,'2024-12-23 17:11:00',NULL,NULL,NULL,'2024-12-23 17:11:06','2024-12-23 17:11:06'),(116,6,NULL,NULL,NULL,9,'2023-06-11 23:29:00',NULL,NULL,NULL,'2024-12-23 17:21:24','2024-12-23 17:21:24'),(119,6,NULL,NULL,NULL,9,'2023-06-11 23:28:00',NULL,NULL,NULL,'2024-12-23 17:21:36','2024-12-23 17:21:36'),(122,6,NULL,NULL,NULL,9,'2023-06-11 23:25:00',NULL,NULL,NULL,'2024-12-23 17:21:47','2024-12-23 17:21:47'),(125,6,NULL,NULL,NULL,9,'2023-06-11 23:24:00',NULL,NULL,NULL,'2024-12-23 17:21:56','2024-12-23 17:21:56'),(128,NULL,NULL,18,24,14,'2024-12-23 17:23:00',NULL,NULL,NULL,'2024-12-23 17:24:00','2024-12-23 17:24:00'),(129,5,NULL,NULL,NULL,16,'2023-06-11 23:04:00',NULL,NULL,NULL,'2024-12-23 17:24:00','2024-12-23 17:24:00'),(130,NULL,NULL,129,24,14,'2024-12-23 17:23:00',NULL,NULL,NULL,'2024-12-23 17:24:01','2024-12-23 17:24:01'),(133,NULL,NULL,18,24,10,'2024-12-23 17:25:00',NULL,NULL,NULL,'2024-12-23 17:25:10','2024-12-23 17:25:10'),(134,5,NULL,NULL,NULL,16,'2023-06-11 23:04:00',NULL,NULL,NULL,'2024-12-23 17:25:10','2024-12-23 17:25:10'),(135,NULL,NULL,134,24,10,'2024-12-23 17:25:00',NULL,NULL,NULL,'2024-12-23 17:25:10','2024-12-23 17:25:10'),(138,5,NULL,NULL,NULL,16,'2023-06-11 23:04:00',NULL,NULL,NULL,'2024-12-23 17:25:31','2024-12-23 17:25:31'),(139,NULL,NULL,138,24,10,'2024-12-23 17:25:00',NULL,NULL,NULL,'2024-12-23 17:25:31','2024-12-23 17:25:31'),(142,NULL,NULL,24,24,17,'2024-12-23 17:28:00',NULL,NULL,NULL,'2024-12-23 17:28:05','2024-12-23 17:28:05'),(143,5,NULL,NULL,NULL,16,'2023-06-11 23:07:00',NULL,NULL,NULL,'2024-12-23 17:28:05','2024-12-23 17:28:05'),(144,NULL,NULL,143,24,17,'2024-12-23 17:28:00',NULL,NULL,NULL,'2024-12-23 17:28:05','2024-12-23 17:28:05'),(147,5,NULL,NULL,NULL,16,'2023-06-11 23:07:00',NULL,NULL,NULL,'2024-12-23 17:29:11','2024-12-23 17:29:11'),(148,NULL,NULL,147,24,17,'2024-12-23 17:28:00',NULL,NULL,NULL,'2024-12-23 17:29:11','2024-12-23 17:29:11');
commit;

--
-- Dumping data for table `entries_authors`
--

set autocommit=0;
INSERT INTO `entries_authors` VALUES (18,3,1),(19,3,1),(20,3,1),(21,3,1),(22,3,1),(23,3,1),(24,3,1),(25,3,1),(26,3,1),(27,3,1),(28,3,1),(29,3,1),(30,3,1),(31,3,1),(32,3,1),(33,3,1),(34,3,1),(35,3,1),(36,3,1),(37,3,1),(38,3,1),(39,3,1),(40,3,1),(41,3,1),(42,3,1),(51,3,1),(87,3,1),(91,3,1),(96,3,1),(103,3,1),(116,3,1),(119,3,1),(122,3,1),(125,3,1),(129,3,1),(134,3,1),(138,3,1),(143,3,1),(147,3,1);
commit;

--
-- Dumping data for table `entrytypes`
--

set autocommit=0;
INSERT INTO `entrytypes` VALUES (1,1,'Bandcamp Embed','bandcampEmbed','',NULL,1,'site',NULL,'',1,'site',NULL,1,'2023-06-11 22:50:13','2024-12-23 16:39:51',NULL,'1ba6b8f5-1f13-4f16-8dd0-f90db9e050f9'),(2,2,'Custom Page','customPage',NULL,NULL,1,'site',NULL,NULL,1,'site',NULL,1,'2023-06-11 22:50:13','2023-06-11 22:50:13',NULL,'7a3aa4ab-1d46-43c7-b592-2aaa13c4e1d1'),(4,4,'Gigs - Default','gigs_default','',NULL,1,'site',NULL,'',1,'site',NULL,1,'2023-06-11 22:50:13','2024-12-23 16:39:51',NULL,'66d475d7-97b8-40dc-9212-f05ea6e23d4c'),(5,5,'Gallery Page','galleryPage',NULL,NULL,1,'site',NULL,NULL,1,'site',NULL,1,'2023-06-11 22:50:13','2023-06-11 22:50:13',NULL,'d9a1cab9-8fb1-45aa-be80-4a16b5d5a3ae'),(6,6,'Home','home','house',NULL,0,'site',NULL,'{section.name|raw}',1,'site',NULL,1,'2023-06-11 22:50:13','2024-12-23 16:39:51',NULL,'8506d742-5b2a-47fe-97d8-880505113629'),(7,7,'SoundCloud Embed','soundcloudEmbed','',NULL,1,'site',NULL,'',1,'site',NULL,1,'2023-06-11 22:50:15','2024-12-23 16:39:51',NULL,'44f5fc6a-9bb6-457e-99fd-d88a30b802f0'),(8,8,'Spotify Embed','spotifyEmbed','',NULL,1,'site',NULL,'',1,'site',NULL,1,'2023-06-11 22:50:15','2024-12-23 16:39:51',NULL,'f494ab8a-02d3-48a3-bf69-103c6c96824c'),(9,9,'YouTube Video','youtubeVideo','',NULL,1,'site',NULL,'',0,'site',NULL,1,'2023-06-11 22:50:15','2024-12-23 16:39:51',NULL,'3879dbdd-7514-41f1-b0f8-cb825ab28546'),(10,15,'General Content','generalContent','align-justify','sky',1,'site',NULL,'',0,'site',NULL,1,'2024-12-23 16:39:51','2024-12-23 16:39:51',NULL,'cd84622a-df79-4b5b-9d98-f9e7ed621fd0'),(11,16,'Embeds Module','embedsModule','music','sky',1,'site',NULL,'',0,'site',NULL,1,'2024-12-23 16:39:51','2024-12-23 16:39:51',NULL,'2e37ec0b-896a-4a3b-953f-59d7f5127a84'),(12,17,'Video Grid','videoGrid','play','sky',1,'site',NULL,'',0,'site',NULL,1,'2024-12-23 16:39:51','2024-12-23 16:39:51',NULL,'9d2b7c77-acc5-4dba-8641-d02de2fbc1b6'),(13,18,'Gigs Module','gigsModule','drum','sky',1,'site',NULL,'',0,'site',NULL,1,'2024-12-23 16:39:51','2024-12-23 16:39:51',NULL,'72dbefd4-129d-400a-8161-f80241c6cd51'),(14,19,'Media & Content','mediaContent','image-polaroid','sky',1,'site',NULL,'',0,'site',NULL,1,'2024-12-23 16:39:51','2024-12-23 16:39:51',NULL,'ef1961c5-1e3c-4d3f-8f8e-b4ea3cfbed6e'),(15,20,'Spacer','spacer','gear',NULL,0,'site',NULL,'',0,'site',NULL,1,'2024-12-23 16:39:51','2024-12-23 16:39:51',NULL,'9acc1147-87aa-4431-a099-130a6abe949c'),(16,21,'Builder Page','builderPage','cubes',NULL,1,'site',NULL,'',1,'site',NULL,1,'2024-12-23 16:39:51','2024-12-23 16:39:51',NULL,'b2893806-8044-42c4-967c-a961476b4c1c'),(17,22,'Gallery','gallery','rectangle-history','sky',1,'site',NULL,'',0,'site',NULL,1,'2024-12-23 16:39:51','2024-12-23 16:39:51',NULL,'e01c47a5-80c5-41ea-9079-eb5d9c990ce4'),(18,23,'Media & Form','mediaForm','pen-field','sky',1,'site',NULL,'',0,'site',NULL,1,'2024-12-23 16:39:51','2024-12-23 16:39:51',NULL,'bb9b9ea2-bf37-44e0-be22-153bca5edd1b');
commit;

--
-- Dumping data for table `fieldlayouts`
--

set autocommit=0;
INSERT INTO `fieldlayouts` VALUES (1,'craft\\elements\\Entry','{\"tabs\": [{\"uid\": \"358b2e5f-a79a-4b07-8eeb-00b203dc8e18\", \"name\": \"Bandcamp Embed\", \"elements\": [{\"id\": null, \"max\": null, \"min\": null, \"tip\": null, \"uid\": \"d3f55934-f5cf-488b-b225-68d224808a22\", \"name\": null, \"size\": null, \"step\": null, \"type\": \"craft\\\\fieldlayoutelements\\\\entries\\\\EntryTitleField\", \"class\": null, \"label\": null, \"title\": null, \"width\": 100, \"warning\": null, \"disabled\": false, \"readonly\": false, \"required\": true, \"dateAdded\": \"2024-12-06T21:22:42+00:00\", \"inputType\": null, \"autocorrect\": true, \"orientation\": null, \"placeholder\": null, \"autocomplete\": false, \"instructions\": null, \"userCondition\": null, \"autocapitalize\": true, \"includeInCards\": false, \"providesThumbs\": false, \"labelAttributes\": [], \"elementCondition\": null, \"containerAttributes\": [], \"inputContainerAttributes\": []}, {\"tip\": null, \"uid\": \"8a8f6a4e-e44f-4f75-ba6c-93934f05d583\", \"type\": \"craft\\\\fieldlayoutelements\\\\CustomField\", \"label\": null, \"width\": 100, \"handle\": \"embedCode\", \"warning\": null, \"fieldUid\": \"e8fbb0cf-f013-47b2-8a71-e0aac50e9a06\", \"required\": false, \"dateAdded\": \"2024-12-06T21:22:42+00:00\", \"instructions\": null, \"userCondition\": null, \"includeInCards\": false, \"providesThumbs\": false, \"elementCondition\": null}], \"userCondition\": null, \"elementCondition\": null}], \"cardView\": []}','2023-06-11 22:50:13','2024-12-23 16:39:51',NULL,'a17f307f-c301-4429-8b56-b7558f30ea0c'),(2,'craft\\elements\\Entry','{\"tabs\": [{\"uid\": \"ba7ae951-de64-4bf5-9fab-7c37580fc30a\", \"name\": \"Custom Page\", \"elements\": [{\"id\": null, \"max\": null, \"min\": null, \"tip\": null, \"uid\": \"ccf316cc-dcf8-4899-ad56-a2c7a5b7b9c3\", \"name\": null, \"size\": null, \"step\": null, \"type\": \"craft\\\\fieldlayoutelements\\\\entries\\\\EntryTitleField\", \"class\": null, \"label\": null, \"title\": null, \"width\": 100, \"warning\": null, \"disabled\": false, \"readonly\": false, \"required\": true, \"dateAdded\": \"2024-12-23T08:45:54-08:00\", \"inputType\": null, \"autocorrect\": true, \"orientation\": null, \"placeholder\": null, \"autocomplete\": false, \"instructions\": null, \"userCondition\": null, \"autocapitalize\": true, \"includeInCards\": false, \"providesThumbs\": false, \"labelAttributes\": [], \"elementCondition\": null, \"containerAttributes\": [], \"inputContainerAttributes\": []}, {\"tip\": null, \"uid\": \"00aaed21-f3e9-4b6c-958f-618a06e3e7ca\", \"type\": \"craft\\\\fieldlayoutelements\\\\CustomField\", \"label\": null, \"width\": 100, \"handle\": null, \"warning\": null, \"fieldUid\": \"139b20e8-6e1b-4e75-be7f-776bc8a50d43\", \"required\": false, \"dateAdded\": \"2024-12-23T08:45:54-08:00\", \"instructions\": null, \"userCondition\": null, \"includeInCards\": false, \"providesThumbs\": false, \"elementCondition\": null}], \"userCondition\": null, \"elementCondition\": null}], \"cardView\": []}','2023-06-11 22:50:13','2024-12-23 16:46:54',NULL,'25586ae0-ad0e-4e86-84bc-2aa4a77fbc94'),(4,'craft\\elements\\Entry','{\"tabs\": [{\"uid\": \"49e37225-d557-43d3-bf39-bc06951a61f1\", \"name\": \"Gigs\", \"elements\": [{\"id\": null, \"max\": null, \"min\": null, \"tip\": null, \"uid\": \"6dfceb4f-a9aa-4a26-ac03-e7b49f426172\", \"name\": null, \"size\": null, \"step\": null, \"type\": \"craft\\\\fieldlayoutelements\\\\entries\\\\EntryTitleField\", \"class\": null, \"label\": null, \"title\": null, \"width\": 100, \"warning\": null, \"disabled\": false, \"readonly\": false, \"required\": true, \"dateAdded\": \"2024-12-06T21:22:43+00:00\", \"inputType\": null, \"autocorrect\": true, \"orientation\": null, \"placeholder\": null, \"autocomplete\": false, \"instructions\": null, \"userCondition\": null, \"autocapitalize\": true, \"includeInCards\": false, \"providesThumbs\": false, \"labelAttributes\": [], \"elementCondition\": null, \"containerAttributes\": [], \"inputContainerAttributes\": []}, {\"tip\": null, \"uid\": \"4449fc6a-6bcd-4096-9f74-db2eb500d9c3\", \"type\": \"craft\\\\fieldlayoutelements\\\\CustomField\", \"label\": null, \"width\": 100, \"handle\": null, \"warning\": null, \"fieldUid\": \"cf9cc357-e972-4534-96a3-16243a7d4e25\", \"required\": false, \"dateAdded\": \"2024-12-06T21:22:43+00:00\", \"instructions\": null, \"userCondition\": null, \"includeInCards\": true, \"providesThumbs\": false, \"elementCondition\": null}, {\"tip\": null, \"uid\": \"09393b89-901f-431a-ac15-6e09ec994593\", \"type\": \"craft\\\\fieldlayoutelements\\\\CustomField\", \"label\": null, \"width\": 100, \"handle\": null, \"warning\": null, \"fieldUid\": \"e2acdefe-2270-4161-989c-4cacd80454da\", \"required\": false, \"dateAdded\": \"2024-12-06T21:22:43+00:00\", \"instructions\": null, \"userCondition\": null, \"includeInCards\": true, \"providesThumbs\": false, \"elementCondition\": null}, {\"tip\": null, \"uid\": \"24fce9c1-bfcc-4bc8-be40-6c1a4d7b1bf2\", \"type\": \"craft\\\\fieldlayoutelements\\\\CustomField\", \"label\": null, \"width\": 100, \"handle\": null, \"warning\": null, \"fieldUid\": \"afa92d21-9da5-4728-b388-676ab1b11c37\", \"required\": false, \"dateAdded\": \"2024-12-06T21:22:43+00:00\", \"instructions\": null, \"userCondition\": null, \"includeInCards\": false, \"providesThumbs\": true, \"elementCondition\": null}, {\"tip\": null, \"uid\": \"f0b26a45-2a0e-4226-97d0-031e0c5f7f1e\", \"type\": \"craft\\\\fieldlayoutelements\\\\CustomField\", \"label\": null, \"width\": 100, \"handle\": null, \"warning\": null, \"fieldUid\": \"82e690ff-8e29-4b0d-850d-c09a6cc8871f\", \"required\": false, \"dateAdded\": \"2024-12-06T21:22:43+00:00\", \"instructions\": null, \"userCondition\": null, \"includeInCards\": false, \"providesThumbs\": false, \"elementCondition\": null}], \"userCondition\": null, \"elementCondition\": null}], \"cardView\": [\"layoutElement:4449fc6a-6bcd-4096-9f74-db2eb500d9c3\", \"layoutElement:09393b89-901f-431a-ac15-6e09ec994593\"]}','2023-06-11 22:50:13','2024-12-23 16:39:51',NULL,'45ee0ef2-d574-44c6-a28d-ac7826a02477'),(5,'craft\\elements\\Entry','{\"tabs\": [{\"uid\": \"7436cdd9-7d2e-4b5e-a35f-3aa5153924ca\", \"name\": \"Gallery Page\", \"elements\": [{\"id\": null, \"max\": null, \"min\": null, \"tip\": null, \"uid\": \"22625b58-3084-4a82-b270-15b8198b5ce6\", \"name\": null, \"size\": null, \"step\": null, \"type\": \"craft\\\\fieldlayoutelements\\\\entries\\\\EntryTitleField\", \"class\": null, \"label\": null, \"title\": null, \"width\": 100, \"warning\": null, \"disabled\": false, \"readonly\": false, \"required\": true, \"dateAdded\": \"2024-12-23T08:45:53-08:00\", \"inputType\": null, \"autocorrect\": true, \"orientation\": null, \"placeholder\": null, \"autocomplete\": false, \"instructions\": null, \"userCondition\": null, \"autocapitalize\": true, \"includeInCards\": false, \"providesThumbs\": false, \"labelAttributes\": [], \"elementCondition\": null, \"containerAttributes\": [], \"inputContainerAttributes\": []}, {\"tip\": null, \"uid\": \"7c7f8bad-b29c-43d4-aab7-e46e00775240\", \"type\": \"craft\\\\fieldlayoutelements\\\\CustomField\", \"label\": null, \"width\": 100, \"handle\": null, \"warning\": null, \"fieldUid\": \"ad2a34fc-908d-4a7e-b211-235d769602d3\", \"required\": false, \"dateAdded\": \"2024-12-23T08:45:53-08:00\", \"instructions\": null, \"userCondition\": null, \"includeInCards\": false, \"providesThumbs\": false, \"elementCondition\": null}], \"userCondition\": null, \"elementCondition\": null}], \"cardView\": []}','2023-06-11 22:50:13','2024-12-23 16:46:53',NULL,'279e5b91-22f6-4dbb-8e3d-95bc6c2706a9'),(6,'craft\\elements\\Entry','{\"tabs\": [{\"uid\": \"8165a1c5-0fdb-4e05-b74d-815df015a964\", \"name\": \"Content\", \"elements\": [{\"uid\": \"42183623-71c0-4fd4-9458-52dcc7bbdd6f\", \"type\": \"craft\\\\fieldlayoutelements\\\\Heading\", \"heading\": \"Homepage Content\", \"dateAdded\": \"2024-12-11T22:07:54+00:00\", \"userCondition\": null, \"elementCondition\": null}, {\"tip\": null, \"uid\": \"a04b38f6-8a21-4cab-868b-a8272a1734d6\", \"type\": \"craft\\\\fieldlayoutelements\\\\CustomField\", \"label\": null, \"width\": 100, \"handle\": null, \"warning\": null, \"fieldUid\": \"d036f92a-3e96-4a73-b959-e8cf8df3c077\", \"required\": false, \"dateAdded\": \"2024-12-11T21:55:33+00:00\", \"instructions\": null, \"userCondition\": null, \"includeInCards\": false, \"providesThumbs\": false, \"elementCondition\": null}, {\"tip\": null, \"uid\": \"6632dbcb-1a41-4851-b4ce-714e6ed7806a\", \"type\": \"craft\\\\fieldlayoutelements\\\\CustomField\", \"label\": \"Subheading\", \"width\": 100, \"handle\": \"subheading\", \"warning\": null, \"fieldUid\": \"d036f92a-3e96-4a73-b959-e8cf8df3c077\", \"required\": false, \"dateAdded\": \"2024-12-11T21:55:33+00:00\", \"instructions\": null, \"userCondition\": null, \"includeInCards\": false, \"providesThumbs\": false, \"elementCondition\": null}, {\"uid\": \"9cd608f7-2056-47ea-a23d-66c6e245f5b2\", \"type\": \"craft\\\\fieldlayoutelements\\\\HorizontalRule\", \"dateAdded\": \"2024-12-11T21:55:33+00:00\", \"userCondition\": null, \"elementCondition\": null}, {\"tip\": \"Will fallback to an image by default on mobile view.\", \"uid\": \"d967ff84-b439-468f-9c28-9ddfdcc40765\", \"type\": \"craft\\\\fieldlayoutelements\\\\CustomField\", \"label\": \"Background Video\", \"width\": 100, \"handle\": \"backgroundVideo\", \"warning\": null, \"fieldUid\": \"d10f8d89-ce67-4b10-bbe3-42358861dbc1\", \"required\": false, \"dateAdded\": \"2024-12-11T21:55:33+00:00\", \"instructions\": null, \"userCondition\": null, \"includeInCards\": false, \"providesThumbs\": false, \"elementCondition\": null}], \"userCondition\": null, \"elementCondition\": null}], \"cardView\": []}','2023-06-11 22:50:13','2024-12-23 16:39:51',NULL,'d4aefd62-4576-451d-bfed-e8d83cd166ff'),(7,'craft\\elements\\Entry','{\"tabs\": [{\"uid\": \"20decf46-25c4-45dc-87cc-dd00b5b911b9\", \"name\": \"SoundCloud Embed\", \"elements\": [{\"id\": null, \"max\": null, \"min\": null, \"tip\": null, \"uid\": \"47116a2f-d30d-40a7-a63e-23502354a68d\", \"name\": null, \"size\": null, \"step\": null, \"type\": \"craft\\\\fieldlayoutelements\\\\entries\\\\EntryTitleField\", \"class\": null, \"label\": null, \"title\": null, \"width\": 100, \"warning\": null, \"disabled\": false, \"readonly\": false, \"required\": true, \"dateAdded\": \"2024-12-06T21:22:43+00:00\", \"inputType\": null, \"autocorrect\": true, \"orientation\": null, \"placeholder\": null, \"autocomplete\": false, \"instructions\": null, \"userCondition\": null, \"autocapitalize\": true, \"includeInCards\": false, \"providesThumbs\": false, \"labelAttributes\": [], \"elementCondition\": null, \"containerAttributes\": [], \"inputContainerAttributes\": []}, {\"tip\": null, \"uid\": \"036d6841-6bb9-487d-a01b-c28cb4d2937b\", \"type\": \"craft\\\\fieldlayoutelements\\\\CustomField\", \"label\": null, \"width\": 100, \"handle\": \"embedCode\", \"warning\": null, \"fieldUid\": \"be2a1882-9121-4306-87b1-450de9d53256\", \"required\": false, \"dateAdded\": \"2024-12-06T21:22:43+00:00\", \"instructions\": null, \"userCondition\": null, \"includeInCards\": false, \"providesThumbs\": false, \"elementCondition\": null}], \"userCondition\": null, \"elementCondition\": null}], \"cardView\": []}','2023-06-11 22:50:15','2024-12-23 16:39:51',NULL,'e4347c61-d895-4989-b23b-7902e307d7da'),(8,'craft\\elements\\Entry','{\"tabs\": [{\"uid\": \"9dd4191e-eea3-4711-bfea-cf7c2564ca6e\", \"name\": \"Spotify Embed\", \"elements\": [{\"id\": null, \"max\": null, \"min\": null, \"tip\": null, \"uid\": \"9a388b4a-5b98-4822-82f9-ef14e26b3e64\", \"name\": null, \"size\": null, \"step\": null, \"type\": \"craft\\\\fieldlayoutelements\\\\entries\\\\EntryTitleField\", \"class\": null, \"label\": null, \"title\": null, \"width\": 100, \"warning\": null, \"disabled\": false, \"readonly\": false, \"required\": true, \"dateAdded\": \"2024-12-06T21:22:43+00:00\", \"inputType\": null, \"autocorrect\": true, \"orientation\": null, \"placeholder\": null, \"autocomplete\": false, \"instructions\": null, \"userCondition\": null, \"autocapitalize\": true, \"includeInCards\": false, \"providesThumbs\": false, \"labelAttributes\": [], \"elementCondition\": null, \"containerAttributes\": [], \"inputContainerAttributes\": []}, {\"tip\": null, \"uid\": \"58557f92-7d83-4a51-8d3e-b9b38ab91b11\", \"type\": \"craft\\\\fieldlayoutelements\\\\CustomField\", \"label\": null, \"width\": 100, \"handle\": \"embedCode\", \"warning\": null, \"fieldUid\": \"9529e1cb-135c-4e74-bd95-f62c6d2bc858\", \"required\": false, \"dateAdded\": \"2024-12-06T21:22:43+00:00\", \"instructions\": null, \"userCondition\": null, \"includeInCards\": false, \"providesThumbs\": false, \"elementCondition\": null}], \"userCondition\": null, \"elementCondition\": null}], \"cardView\": []}','2023-06-11 22:50:15','2024-12-23 16:39:51',NULL,'c123a272-94e8-4203-bbe3-9b0757fe5ebc'),(9,'craft\\elements\\Entry','{\"tabs\": [{\"uid\": \"722bb48c-811c-419a-9a90-a20cf0e98a2c\", \"name\": \"YouTube Video\", \"elements\": [{\"id\": null, \"max\": null, \"min\": null, \"tip\": null, \"uid\": \"6fc70047-bb74-4133-9e67-2e87291af2a2\", \"name\": null, \"size\": null, \"step\": null, \"type\": \"craft\\\\fieldlayoutelements\\\\entries\\\\EntryTitleField\", \"class\": null, \"label\": null, \"title\": null, \"width\": 50, \"warning\": null, \"disabled\": false, \"readonly\": false, \"required\": true, \"dateAdded\": \"2024-12-06T21:22:43+00:00\", \"inputType\": null, \"autocorrect\": true, \"orientation\": null, \"placeholder\": null, \"autocomplete\": false, \"instructions\": null, \"userCondition\": null, \"autocapitalize\": true, \"includeInCards\": false, \"providesThumbs\": false, \"labelAttributes\": [], \"elementCondition\": null, \"containerAttributes\": [], \"inputContainerAttributes\": []}, {\"tip\": null, \"uid\": \"fe57c07c-1d69-43c3-8baf-c2260e45ac3e\", \"type\": \"craft\\\\fieldlayoutelements\\\\CustomField\", \"label\": null, \"width\": 50, \"handle\": null, \"warning\": null, \"fieldUid\": \"21bf5ac9-a185-4970-b6dc-e66c96ef0807\", \"required\": false, \"dateAdded\": \"2024-12-06T21:22:43+00:00\", \"instructions\": null, \"userCondition\": null, \"includeInCards\": true, \"providesThumbs\": false, \"elementCondition\": null}, {\"uid\": \"8d3a8b42-9b0d-426b-8222-730940f8f05b\", \"type\": \"craft\\\\fieldlayoutelements\\\\HorizontalRule\", \"dateAdded\": \"2024-12-13T21:56:34+00:00\", \"userCondition\": null, \"elementCondition\": null}, {\"tip\": null, \"uid\": \"64feaee3-2e6d-4070-8a5f-799139399d2c\", \"type\": \"craft\\\\fieldlayoutelements\\\\CustomField\", \"label\": null, \"width\": 100, \"handle\": null, \"warning\": null, \"fieldUid\": \"8714d452-365e-4edd-ba97-237557f2207f\", \"required\": false, \"dateAdded\": \"2024-12-13T21:56:34+00:00\", \"instructions\": null, \"userCondition\": null, \"includeInCards\": false, \"providesThumbs\": true, \"elementCondition\": null}], \"userCondition\": null, \"elementCondition\": null}], \"cardView\": [\"layoutElement:fe57c07c-1d69-43c3-8baf-c2260e45ac3e\"]}','2023-06-11 22:50:15','2024-12-23 16:39:51',NULL,'c1f4dd43-494c-4ed0-a33e-4dd588a90f0d'),(10,'craft\\elements\\GlobalSet','{\"tabs\": [{\"uid\": \"c0ed7fb0-9c7a-44ca-8762-26003b537f66\", \"name\": \"Site Settings\", \"elements\": [{\"uid\": \"66a5705a-cde3-4ef9-b59e-e5b804664329\", \"type\": \"craft\\\\fieldlayoutelements\\\\Heading\", \"heading\": \"Site Settings\", \"dateAdded\": \"2024-12-17T15:28:07+00:00\", \"userCondition\": null, \"elementCondition\": null}, {\"tip\": null, \"uid\": \"ce516f33-2e70-405c-99a1-2d8d64bacc3d\", \"type\": \"craft\\\\fieldlayoutelements\\\\CustomField\", \"label\": null, \"width\": 100, \"handle\": null, \"warning\": null, \"fieldUid\": \"a10d1b66-619c-4f4b-99c3-ad63094cbee2\", \"required\": false, \"dateAdded\": \"2024-12-06T21:22:43+00:00\", \"instructions\": null, \"userCondition\": null, \"includeInCards\": false, \"providesThumbs\": false, \"elementCondition\": null}, {\"tip\": null, \"uid\": \"71169323-2209-4100-8975-7e9bb5a6d9d7\", \"type\": \"craft\\\\fieldlayoutelements\\\\CustomField\", \"label\": null, \"width\": 100, \"handle\": null, \"warning\": null, \"fieldUid\": \"dc9dbdd1-71b5-4b7e-8fc1-134104cb3a83\", \"required\": false, \"dateAdded\": \"2024-12-06T21:22:43+00:00\", \"instructions\": null, \"userCondition\": null, \"includeInCards\": false, \"providesThumbs\": false, \"elementCondition\": null}, {\"tip\": null, \"uid\": \"c8c54e69-7104-493a-bd99-0e36b6428cac\", \"type\": \"craft\\\\fieldlayoutelements\\\\CustomField\", \"label\": null, \"width\": 100, \"handle\": null, \"warning\": null, \"fieldUid\": \"9167b446-1840-45ea-8aa9-300e555b1344\", \"required\": false, \"dateAdded\": \"2024-12-06T21:22:43+00:00\", \"instructions\": null, \"userCondition\": null, \"includeInCards\": false, \"providesThumbs\": false, \"elementCondition\": null}], \"userCondition\": null, \"elementCondition\": null}], \"cardView\": []}','2023-06-11 22:50:15','2024-12-23 16:39:51',NULL,'f894566f-5464-4b8d-8ad0-d61946bf5361'),(11,'craft\\elements\\Asset','{\"tabs\": [{\"uid\": \"feee6ad3-4eb1-45da-99bf-88c9fe87c140\", \"name\": \"Content\", \"elements\": [{\"id\": null, \"max\": null, \"min\": null, \"tip\": null, \"uid\": \"f278b982-ac20-4918-ac40-1849d642bb11\", \"name\": null, \"size\": null, \"step\": null, \"type\": \"craft\\\\fieldlayoutelements\\\\assets\\\\AssetTitleField\", \"class\": null, \"label\": null, \"title\": null, \"width\": 100, \"warning\": null, \"disabled\": false, \"readonly\": false, \"dateAdded\": \"2024-12-23T08:45:53-08:00\", \"inputType\": null, \"requirable\": false, \"autocorrect\": true, \"orientation\": null, \"placeholder\": null, \"autocomplete\": false, \"instructions\": null, \"userCondition\": null, \"autocapitalize\": true, \"includeInCards\": false, \"providesThumbs\": false, \"labelAttributes\": [], \"elementCondition\": null, \"containerAttributes\": [], \"inputContainerAttributes\": []}], \"userCondition\": null, \"elementCondition\": null}], \"cardView\": []}','2023-06-11 22:50:16','2024-12-23 16:46:53',NULL,'d30ad1d2-d72e-47f0-b630-a60820c3ddb2'),(12,'craft\\elements\\Asset','{\"tabs\": [{\"uid\": \"36b29584-0e2c-44aa-9183-9125ce17a094\", \"name\": \"Content\", \"elements\": [{\"id\": null, \"max\": null, \"min\": null, \"tip\": null, \"uid\": \"b1e1be8c-0a34-4ab5-b928-12be7d716ef3\", \"name\": null, \"size\": null, \"step\": null, \"type\": \"craft\\\\fieldlayoutelements\\\\assets\\\\AssetTitleField\", \"class\": null, \"label\": null, \"title\": null, \"width\": 100, \"warning\": null, \"disabled\": false, \"readonly\": false, \"dateAdded\": \"2024-12-23T08:45:53-08:00\", \"inputType\": null, \"requirable\": false, \"autocorrect\": true, \"orientation\": null, \"placeholder\": null, \"autocomplete\": false, \"instructions\": null, \"userCondition\": null, \"autocapitalize\": true, \"includeInCards\": false, \"providesThumbs\": false, \"labelAttributes\": [], \"elementCondition\": null, \"containerAttributes\": [], \"inputContainerAttributes\": []}], \"userCondition\": null, \"elementCondition\": null}], \"cardView\": []}','2023-06-11 22:50:16','2024-12-23 16:46:53',NULL,'4631d292-bafd-4363-a467-9e79d10e2b83'),(13,'craft\\elements\\Address','{\"tabs\": [{\"uid\": \"0eecb70d-d965-4f3f-9be4-1649ebedaeb8\", \"name\": \"Content\", \"elements\": [{\"id\": null, \"max\": null, \"min\": null, \"tip\": null, \"uid\": \"70e5e657-7239-4906-b051-e615e0bb82aa\", \"name\": null, \"size\": null, \"step\": null, \"type\": \"craft\\\\fieldlayoutelements\\\\addresses\\\\LabelField\", \"class\": null, \"label\": null, \"title\": null, \"width\": 100, \"warning\": null, \"disabled\": false, \"readonly\": false, \"dateAdded\": \"2024-12-23T16:29:15+00:00\", \"inputType\": null, \"requirable\": false, \"autocorrect\": true, \"orientation\": null, \"placeholder\": null, \"autocomplete\": false, \"instructions\": null, \"userCondition\": null, \"autocapitalize\": true, \"includeInCards\": false, \"providesThumbs\": false, \"labelAttributes\": [], \"elementCondition\": null, \"containerAttributes\": [], \"inputContainerAttributes\": []}, {\"id\": null, \"tip\": null, \"uid\": \"879b37dc-7f98-497a-83eb-316e40a714dc\", \"type\": \"craft\\\\fieldlayoutelements\\\\addresses\\\\CountryCodeField\", \"label\": null, \"width\": 100, \"warning\": null, \"attribute\": \"countryCode\", \"dateAdded\": \"2024-12-23T16:29:15+00:00\", \"requirable\": false, \"orientation\": null, \"instructions\": null, \"userCondition\": null, \"includeInCards\": false, \"providesThumbs\": false, \"labelAttributes\": [], \"elementCondition\": null, \"containerAttributes\": [], \"inputContainerAttributes\": []}, {\"tip\": null, \"uid\": \"a53dc581-c151-4f75-8a63-b2e9493fc545\", \"type\": \"craft\\\\fieldlayoutelements\\\\addresses\\\\AddressField\", \"label\": null, \"warning\": null, \"required\": false, \"dateAdded\": \"2024-12-23T16:29:15+00:00\", \"instructions\": null, \"userCondition\": null, \"includeInCards\": true, \"providesThumbs\": false, \"elementCondition\": null}], \"userCondition\": null, \"elementCondition\": null}], \"cardView\": []}','2024-12-23 16:33:36','2024-12-23 16:33:36',NULL,'ac88ed23-0855-458d-b3de-ef7a980d97f0'),(15,'craft\\elements\\Entry','{\"tabs\": [{\"uid\": \"278ac8ce-0230-45f8-8b5a-db1e203ae280\", \"name\": \"Content\", \"elements\": [{\"uid\": \"8c600950-1ddd-49d3-aced-19eb226522fe\", \"type\": \"craft\\\\fieldlayoutelements\\\\Heading\", \"heading\": \"Content\", \"dateAdded\": \"2024-12-11T16:12:40+00:00\", \"userCondition\": null, \"elementCondition\": null}, {\"id\": null, \"max\": null, \"min\": null, \"tip\": null, \"uid\": \"0a6f6218-f26f-44f8-ad46-e01dbe2f2db1\", \"name\": null, \"size\": null, \"step\": null, \"type\": \"craft\\\\fieldlayoutelements\\\\entries\\\\EntryTitleField\", \"class\": null, \"label\": \"Title (optional)\", \"title\": null, \"width\": 100, \"warning\": null, \"disabled\": false, \"readonly\": false, \"required\": false, \"dateAdded\": \"2024-12-09T21:01:17+00:00\", \"inputType\": null, \"autocorrect\": true, \"orientation\": null, \"placeholder\": null, \"autocomplete\": false, \"instructions\": null, \"userCondition\": null, \"autocapitalize\": true, \"includeInCards\": false, \"providesThumbs\": false, \"labelAttributes\": [], \"elementCondition\": null, \"containerAttributes\": [], \"inputContainerAttributes\": []}, {\"tip\": null, \"uid\": \"83e1b785-31e6-43ef-b9f4-bb7876909f01\", \"type\": \"craft\\\\fieldlayoutelements\\\\CustomField\", \"label\": \"Content Body\", \"width\": 100, \"handle\": \"contentBody\", \"warning\": null, \"fieldUid\": \"bc2fc90b-6d22-4a49-8fbd-a852acb9fdd1\", \"required\": false, \"dateAdded\": \"2024-12-11T16:04:45+00:00\", \"instructions\": null, \"userCondition\": null, \"includeInCards\": true, \"providesThumbs\": false, \"elementCondition\": null}], \"userCondition\": null, \"elementCondition\": null}, {\"uid\": \"8619f87b-709b-4fd7-8ddc-d85284ad8338\", \"name\": \"Appearance\", \"elements\": [{\"uid\": \"7203d243-646c-468d-a2eb-349045146575\", \"type\": \"craft\\\\fieldlayoutelements\\\\Heading\", \"heading\": \"Appearance\", \"dateAdded\": \"2024-12-11T16:12:40+00:00\", \"userCondition\": null, \"elementCondition\": null}, {\"tip\": \"Defaults to light grey (#eeeeee)\", \"uid\": \"c16179d6-400d-4018-be91-230624617fa4\", \"type\": \"craft\\\\fieldlayoutelements\\\\CustomField\", \"label\": \"Background Color\", \"width\": 50, \"handle\": \"backgroundColor\", \"warning\": null, \"fieldUid\": \"b28163a8-205c-4838-ac55-20538571deaa\", \"required\": false, \"dateAdded\": \"2024-12-11T16:12:40+00:00\", \"instructions\": null, \"userCondition\": null, \"includeInCards\": false, \"providesThumbs\": false, \"elementCondition\": null}, {\"tip\": \"Defaults to Slate 600 (#475569)\", \"uid\": \"6f905075-4334-45e7-b089-8ad3f5347372\", \"type\": \"craft\\\\fieldlayoutelements\\\\CustomField\", \"label\": \"Content Color\", \"width\": 50, \"handle\": \"contentColor\", \"warning\": null, \"fieldUid\": \"b28163a8-205c-4838-ac55-20538571deaa\", \"required\": false, \"dateAdded\": \"2024-12-11T16:12:40+00:00\", \"instructions\": null, \"userCondition\": null, \"includeInCards\": false, \"providesThumbs\": false, \"elementCondition\": null}], \"userCondition\": null, \"elementCondition\": null}], \"cardView\": [\"type\", \"layoutElement:83e1b785-31e6-43ef-b9f4-bb7876909f01\"]}','2024-12-23 16:39:51','2024-12-23 16:39:51',NULL,'f3684c66-104b-4a56-901c-f8c161bb11f1'),(16,'craft\\elements\\Entry','{\"tabs\": [{\"uid\": \"2a63d9c1-a199-47a4-9e5d-1c4a71633778\", \"name\": \"Content\", \"elements\": [{\"id\": null, \"max\": null, \"min\": null, \"tip\": null, \"uid\": \"a268d50a-a1d3-441e-b8c6-8b59b92c4cd9\", \"name\": null, \"size\": null, \"step\": null, \"type\": \"craft\\\\fieldlayoutelements\\\\entries\\\\EntryTitleField\", \"class\": null, \"label\": null, \"title\": null, \"width\": 100, \"warning\": null, \"disabled\": false, \"readonly\": false, \"required\": false, \"dateAdded\": \"2024-12-23T15:39:46+00:00\", \"inputType\": null, \"autocorrect\": true, \"orientation\": null, \"placeholder\": null, \"autocomplete\": false, \"instructions\": null, \"userCondition\": null, \"autocapitalize\": true, \"includeInCards\": false, \"providesThumbs\": false, \"labelAttributes\": [], \"elementCondition\": null, \"containerAttributes\": [], \"inputContainerAttributes\": []}, {\"uid\": \"73adf8b9-bf6e-4c4d-ad7b-3e52904c0f12\", \"type\": \"craft\\\\fieldlayoutelements\\\\HorizontalRule\", \"dateAdded\": \"2024-12-23T15:49:44+00:00\", \"userCondition\": null, \"elementCondition\": null}, {\"tip\": null, \"uid\": \"23d6b77a-e903-4ceb-991d-6b1f2310d49b\", \"type\": \"craft\\\\fieldlayoutelements\\\\CustomField\", \"label\": \"Embeds | Left\", \"width\": 50, \"handle\": \"embedsLeft\", \"warning\": null, \"fieldUid\": \"299192bd-bbe9-4f2a-b1b4-b8f6f80905ef\", \"required\": false, \"dateAdded\": \"2024-12-23T15:49:44+00:00\", \"instructions\": \"Select the music embeds to display on the left side of this module (top on mobile).\", \"userCondition\": null, \"includeInCards\": true, \"providesThumbs\": false, \"elementCondition\": null}, {\"tip\": null, \"uid\": \"d89d9435-d547-4ba7-bc61-7ab17389355e\", \"type\": \"craft\\\\fieldlayoutelements\\\\CustomField\", \"label\": \"Embeds | Right\", \"width\": 50, \"handle\": \"embedsRight\", \"warning\": null, \"fieldUid\": \"299192bd-bbe9-4f2a-b1b4-b8f6f80905ef\", \"required\": false, \"dateAdded\": \"2024-12-23T15:49:44+00:00\", \"instructions\": \"Select the music embeds to display on the right side of this module (bottom on mobile).\", \"userCondition\": null, \"includeInCards\": true, \"providesThumbs\": false, \"elementCondition\": null}], \"userCondition\": null, \"elementCondition\": null}], \"cardView\": [\"layoutElement:23d6b77a-e903-4ceb-991d-6b1f2310d49b\", \"layoutElement:d89d9435-d547-4ba7-bc61-7ab17389355e\"]}','2024-12-23 16:39:51','2024-12-23 16:39:51',NULL,'63310011-23c1-4072-bb75-680121ee9d7e'),(17,'craft\\elements\\Entry','{\"tabs\": [{\"uid\": \"a5dc5f50-b6b2-4f71-8403-493a84bcdf3d\", \"name\": \"Content\", \"elements\": [{\"uid\": \"49096e4c-fbeb-47dd-afb1-8a980e3f4a01\", \"type\": \"craft\\\\fieldlayoutelements\\\\Heading\", \"heading\": \"Content\", \"dateAdded\": \"2024-12-16T21:04:31+00:00\", \"userCondition\": null, \"elementCondition\": null}, {\"id\": null, \"max\": null, \"min\": null, \"tip\": null, \"uid\": \"a4976ec1-004b-465e-9668-663eef31afb4\", \"name\": null, \"size\": null, \"step\": null, \"type\": \"craft\\\\fieldlayoutelements\\\\entries\\\\EntryTitleField\", \"class\": null, \"label\": null, \"title\": null, \"width\": 100, \"warning\": null, \"disabled\": false, \"readonly\": false, \"required\": false, \"dateAdded\": \"2024-12-09T21:02:59+00:00\", \"inputType\": null, \"autocorrect\": true, \"orientation\": null, \"placeholder\": null, \"autocomplete\": false, \"instructions\": null, \"userCondition\": null, \"autocapitalize\": true, \"includeInCards\": false, \"providesThumbs\": false, \"labelAttributes\": [], \"elementCondition\": null, \"containerAttributes\": [], \"inputContainerAttributes\": []}, {\"uid\": \"e941b2be-fb17-4079-9f98-4e6b178a6651\", \"type\": \"craft\\\\fieldlayoutelements\\\\HorizontalRule\", \"dateAdded\": \"2024-12-16T21:04:31+00:00\", \"userCondition\": null, \"elementCondition\": null}, {\"tip\": null, \"uid\": \"6943897f-3459-431b-acf7-eda6ce763c03\", \"type\": \"craft\\\\fieldlayoutelements\\\\CustomField\", \"label\": null, \"width\": 100, \"handle\": null, \"warning\": null, \"fieldUid\": \"3b374f35-1602-4985-917c-bd65649ca09e\", \"required\": false, \"dateAdded\": \"2024-12-16T21:04:31+00:00\", \"instructions\": null, \"userCondition\": null, \"includeInCards\": true, \"providesThumbs\": false, \"elementCondition\": null}], \"userCondition\": null, \"elementCondition\": null}, {\"uid\": \"4e73971e-c42e-41d7-b623-14f437aac977\", \"name\": \"Appearance\", \"elements\": [{\"uid\": \"d71f2690-6e17-4cbb-acc7-d1d665367050\", \"type\": \"craft\\\\fieldlayoutelements\\\\Heading\", \"heading\": \"Appearance\", \"dateAdded\": \"2024-12-16T21:04:31+00:00\", \"userCondition\": null, \"elementCondition\": null}, {\"tip\": \"Defaults to light grey (#eeeeee)\", \"uid\": \"a08a9864-42f7-402e-91e4-c3c5b829ec12\", \"type\": \"craft\\\\fieldlayoutelements\\\\CustomField\", \"label\": \"Background Color\", \"width\": 50, \"handle\": \"backgroundColor\", \"warning\": null, \"fieldUid\": \"b28163a8-205c-4838-ac55-20538571deaa\", \"required\": false, \"dateAdded\": \"2024-12-16T21:04:31+00:00\", \"instructions\": null, \"userCondition\": null, \"includeInCards\": false, \"providesThumbs\": false, \"elementCondition\": null}, {\"tip\": \"Defaults to Slate 600 (#475569)\", \"uid\": \"3c5e564b-5439-4a1b-9dd1-790d5b051f4b\", \"type\": \"craft\\\\fieldlayoutelements\\\\CustomField\", \"label\": \"Content Color\", \"width\": 50, \"handle\": \"contentColor\", \"warning\": null, \"fieldUid\": \"b28163a8-205c-4838-ac55-20538571deaa\", \"required\": false, \"dateAdded\": \"2024-12-16T21:04:31+00:00\", \"instructions\": null, \"userCondition\": null, \"includeInCards\": false, \"providesThumbs\": false, \"elementCondition\": null}, {\"uid\": \"c2453b04-ec57-433d-98d4-9168e12bd9e6\", \"type\": \"craft\\\\fieldlayoutelements\\\\HorizontalRule\", \"dateAdded\": \"2024-12-16T21:04:31+00:00\", \"userCondition\": null, \"elementCondition\": null}, {\"tip\": \"Defaults to 2 columns.\", \"uid\": \"a3d64401-5bbb-4c18-bf87-927e5484984a\", \"type\": \"craft\\\\fieldlayoutelements\\\\CustomField\", \"label\": \"Number of Card Columns\", \"width\": 100, \"handle\": null, \"warning\": null, \"fieldUid\": \"00f0f6fc-444a-4eb0-b660-fcbb5c85f41f\", \"required\": false, \"dateAdded\": \"2024-12-16T21:04:31+00:00\", \"instructions\": \"Select number of card columns within the video grid.\", \"userCondition\": null, \"includeInCards\": false, \"providesThumbs\": false, \"elementCondition\": null}], \"userCondition\": null, \"elementCondition\": null}], \"cardView\": [\"layoutElement:6943897f-3459-431b-acf7-eda6ce763c03\"]}','2024-12-23 16:39:51','2024-12-23 16:39:51',NULL,'1ea3226d-28de-4336-8608-8923a8c6d075'),(18,'craft\\elements\\Entry','{\"tabs\": [{\"uid\": \"e1cf09d8-74f4-475c-8524-2a3e91c02c2f\", \"name\": \"Content\", \"elements\": [{\"uid\": \"3dbe31b5-53d2-482b-b91b-a6d44c5290c2\", \"type\": \"craft\\\\fieldlayoutelements\\\\Heading\", \"heading\": \"Content\", \"dateAdded\": \"2024-12-17T16:22:42+00:00\", \"userCondition\": null, \"elementCondition\": null}, {\"id\": null, \"max\": null, \"min\": null, \"tip\": null, \"uid\": \"393267c5-a945-4648-9976-949f21d2842f\", \"name\": null, \"size\": null, \"step\": null, \"type\": \"craft\\\\fieldlayoutelements\\\\entries\\\\EntryTitleField\", \"class\": null, \"label\": null, \"title\": null, \"width\": 100, \"warning\": null, \"disabled\": false, \"readonly\": false, \"required\": false, \"dateAdded\": \"2024-12-17T15:59:14+00:00\", \"inputType\": null, \"autocorrect\": true, \"orientation\": null, \"placeholder\": null, \"autocomplete\": false, \"instructions\": null, \"userCondition\": null, \"autocapitalize\": true, \"includeInCards\": false, \"providesThumbs\": false, \"labelAttributes\": [], \"elementCondition\": null, \"containerAttributes\": [], \"inputContainerAttributes\": []}, {\"uid\": \"73dbc846-3428-4615-930a-0dc1f3e5dd34\", \"type\": \"craft\\\\fieldlayoutelements\\\\HorizontalRule\", \"dateAdded\": \"2024-12-17T16:02:07+00:00\", \"userCondition\": null, \"elementCondition\": null}, {\"tip\": null, \"uid\": \"bf086f1b-fdb4-49a5-914d-ff5be4160d9e\", \"type\": \"craft\\\\fieldlayoutelements\\\\CustomField\", \"label\": null, \"width\": 100, \"handle\": null, \"warning\": null, \"fieldUid\": \"0b8cf1cf-11d8-41b8-ba67-59e6c2b12aa6\", \"required\": false, \"dateAdded\": \"2024-12-17T16:02:07+00:00\", \"instructions\": null, \"userCondition\": null, \"includeInCards\": true, \"providesThumbs\": false, \"elementCondition\": null}], \"userCondition\": null, \"elementCondition\": null}, {\"uid\": \"9a89d999-ab9b-4ea7-aa37-537e93e629b1\", \"name\": \"Appearance\", \"elements\": [{\"uid\": \"1f571744-b142-453d-9b23-79c8c0c6efea\", \"type\": \"craft\\\\fieldlayoutelements\\\\Heading\", \"heading\": \"Appearance\", \"dateAdded\": \"2024-12-17T16:22:42+00:00\", \"userCondition\": null, \"elementCondition\": null}, {\"tip\": \"Defaults to light grey (#eeeeee)\", \"uid\": \"71ded80b-49b9-46e3-85ff-2602c77d923f\", \"type\": \"craft\\\\fieldlayoutelements\\\\CustomField\", \"label\": \"Background Color\", \"width\": 50, \"handle\": \"backgroundColor\", \"warning\": null, \"fieldUid\": \"b28163a8-205c-4838-ac55-20538571deaa\", \"required\": false, \"dateAdded\": \"2024-12-17T16:22:42+00:00\", \"instructions\": null, \"userCondition\": null, \"includeInCards\": false, \"providesThumbs\": false, \"elementCondition\": null}, {\"tip\": \"Defaults to Slate 600 (#475569)\", \"uid\": \"6bec848a-f4fe-4af0-bdae-e301b4a079f4\", \"type\": \"craft\\\\fieldlayoutelements\\\\CustomField\", \"label\": \"Content Color\", \"width\": 50, \"handle\": \"contentColor\", \"warning\": null, \"fieldUid\": \"b28163a8-205c-4838-ac55-20538571deaa\", \"required\": false, \"dateAdded\": \"2024-12-17T16:22:42+00:00\", \"instructions\": null, \"userCondition\": null, \"includeInCards\": false, \"providesThumbs\": false, \"elementCondition\": null}], \"userCondition\": null, \"elementCondition\": null}], \"cardView\": [\"type\", \"layoutElement:bf086f1b-fdb4-49a5-914d-ff5be4160d9e\"]}','2024-12-23 16:39:51','2024-12-23 16:39:51',NULL,'d78b9da7-5b76-4153-a3de-121fee83c729'),(19,'craft\\elements\\Entry','{\"tabs\": [{\"uid\": \"77d98afa-4006-40be-bbb4-028c6fe10e7a\", \"name\": \"Content\", \"elements\": [{\"uid\": \"f03f0f81-dbd6-4091-ba52-545150533398\", \"type\": \"craft\\\\fieldlayoutelements\\\\Heading\", \"heading\": \"Content\", \"dateAdded\": \"2024-12-10T20:55:24+00:00\", \"userCondition\": null, \"elementCondition\": null}, {\"id\": null, \"max\": null, \"min\": null, \"tip\": null, \"uid\": \"1e61cece-f808-4530-8dd9-3d772838e9ab\", \"name\": null, \"size\": null, \"step\": null, \"type\": \"craft\\\\fieldlayoutelements\\\\entries\\\\EntryTitleField\", \"class\": null, \"label\": \"Title (optional)\", \"title\": null, \"width\": 100, \"warning\": null, \"disabled\": false, \"readonly\": false, \"required\": false, \"dateAdded\": \"2024-12-09T21:00:14+00:00\", \"inputType\": null, \"autocorrect\": true, \"orientation\": null, \"placeholder\": null, \"autocomplete\": false, \"instructions\": null, \"userCondition\": null, \"autocapitalize\": true, \"includeInCards\": false, \"providesThumbs\": false, \"labelAttributes\": [], \"elementCondition\": null, \"containerAttributes\": [], \"inputContainerAttributes\": []}, {\"uid\": \"a19d6249-3292-40f1-a7cb-762d49609ffe\", \"type\": \"craft\\\\fieldlayoutelements\\\\HorizontalRule\", \"dateAdded\": \"2024-12-10T20:55:24+00:00\", \"userCondition\": null, \"elementCondition\": null}, {\"tip\": null, \"uid\": \"646a03f3-de83-4c80-a744-3df1b36feaa6\", \"type\": \"craft\\\\fieldlayoutelements\\\\CustomField\", \"label\": \"Content Body\", \"width\": 100, \"handle\": \"contentBody\", \"warning\": null, \"fieldUid\": \"bc2fc90b-6d22-4a49-8fbd-a852acb9fdd1\", \"required\": false, \"dateAdded\": \"2024-12-10T20:55:24+00:00\", \"instructions\": null, \"userCondition\": null, \"includeInCards\": true, \"providesThumbs\": false, \"elementCondition\": null}], \"userCondition\": null, \"elementCondition\": null}, {\"uid\": \"5547c3e2-8d95-46fe-92c1-fa64213d2e81\", \"name\": \"Media\", \"elements\": [{\"uid\": \"a7b2d8fd-94c6-40ed-adbb-c244b11de5ba\", \"type\": \"craft\\\\fieldlayoutelements\\\\Heading\", \"heading\": \"Media\", \"dateAdded\": \"2024-12-10T20:55:24+00:00\", \"userCondition\": null, \"elementCondition\": null}, {\"tip\": null, \"uid\": \"e852593c-0eee-4f81-9f97-6d7338a34729\", \"type\": \"craft\\\\fieldlayoutelements\\\\CustomField\", \"label\": null, \"width\": 50, \"handle\": null, \"warning\": null, \"fieldUid\": \"77d34c46-29a6-47a9-b5c4-8a7ffa61a10d\", \"required\": false, \"dateAdded\": \"2024-12-10T20:55:24+00:00\", \"instructions\": null, \"userCondition\": null, \"includeInCards\": true, \"providesThumbs\": false, \"elementCondition\": null}, {\"tip\": \"Enable this to add a video popup element to this image.\", \"uid\": \"ddf98bdc-334f-45fb-ad97-ff47dab66999\", \"type\": \"craft\\\\fieldlayoutelements\\\\CustomField\", \"label\": \"Add Video\", \"width\": 50, \"handle\": \"includeVideo\", \"warning\": null, \"fieldUid\": \"8f75a6ba-cffb-47c7-8031-e37daf2cdd33\", \"required\": false, \"dateAdded\": \"2024-12-10T20:55:24+00:00\", \"instructions\": null, \"userCondition\": null, \"includeInCards\": false, \"providesThumbs\": false, \"elementCondition\": null}, {\"uid\": \"2fc91234-2b25-4145-b42e-3585eb13f8fb\", \"type\": \"craft\\\\fieldlayoutelements\\\\Heading\", \"heading\": \"Video\", \"dateAdded\": \"2024-12-10T20:55:24+00:00\", \"userCondition\": null, \"elementCondition\": {\"class\": \"craft\\\\elements\\\\conditions\\\\entries\\\\EntryCondition\", \"elementType\": \"craft\\\\elements\\\\Entry\", \"fieldContext\": \"global\", \"conditionRules\": [{\"uid\": \"0360ecd4-be32-4082-8256-697b6370e199\", \"class\": \"craft\\\\fields\\\\conditions\\\\LightswitchFieldConditionRule\", \"value\": true, \"fieldUid\": \"8f75a6ba-cffb-47c7-8031-e37daf2cdd33\", \"layoutElementUid\": \"ddf98bdc-334f-45fb-ad97-ff47dab66999\"}]}}, {\"tip\": null, \"uid\": \"997a595a-0b6b-4019-b9e1-1f110d6b36b7\", \"type\": \"craft\\\\fieldlayoutelements\\\\CustomField\", \"label\": null, \"width\": 100, \"handle\": null, \"warning\": null, \"fieldUid\": \"21bf5ac9-a185-4970-b6dc-e66c96ef0807\", \"required\": false, \"dateAdded\": \"2024-12-10T20:55:24+00:00\", \"instructions\": null, \"userCondition\": null, \"includeInCards\": false, \"providesThumbs\": false, \"elementCondition\": {\"class\": \"craft\\\\elements\\\\conditions\\\\entries\\\\EntryCondition\", \"elementType\": \"craft\\\\elements\\\\Entry\", \"fieldContext\": \"global\", \"conditionRules\": [{\"uid\": \"cbc5c51c-af75-4afb-9361-83661dd9a2ba\", \"class\": \"craft\\\\fields\\\\conditions\\\\LightswitchFieldConditionRule\", \"value\": true, \"fieldUid\": \"8f75a6ba-cffb-47c7-8031-e37daf2cdd33\", \"layoutElementUid\": \"ddf98bdc-334f-45fb-ad97-ff47dab66999\"}]}}], \"userCondition\": null, \"elementCondition\": null}, {\"uid\": \"3c248002-9f57-4f9d-b790-b8be7b481a8c\", \"name\": \"Appearance\", \"elements\": [{\"uid\": \"ea8c56f0-739b-46fd-95ff-18254a5bd550\", \"type\": \"craft\\\\fieldlayoutelements\\\\Heading\", \"heading\": \"Appearance\", \"dateAdded\": \"2024-12-10T20:55:24+00:00\", \"userCondition\": null, \"elementCondition\": null}, {\"tip\": \"Select where the media should be aligned in this module.\", \"uid\": \"b2a010a0-f97d-4241-97fa-34e1309866ce\", \"type\": \"craft\\\\fieldlayoutelements\\\\CustomField\", \"label\": null, \"width\": 100, \"handle\": null, \"warning\": null, \"fieldUid\": \"e253049a-7803-4ae2-9b10-fb60c6c591b8\", \"required\": false, \"dateAdded\": \"2024-12-10T20:55:24+00:00\", \"instructions\": null, \"userCondition\": null, \"includeInCards\": false, \"providesThumbs\": false, \"elementCondition\": null}, {\"uid\": \"63ad09fd-e9fb-4fd1-b72c-5f5f571a7de5\", \"type\": \"craft\\\\fieldlayoutelements\\\\HorizontalRule\", \"dateAdded\": \"2024-12-10T21:09:07+00:00\", \"userCondition\": null, \"elementCondition\": null}, {\"tip\": \"Defaults to light grey (#eeeeee)\", \"uid\": \"e3c2d2bb-2ed2-4842-b343-da08f0fef487\", \"type\": \"craft\\\\fieldlayoutelements\\\\CustomField\", \"label\": \"Background Color\", \"width\": 50, \"handle\": \"backgroundColor\", \"warning\": null, \"fieldUid\": \"b28163a8-205c-4838-ac55-20538571deaa\", \"required\": false, \"dateAdded\": \"2024-12-10T20:55:24+00:00\", \"instructions\": null, \"userCondition\": null, \"includeInCards\": false, \"providesThumbs\": false, \"elementCondition\": null}, {\"tip\": \"Defaults to Slate 600 (#475569)\", \"uid\": \"ffa6c54e-cb3d-4884-a2f6-0c39e11ced39\", \"type\": \"craft\\\\fieldlayoutelements\\\\CustomField\", \"label\": \"Content Color\", \"width\": 50, \"handle\": \"contentColor\", \"warning\": null, \"fieldUid\": \"b28163a8-205c-4838-ac55-20538571deaa\", \"required\": false, \"dateAdded\": \"2024-12-10T21:09:07+00:00\", \"instructions\": null, \"userCondition\": null, \"includeInCards\": false, \"providesThumbs\": false, \"elementCondition\": null}], \"userCondition\": null, \"elementCondition\": null}], \"cardView\": [\"type\", \"layoutElement:e852593c-0eee-4f81-9f97-6d7338a34729\", \"layoutElement:646a03f3-de83-4c80-a744-3df1b36feaa6\"]}','2024-12-23 16:39:51','2024-12-23 16:39:51',NULL,'6ad38b32-9a3d-498f-be49-6983ca12bc18'),(20,'craft\\elements\\Entry','{\"tabs\": [{\"uid\": \"f682f24c-294a-4d33-8715-73444572bc43\", \"name\": \"Content\", \"elements\": [{\"tip\": null, \"uid\": \"23c0dbad-08fa-486b-8725-6ac79053a366\", \"type\": \"craft\\\\fieldlayoutelements\\\\CustomField\", \"label\": null, \"width\": 100, \"handle\": null, \"warning\": null, \"fieldUid\": \"29495b4d-2d51-4bf0-8f60-535b022b411f\", \"required\": false, \"dateAdded\": \"2024-12-11T15:37:30+00:00\", \"instructions\": null, \"userCondition\": null, \"includeInCards\": true, \"providesThumbs\": false, \"elementCondition\": null}], \"userCondition\": null, \"elementCondition\": null}, {\"uid\": \"02d96b39-4c8f-4939-ba82-0ee166c39ac2\", \"name\": \"Appearance\", \"elements\": [{\"tip\": \"Defaults to light grey (#eeeeee)\", \"uid\": \"18a0333b-a5a3-48b0-9081-bb68339fe86e\", \"type\": \"craft\\\\fieldlayoutelements\\\\CustomField\", \"label\": \"Background Color\", \"width\": 100, \"handle\": \"backgroundColor\", \"warning\": null, \"fieldUid\": \"b28163a8-205c-4838-ac55-20538571deaa\", \"required\": false, \"dateAdded\": \"2024-12-11T15:38:29+00:00\", \"instructions\": null, \"userCondition\": null, \"includeInCards\": false, \"providesThumbs\": false, \"elementCondition\": null}], \"userCondition\": null, \"elementCondition\": null}], \"cardView\": [\"type\", \"layoutElement:23c0dbad-08fa-486b-8725-6ac79053a366\"]}','2024-12-23 16:39:51','2024-12-23 16:39:51',NULL,'b319f363-355d-4058-ada9-93d307a7fb0d'),(21,'craft\\elements\\Entry','{\"tabs\": [{\"uid\": \"a575f1c4-0d9d-4756-b161-3bd618e29634\", \"name\": \"Content\", \"elements\": [{\"id\": null, \"max\": null, \"min\": null, \"tip\": null, \"uid\": \"cb6948ae-53c8-42d5-88df-09a622aef28b\", \"name\": null, \"size\": null, \"step\": null, \"type\": \"craft\\\\fieldlayoutelements\\\\entries\\\\EntryTitleField\", \"class\": null, \"label\": null, \"title\": null, \"width\": 100, \"warning\": null, \"disabled\": false, \"readonly\": false, \"required\": true, \"dateAdded\": \"2024-12-09T20:57:15+00:00\", \"inputType\": null, \"autocorrect\": true, \"orientation\": null, \"placeholder\": null, \"autocomplete\": false, \"instructions\": null, \"userCondition\": null, \"autocapitalize\": true, \"includeInCards\": false, \"providesThumbs\": false, \"labelAttributes\": [], \"elementCondition\": null, \"containerAttributes\": [], \"inputContainerAttributes\": []}, {\"uid\": \"aed4db2f-2fa6-4762-85c7-18fca033f959\", \"type\": \"craft\\\\fieldlayoutelements\\\\HorizontalRule\", \"dateAdded\": \"2024-12-09T21:05:37+00:00\", \"userCondition\": null, \"elementCondition\": null}, {\"tip\": null, \"uid\": \"bdd64b90-f86e-490a-9c9f-dd52808849f8\", \"type\": \"craft\\\\fieldlayoutelements\\\\CustomField\", \"label\": null, \"width\": 100, \"handle\": null, \"warning\": null, \"fieldUid\": \"643f413e-3181-4811-821a-4eb565329c16\", \"required\": false, \"dateAdded\": \"2024-12-09T21:05:37+00:00\", \"instructions\": null, \"userCondition\": null, \"includeInCards\": false, \"providesThumbs\": false, \"elementCondition\": null}], \"userCondition\": null, \"elementCondition\": null}], \"cardView\": []}','2024-12-23 16:39:51','2024-12-23 16:39:51',NULL,'ee98d65b-ec38-434d-8fc9-622afe9c9010'),(22,'craft\\elements\\Entry','{\"tabs\": [{\"uid\": \"337bbd63-718d-4ad0-b9b8-b46ad2bd16c1\", \"name\": \"Content\", \"elements\": [{\"uid\": \"ea4446f9-aba1-44b0-838c-937914534360\", \"type\": \"craft\\\\fieldlayoutelements\\\\Heading\", \"heading\": \"Content\", \"dateAdded\": \"2024-12-19T16:58:36+00:00\", \"userCondition\": null, \"elementCondition\": null}, {\"id\": null, \"max\": null, \"min\": null, \"tip\": null, \"uid\": \"049d8f86-7169-4019-af93-a04ffbdaada3\", \"name\": null, \"size\": null, \"step\": null, \"type\": \"craft\\\\fieldlayoutelements\\\\entries\\\\EntryTitleField\", \"class\": null, \"label\": null, \"title\": null, \"width\": 100, \"warning\": null, \"disabled\": false, \"readonly\": false, \"required\": false, \"dateAdded\": \"2024-12-09T21:03:50+00:00\", \"inputType\": null, \"autocorrect\": true, \"orientation\": null, \"placeholder\": null, \"autocomplete\": false, \"instructions\": null, \"userCondition\": null, \"autocapitalize\": true, \"includeInCards\": false, \"providesThumbs\": false, \"labelAttributes\": [], \"elementCondition\": null, \"containerAttributes\": [], \"inputContainerAttributes\": []}, {\"uid\": \"50c97eb0-5ccd-476f-892f-40be1c7a21f2\", \"type\": \"craft\\\\fieldlayoutelements\\\\HorizontalRule\", \"dateAdded\": \"2024-12-18T20:57:48+00:00\", \"userCondition\": null, \"elementCondition\": null}, {\"tip\": null, \"uid\": \"cba033be-6772-48c8-a025-f758da83e0c7\", \"type\": \"craft\\\\fieldlayoutelements\\\\CustomField\", \"label\": null, \"width\": 100, \"handle\": null, \"warning\": null, \"fieldUid\": \"ad2a34fc-908d-4a7e-b211-235d769602d3\", \"required\": false, \"dateAdded\": \"2024-12-18T20:57:48+00:00\", \"instructions\": null, \"userCondition\": null, \"includeInCards\": true, \"providesThumbs\": false, \"elementCondition\": null}], \"userCondition\": null, \"elementCondition\": null}, {\"uid\": \"b6e78faf-d2f6-4539-8a04-5974a60a9a62\", \"name\": \"Appearance\", \"elements\": [{\"uid\": \"410afcef-8165-4020-a171-e898c2496f9b\", \"type\": \"craft\\\\fieldlayoutelements\\\\Heading\", \"heading\": \"General Swiper Settings\", \"dateAdded\": \"2024-12-19T16:58:36+00:00\", \"userCondition\": null, \"elementCondition\": null}, {\"tip\": null, \"uid\": \"87a5d55e-755f-4b58-b0b0-b83f8253e5a0\", \"type\": \"craft\\\\fieldlayoutelements\\\\CustomField\", \"label\": \"Auto-Height\", \"width\": 100, \"handle\": \"configAutoHeight\", \"warning\": null, \"fieldUid\": \"71cf1bcb-d0f5-48f0-ab76-d9612c63f6a2\", \"required\": false, \"dateAdded\": \"2024-12-19T16:58:36+00:00\", \"instructions\": \"If enabled, slider wrapper will adapt its height to the height of the currently active slide.\", \"userCondition\": null, \"includeInCards\": false, \"providesThumbs\": false, \"elementCondition\": null}, {\"tip\": null, \"uid\": \"b82c031d-45a7-4f45-994c-1b3fd2339738\", \"type\": \"craft\\\\fieldlayoutelements\\\\CustomField\", \"label\": \"Autoplay\", \"width\": 50, \"handle\": \"configAutoplay\", \"warning\": null, \"fieldUid\": \"71cf1bcb-d0f5-48f0-ab76-d9612c63f6a2\", \"required\": false, \"dateAdded\": \"2024-12-19T17:35:07+00:00\", \"instructions\": \"If enabled, the swiper will automatically swipe to the next slide without interaction.\", \"userCondition\": null, \"includeInCards\": false, \"providesThumbs\": false, \"elementCondition\": null}, {\"tip\": \"Defaults to 5 seconds if not set.\", \"uid\": \"77074409-4fed-4ddf-85c4-f0ad4e1aa6cb\", \"type\": \"craft\\\\fieldlayoutelements\\\\CustomField\", \"label\": null, \"width\": 50, \"handle\": \"configAutoplayDelay\", \"warning\": null, \"fieldUid\": \"9200bcdf-7a8c-466f-97f5-f08080ac3d03\", \"required\": false, \"dateAdded\": \"2024-12-19T17:35:07+00:00\", \"instructions\": \"Set the number of seconds to wait until the next slide is displayed.\", \"userCondition\": null, \"includeInCards\": false, \"providesThumbs\": false, \"elementCondition\": {\"class\": \"craft\\\\elements\\\\conditions\\\\entries\\\\EntryCondition\", \"elementType\": \"craft\\\\elements\\\\Entry\", \"fieldContext\": \"global\", \"conditionRules\": [{\"uid\": \"eb329d17-11a2-42ac-848d-ecdd4c09e71f\", \"class\": \"craft\\\\fields\\\\conditions\\\\LightswitchFieldConditionRule\", \"value\": true, \"fieldUid\": \"71cf1bcb-d0f5-48f0-ab76-d9612c63f6a2\", \"layoutElementUid\": \"b82c031d-45a7-4f45-994c-1b3fd2339738\"}]}}, {\"tip\": null, \"uid\": \"b3f6966d-7da6-4790-b5c4-d67b739b0c0f\", \"type\": \"craft\\\\fieldlayoutelements\\\\CustomField\", \"label\": \"Freemode\", \"width\": 100, \"handle\": \"configFreemode\", \"warning\": null, \"fieldUid\": \"71cf1bcb-d0f5-48f0-ab76-d9612c63f6a2\", \"required\": false, \"dateAdded\": \"2024-12-19T18:07:20+00:00\", \"instructions\": \"If enabled, the swiper slides will be \\\"unlocked\\\" so that slides can be loosely navigated.\", \"userCondition\": null, \"includeInCards\": false, \"providesThumbs\": false, \"elementCondition\": null}, {\"tip\": null, \"uid\": \"ac1e7d09-fa7f-4da0-9c9c-01a72d9c5afd\", \"type\": \"craft\\\\fieldlayoutelements\\\\CustomField\", \"label\": \"Grab Cursor\", \"width\": 100, \"handle\": \"configGrabCursor\", \"warning\": null, \"fieldUid\": \"71cf1bcb-d0f5-48f0-ab76-d9612c63f6a2\", \"required\": false, \"dateAdded\": \"2024-12-19T19:12:04+00:00\", \"instructions\": \"If enabled, the user\'s mouse cursor will be a grab hand when interacting with the swiper slides.\", \"userCondition\": null, \"includeInCards\": false, \"providesThumbs\": false, \"elementCondition\": null}, {\"tip\": null, \"uid\": \"b97b878c-6671-4f9e-8d1b-19c8f1f218a6\", \"type\": \"craft\\\\fieldlayoutelements\\\\CustomField\", \"label\": \"Loop\", \"width\": 100, \"handle\": \"configLoop\", \"warning\": null, \"fieldUid\": \"71cf1bcb-d0f5-48f0-ab76-d9612c63f6a2\", \"required\": false, \"dateAdded\": \"2024-12-19T19:16:46+00:00\", \"instructions\": \"If enabled, the swiper\'s slides will continuously loop.\", \"userCondition\": null, \"includeInCards\": false, \"providesThumbs\": false, \"elementCondition\": null}, {\"tip\": null, \"uid\": \"3af07ae9-5448-41b1-a5d7-8cf7c680a3bb\", \"type\": \"craft\\\\fieldlayoutelements\\\\CustomField\", \"label\": \"One-Way Movement\", \"width\": 100, \"handle\": \"configOneWayMovement\", \"warning\": null, \"fieldUid\": \"71cf1bcb-d0f5-48f0-ab76-d9612c63f6a2\", \"required\": false, \"dateAdded\": \"2024-12-19T19:20:52+00:00\", \"instructions\": \"If enabled, slides will swipe only forward (one-way) regardless of swipe direction.\", \"userCondition\": null, \"includeInCards\": false, \"providesThumbs\": false, \"elementCondition\": null}, {\"tip\": null, \"uid\": \"f8f3c242-ec5c-4eb5-bc50-bdb9e7f8c73d\", \"type\": \"craft\\\\fieldlayoutelements\\\\CustomField\", \"label\": \"Speed\", \"width\": 100, \"handle\": \"configSpeed\", \"warning\": null, \"fieldUid\": \"bced0888-a5a3-4f1f-b38c-6b52b005477d\", \"required\": false, \"dateAdded\": \"2024-12-19T19:30:47+00:00\", \"instructions\": \"Adjust the speed (in seconds) of the swipe animation between slides.\", \"userCondition\": null, \"includeInCards\": false, \"providesThumbs\": false, \"elementCondition\": null}, {\"uid\": \"98513b59-10f7-4be5-a2bb-0a1f45e2f176\", \"type\": \"craft\\\\fieldlayoutelements\\\\Heading\", \"heading\": \"Swiper Effects\", \"dateAdded\": \"2024-12-19T21:58:04+00:00\", \"userCondition\": null, \"elementCondition\": null}, {\"tip\": \"Defaults to \'slide\' setting.\", \"uid\": \"43c8d12b-18de-4460-91f7-13da7b631af9\", \"type\": \"craft\\\\fieldlayoutelements\\\\CustomField\", \"label\": null, \"width\": 100, \"handle\": null, \"warning\": null, \"fieldUid\": \"46e12ab7-e122-464d-8364-4bfe2eefa5c3\", \"required\": false, \"dateAdded\": \"2024-12-19T21:58:04+00:00\", \"instructions\": \"Select the slide transition effect.\", \"userCondition\": null, \"includeInCards\": false, \"providesThumbs\": false, \"elementCondition\": null}, {\"uid\": \"11cb01a4-4057-424c-9143-b2a3fd2bb929\", \"type\": \"craft\\\\fieldlayoutelements\\\\Heading\", \"heading\": \"Thumbnails\", \"dateAdded\": \"2024-12-20T18:34:16+00:00\", \"userCondition\": null, \"elementCondition\": null}, {\"tip\": null, \"uid\": \"5045aa0a-dc55-44d3-9da7-f3f4eb28a0ba\", \"type\": \"craft\\\\fieldlayoutelements\\\\CustomField\", \"label\": \"Include Thumbnail Slider\", \"width\": 50, \"handle\": \"configThumbnails\", \"warning\": null, \"fieldUid\": \"71cf1bcb-d0f5-48f0-ab76-d9612c63f6a2\", \"required\": false, \"dateAdded\": \"2024-12-20T18:34:16+00:00\", \"instructions\": \"If enabled, a navigable thumbnail slider will display below the main slider.\", \"userCondition\": null, \"includeInCards\": false, \"providesThumbs\": false, \"elementCondition\": null}, {\"tip\": \"Defaults to 10 pixels.\", \"uid\": \"349be4f9-a1b7-4e71-be5c-412fbc7d4b81\", \"type\": \"craft\\\\fieldlayoutelements\\\\CustomField\", \"label\": \"Space Between Thumbnail Slides\", \"width\": 50, \"handle\": \"configSpaceBetween\", \"warning\": null, \"fieldUid\": \"e6988761-5603-46e0-8f9a-7ec7b54a0e3e\", \"required\": false, \"dateAdded\": \"2024-12-20T19:15:43+00:00\", \"instructions\": \"Set the space/gap between the thumbnail slides.\", \"userCondition\": null, \"includeInCards\": false, \"providesThumbs\": false, \"elementCondition\": {\"class\": \"craft\\\\elements\\\\conditions\\\\entries\\\\EntryCondition\", \"elementType\": \"craft\\\\elements\\\\Entry\", \"fieldContext\": \"global\", \"conditionRules\": [{\"uid\": \"9e0a0c7c-d42d-4a29-9bb5-54a78ea6acb0\", \"class\": \"craft\\\\fields\\\\conditions\\\\LightswitchFieldConditionRule\", \"value\": true, \"fieldUid\": \"71cf1bcb-d0f5-48f0-ab76-d9612c63f6a2\", \"layoutElementUid\": \"5045aa0a-dc55-44d3-9da7-f3f4eb28a0ba\"}]}}], \"userCondition\": null, \"elementCondition\": null}], \"cardView\": [\"layoutElement:cba033be-6772-48c8-a025-f758da83e0c7\"]}','2024-12-23 16:39:51','2024-12-23 16:39:51',NULL,'cf958c25-b339-481e-aa05-c28eb5453c5b'),(23,'craft\\elements\\Entry','{\"tabs\": [{\"uid\": \"51fe21f1-e92d-44d5-993e-af1a1747109b\", \"name\": \"Content\", \"elements\": [{\"uid\": \"01d39a1d-da3c-4258-b2fe-05a9fcb8459b\", \"type\": \"craft\\\\fieldlayoutelements\\\\Heading\", \"heading\": \"Content & Form\", \"dateAdded\": \"2024-12-17T15:55:45+00:00\", \"userCondition\": null, \"elementCondition\": null}, {\"id\": null, \"max\": null, \"min\": null, \"tip\": null, \"uid\": \"f40941ff-b0aa-491d-899b-0a8c438d8c6a\", \"name\": null, \"size\": null, \"step\": null, \"type\": \"craft\\\\fieldlayoutelements\\\\entries\\\\EntryTitleField\", \"class\": null, \"label\": null, \"title\": null, \"width\": 100, \"warning\": null, \"disabled\": false, \"readonly\": false, \"required\": false, \"dateAdded\": \"2024-12-09T21:02:19+00:00\", \"inputType\": null, \"autocorrect\": true, \"orientation\": null, \"placeholder\": null, \"autocomplete\": false, \"instructions\": null, \"userCondition\": null, \"autocapitalize\": true, \"includeInCards\": false, \"providesThumbs\": false, \"labelAttributes\": [], \"elementCondition\": null, \"containerAttributes\": [], \"inputContainerAttributes\": []}, {\"uid\": \"e793e111-2bfc-45c2-a543-cd575cb2f236\", \"type\": \"craft\\\\fieldlayoutelements\\\\HorizontalRule\", \"dateAdded\": \"2024-12-17T15:55:45+00:00\", \"userCondition\": null, \"elementCondition\": null}, {\"tip\": \"Contact Form will automatically be rendered within this module.\", \"uid\": \"26cb54e9-692c-4234-be3a-a78aeb2a7a81\", \"type\": \"craft\\\\fieldlayoutelements\\\\Tip\", \"style\": \"tip\", \"dateAdded\": \"2024-12-17T15:57:14+00:00\", \"dismissible\": false, \"userCondition\": null, \"elementCondition\": null}], \"userCondition\": null, \"elementCondition\": null}, {\"uid\": \"e14063ce-488f-4db9-8bc4-c594f8e754ac\", \"name\": \"Media\", \"elements\": [{\"uid\": \"d589a319-b8e6-483d-b610-c603bae58e6e\", \"type\": \"craft\\\\fieldlayoutelements\\\\Heading\", \"heading\": \"Media\", \"dateAdded\": \"2024-12-17T15:55:45+00:00\", \"userCondition\": null, \"elementCondition\": null}, {\"tip\": null, \"uid\": \"e38579d0-3f4b-46df-86e4-9b46d38f80fb\", \"type\": \"craft\\\\fieldlayoutelements\\\\CustomField\", \"label\": null, \"width\": 100, \"handle\": null, \"warning\": null, \"fieldUid\": \"77d34c46-29a6-47a9-b5c4-8a7ffa61a10d\", \"required\": false, \"dateAdded\": \"2024-12-17T15:55:45+00:00\", \"instructions\": null, \"userCondition\": null, \"includeInCards\": true, \"providesThumbs\": true, \"elementCondition\": null}], \"userCondition\": null, \"elementCondition\": null}, {\"uid\": \"9c4a77d1-3a35-4329-b09d-a357d5a31f9f\", \"name\": \"Appearance\", \"elements\": [{\"uid\": \"c3fb8968-1b77-40f0-b64d-a3d18964fabe\", \"type\": \"craft\\\\fieldlayoutelements\\\\Heading\", \"heading\": \"Appearance\", \"dateAdded\": \"2024-12-17T15:55:45+00:00\", \"userCondition\": null, \"elementCondition\": null}, {\"tip\": \"Select where the media should be aligned in this module.\", \"uid\": \"8d2fe42a-ce89-4c3c-ab75-7077c8288c8b\", \"type\": \"craft\\\\fieldlayoutelements\\\\CustomField\", \"label\": null, \"width\": 100, \"handle\": null, \"warning\": null, \"fieldUid\": \"e253049a-7803-4ae2-9b10-fb60c6c591b8\", \"required\": false, \"dateAdded\": \"2024-12-17T15:55:45+00:00\", \"instructions\": null, \"userCondition\": null, \"includeInCards\": false, \"providesThumbs\": false, \"elementCondition\": null}], \"userCondition\": null, \"elementCondition\": null}], \"cardView\": [\"type\", \"layoutElement:e38579d0-3f4b-46df-86e4-9b46d38f80fb\"]}','2024-12-23 16:39:51','2024-12-23 16:39:51',NULL,'3b9e8101-e667-460d-9d58-b3263e2b40d2'),(24,'craft\\elements\\GlobalSet','{\"tabs\": [{\"uid\": \"4b8af8d8-2cc9-47dd-80b5-7df1d539415a\", \"name\": \"Navigation Settings\", \"elements\": [{\"uid\": \"35f658d7-2d63-4079-b1b7-8ffee70ec203\", \"type\": \"craft\\\\fieldlayoutelements\\\\Heading\", \"heading\": \"Navigation Settings\", \"dateAdded\": \"2024-12-17T15:32:01+00:00\", \"userCondition\": null, \"elementCondition\": null}, {\"tip\": null, \"uid\": \"b21157a3-3efc-42f6-8515-0897c09c344d\", \"type\": \"craft\\\\fieldlayoutelements\\\\CustomField\", \"label\": null, \"width\": 100, \"handle\": null, \"warning\": null, \"fieldUid\": \"186e3495-0405-4ef9-8b6a-13ea813ea449\", \"required\": false, \"dateAdded\": \"2024-12-17T15:42:36+00:00\", \"instructions\": null, \"userCondition\": null, \"includeInCards\": false, \"providesThumbs\": false, \"elementCondition\": null}], \"userCondition\": null, \"elementCondition\": null}], \"cardView\": []}','2024-12-23 16:39:52','2024-12-23 16:39:52',NULL,'30ebfe5c-9f2a-4441-b824-d086e91d839e');
commit;

--
-- Dumping data for table `fields`
--

set autocommit=0;
INSERT INTO `fields` VALUES (1,'Bandcamp Embed','bandcampEmbed','global','inugegzp','Copy the Embed code from Bandcamp and paste it here ...',0,'none',NULL,'craft\\fields\\PlainText','{\"byteLimit\":null,\"charLimit\":null,\"code\":false,\"columnType\":null,\"initialRows\":10,\"multiline\":true,\"placeholder\":\"Code goes here ...\",\"uiMode\":\"normal\"}','2023-06-11 22:50:10','2024-12-23 16:39:50',NULL,'e8fbb0cf-f013-47b2-8a71-e0aac50e9a06'),(2,'Client Email','clientEmail','global','vhxmksft',NULL,0,'none',NULL,'craft\\fields\\PlainText','{\"byteLimit\":null,\"charLimit\":null,\"code\":false,\"columnType\":null,\"initialRows\":4,\"multiline\":false,\"placeholder\":\"email@email.com\",\"uiMode\":\"normal\"}','2023-06-11 22:50:11','2024-12-23 16:39:50',NULL,'9167b446-1840-45ea-8aa9-300e555b1344'),(3,'Favicon','favicon','global',NULL,NULL,0,'site',NULL,'craft\\fields\\Assets','{\"allowSelfRelations\":false,\"allowSubfolders\":false,\"allowUploads\":true,\"allowedKinds\":[\"image\"],\"branchLimit\":null,\"defaultUploadLocationSource\":\"volume:4be4bc77-6721-4564-9441-605a1a6c0bad\",\"defaultUploadLocationSubpath\":null,\"localizeRelations\":false,\"maintainHierarchy\":false,\"maxRelations\":1,\"minRelations\":null,\"previewMode\":\"full\",\"restrictFiles\":true,\"restrictLocation\":false,\"restrictedDefaultUploadSubpath\":null,\"restrictedLocationSource\":\"volume:4be4bc77-6721-4564-9441-605a1a6c0bad\",\"restrictedLocationSubpath\":null,\"selectionLabel\":\"Add a favicon\",\"showSiteMenu\":false,\"showUnpermittedFiles\":false,\"showUnpermittedVolumes\":false,\"sources\":[\"volume:4be4bc77-6721-4564-9441-605a1a6c0bad\"],\"targetSiteId\":null,\"validateRelatedElements\":false,\"viewMode\":\"list\"}','2023-06-11 22:50:11','2024-12-23 16:39:50',NULL,'dc9dbdd1-71b5-4b7e-8fc1-134104cb3a83'),(4,'Gallery Images','galleryImages','global',NULL,NULL,0,'site',NULL,'craft\\fields\\Assets','{\"allowSelfRelations\":false,\"allowSubfolders\":false,\"allowUploads\":true,\"allowedKinds\":[\"image\"],\"branchLimit\":null,\"defaultUploadLocationSource\":\"volume:4be4bc77-6721-4564-9441-605a1a6c0bad\",\"defaultUploadLocationSubpath\":null,\"localizeRelations\":false,\"maintainHierarchy\":false,\"maxRelations\":null,\"minRelations\":null,\"previewMode\":\"full\",\"restrictFiles\":true,\"restrictLocation\":false,\"restrictedDefaultUploadSubpath\":null,\"restrictedLocationSource\":\"volume:4be4bc77-6721-4564-9441-605a1a6c0bad\",\"restrictedLocationSubpath\":null,\"selectionLabel\":\"Add Gallery images\",\"showSiteMenu\":false,\"showUnpermittedFiles\":false,\"showUnpermittedVolumes\":false,\"sources\":[\"volume:4be4bc77-6721-4564-9441-605a1a6c0bad\"],\"targetSiteId\":null,\"validateRelatedElements\":false,\"viewMode\":\"list\"}','2023-06-11 22:50:11','2024-12-23 16:39:50',NULL,'ad2a34fc-908d-4a7e-b211-235d769602d3'),(5,'Date','gigDate','global','rzbqtsud',NULL,0,'none',NULL,'craft\\fields\\Date','{\"max\":null,\"min\":null,\"minuteIncrement\":30,\"showDate\":true,\"showTime\":true,\"showTimeZone\":true}','2023-06-11 22:50:11','2023-06-11 22:50:11',NULL,'cf9cc357-e972-4534-96a3-16243a7d4e25'),(6,'Featured Image','gigFeaturedImage','global',NULL,NULL,0,'site',NULL,'craft\\fields\\Assets','{\"allowSelfRelations\":false,\"allowSubfolders\":false,\"allowUploads\":true,\"allowedKinds\":[\"image\"],\"branchLimit\":null,\"defaultUploadLocationSource\":\"volume:4be4bc77-6721-4564-9441-605a1a6c0bad\",\"defaultUploadLocationSubpath\":null,\"localizeRelations\":false,\"maintainHierarchy\":false,\"maxRelations\":1,\"minRelations\":null,\"previewMode\":\"full\",\"restrictFiles\":true,\"restrictLocation\":false,\"restrictedDefaultUploadSubpath\":null,\"restrictedLocationSource\":\"volume:4be4bc77-6721-4564-9441-605a1a6c0bad\",\"restrictedLocationSubpath\":null,\"selectionLabel\":\"Add a featured image\",\"showSiteMenu\":false,\"showUnpermittedFiles\":false,\"showUnpermittedVolumes\":false,\"sources\":[\"volume:4be4bc77-6721-4564-9441-605a1a6c0bad\"],\"targetSiteId\":null,\"validateRelatedElements\":false,\"viewMode\":\"large\"}','2023-06-11 22:50:11','2024-12-23 16:39:50',NULL,'afa92d21-9da5-4728-b388-676ab1b11c37'),(7,'Link','gigLink','global','lcmhpagu',NULL,0,'none',NULL,'craft\\fields\\Url','{\"maxLength\":255,\"types\":[\"url\"]}','2023-06-11 22:50:11','2024-12-23 16:39:50',NULL,'82e690ff-8e29-4b0d-850d-c09a6cc8871f'),(8,'Location','gigLocation','global','secazwrd',NULL,0,'none',NULL,'craft\\fields\\PlainText','{\"byteLimit\":null,\"charLimit\":null,\"code\":false,\"columnType\":null,\"initialRows\":4,\"multiline\":false,\"placeholder\":null,\"uiMode\":\"normal\"}','2023-06-11 22:50:11','2024-12-23 16:39:50',NULL,'e2acdefe-2270-4161-989c-4cacd80454da'),(9,'Page Template','pageTemplate','global','jxvqpmcm','Path to page template',0,'none',NULL,'craft\\fields\\PlainText','{\"byteLimit\":null,\"charLimit\":null,\"code\":false,\"columnType\":null,\"initialRows\":4,\"multiline\":false,\"placeholder\":null,\"uiMode\":\"normal\"}','2023-06-11 22:50:11','2024-12-23 16:39:50',NULL,'139b20e8-6e1b-4e75-be7f-776bc8a50d43'),(10,'Site Logo','siteLogo','global',NULL,NULL,0,'site',NULL,'craft\\fields\\Assets','{\"allowSelfRelations\":false,\"allowSubfolders\":false,\"allowUploads\":true,\"allowedKinds\":[\"image\"],\"branchLimit\":null,\"defaultUploadLocationSource\":\"volume:4be4bc77-6721-4564-9441-605a1a6c0bad\",\"defaultUploadLocationSubpath\":null,\"localizeRelations\":false,\"maintainHierarchy\":false,\"maxRelations\":1,\"minRelations\":null,\"previewMode\":\"full\",\"restrictFiles\":true,\"restrictLocation\":false,\"restrictedDefaultUploadSubpath\":null,\"restrictedLocationSource\":\"volume:4be4bc77-6721-4564-9441-605a1a6c0bad\",\"restrictedLocationSubpath\":null,\"selectionLabel\":null,\"showSiteMenu\":false,\"showUnpermittedFiles\":false,\"showUnpermittedVolumes\":false,\"sources\":[\"volume:4be4bc77-6721-4564-9441-605a1a6c0bad\"],\"targetSiteId\":null,\"validateRelatedElements\":false,\"viewMode\":\"large\"}','2023-06-11 22:50:11','2024-12-23 16:39:50',NULL,'a10d1b66-619c-4f4b-99c3-ad63094cbee2'),(11,'SoundCloud Embed','soundcloudEmbed','global','qpoyhsol','Copy the SoiundCloud Embed code from your track and paste it here ...',0,'none',NULL,'craft\\fields\\PlainText','{\"byteLimit\":null,\"charLimit\":null,\"code\":false,\"columnType\":null,\"initialRows\":10,\"multiline\":true,\"placeholder\":\"Code goes here ...\",\"uiMode\":\"normal\"}','2023-06-11 22:50:11','2024-12-23 16:39:50',NULL,'be2a1882-9121-4306-87b1-450de9d53256'),(12,'Spotify Embed','spotifyEmbed','global','yzgetqnv','Copy your Spotify Embed code and paste it here ...',0,'none',NULL,'craft\\fields\\PlainText','{\"byteLimit\":null,\"charLimit\":null,\"code\":false,\"columnType\":null,\"initialRows\":10,\"multiline\":true,\"placeholder\":\"Code goes here ...\",\"uiMode\":\"normal\"}','2023-06-11 22:50:12','2024-12-23 16:39:50',NULL,'9529e1cb-135c-4e74-bd95-f62c6d2bc858'),(13,'Email Address','submissionEmail','global','qqiavbhr',NULL,0,'none',NULL,'craft\\fields\\Email','{\"placeholder\":null}','2023-06-11 22:50:12','2023-06-11 22:50:12',NULL,'57ee90df-01e6-437a-8c5c-38815877f909'),(14,'Message','submissionMessage','global','rtpzqnhp',NULL,0,'none',NULL,'craft\\fields\\PlainText','{\"byteLimit\":null,\"charLimit\":null,\"code\":false,\"columnType\":null,\"initialRows\":6,\"multiline\":true,\"placeholder\":null,\"uiMode\":\"normal\"}','2023-06-11 22:50:12','2024-12-23 16:39:50',NULL,'e17818c9-74b2-427e-9cf0-57f61d51b663'),(15,'Name','submissionName','global','fggnchnh',NULL,0,'none',NULL,'craft\\fields\\PlainText','{\"byteLimit\":null,\"charLimit\":null,\"code\":false,\"columnType\":null,\"initialRows\":4,\"multiline\":false,\"placeholder\":null,\"uiMode\":\"normal\"}','2023-06-11 22:50:12','2024-12-23 16:39:50',NULL,'b61a32ce-4093-4b76-986a-5303ee05cc28'),(16,'Phone Number','submissionPhone','global','siyosvvg',NULL,0,'none',NULL,'craft\\fields\\PlainText','{\"byteLimit\":null,\"charLimit\":null,\"code\":false,\"columnType\":null,\"initialRows\":4,\"multiline\":false,\"placeholder\":null,\"uiMode\":\"normal\"}','2023-06-11 22:50:12','2024-12-23 16:39:50',NULL,'ea0ea7a1-4453-4b64-ac7c-c9b0d226ab5d'),(17,'Subject','submissionSubject','global','ziqqexut',NULL,0,'none',NULL,'craft\\fields\\PlainText','{\"byteLimit\":null,\"charLimit\":null,\"code\":false,\"columnType\":null,\"initialRows\":4,\"multiline\":false,\"placeholder\":null,\"uiMode\":\"normal\"}','2023-06-11 22:50:12','2024-12-23 16:39:50',NULL,'962ca735-e2e0-4550-a295-93f517459468'),(18,'YouTube Video ID','youtubeVideoId','global','ydkphbeb','YouTube Video ID\r\nExample: ID for https://www.youtube.com/watch?v=E_l-b-8qSYA is E_l-b-8qSYA.',0,'none',NULL,'craft\\fields\\PlainText','{\"byteLimit\":null,\"charLimit\":null,\"code\":false,\"columnType\":null,\"initialRows\":4,\"multiline\":false,\"placeholder\":null,\"uiMode\":\"normal\"}','2023-06-11 22:50:12','2024-12-23 16:39:50',NULL,'21bf5ac9-a185-4970-b6dc-e66c96ef0807'),(19,'Space Between','spaceBetween','global',NULL,NULL,0,'none',NULL,'craft\\fields\\Range','{\"defaultValue\":10,\"max\":40,\"min\":2,\"step\":2,\"suffix\":\"pixels\"}','2024-12-23 16:39:49','2024-12-23 16:39:49',NULL,'e6988761-5603-46e0-8f9a-7ec7b54a0e3e'),(20,'Padding Spacer','paddingSpacer','global',NULL,NULL,0,'none',NULL,'craft\\fields\\Dropdown','{\"customOptions\":false,\"options\":[{\"label\":\"Small\",\"value\":\"small\",\"default\":\"1\"},{\"label\":\"Medium\",\"value\":\"medium\",\"default\":\"\"},{\"label\":\"Large\",\"value\":\"large\",\"default\":\"\"},{\"label\":\"XL\",\"value\":\"xl\",\"default\":\"\"},{\"label\":\"2XL\",\"value\":\"2xl\",\"default\":\"\"},{\"label\":\"3XL\",\"value\":\"3xl\",\"default\":\"\"}]}','2024-12-23 16:39:50','2024-12-23 16:39:50',NULL,'29495b4d-2d51-4bf0-8f60-535b022b411f'),(21,'Content Body (Simple)','contentBodySimple','global',NULL,NULL,0,'none',NULL,'craft\\ckeditor\\Field','{\"availableTransforms\":\"\",\"availableVolumes\":\"*\",\"ckeConfig\":\"e2bfd84f-8706-44c0-8e7e-9a6ea6a1c465\",\"createButtonLabel\":null,\"defaultTransform\":null,\"enableSourceEditingForNonAdmins\":false,\"purifierConfig\":null,\"purifyHtml\":true,\"showUnpermittedFiles\":false,\"showUnpermittedVolumes\":false,\"showWordCount\":true,\"wordLimit\":null}','2024-12-23 16:39:50','2024-12-23 16:39:50',NULL,'bc2fc90b-6d22-4a49-8fbd-a852acb9fdd1'),(22,'Lightswitch','lightswitch','global',NULL,NULL,0,'none',NULL,'craft\\fields\\Lightswitch','{\"default\":false,\"offLabel\":null,\"onLabel\":null}','2024-12-23 16:39:50','2024-12-23 16:39:50',NULL,'71cf1bcb-d0f5-48f0-ab76-d9612c63f6a2'),(23,'Gig Select','gigSelect','global',NULL,'If none are selected, all upcoming gigs will be dynamically rendered in this module.',0,'none',NULL,'craft\\fields\\Entries','{\"allowSelfRelations\":false,\"branchLimit\":null,\"maintainHierarchy\":false,\"maxRelations\":20,\"minRelations\":null,\"selectionLabel\":\"Add a gig\",\"showCardsInGrid\":false,\"showSiteMenu\":true,\"sources\":[\"section:825f4bb2-160e-43de-b9e1-179a555f48ec\"],\"targetSiteId\":null,\"validateRelatedElements\":false,\"viewMode\":\"cards\"}','2024-12-23 16:39:50','2024-12-23 16:39:50',NULL,'0b8cf1cf-11d8-41b8-ba67-59e6c2b12aa6'),(24,'Page Builder','pageBuilder','global',NULL,NULL,0,'site',NULL,'craft\\fields\\Matrix','{\"createButtonLabel\":\"New module\",\"defaultIndexViewMode\":\"cards\",\"entryTypes\":[\"2e37ec0b-896a-4a3b-953f-59d7f5127a84\",\"e01c47a5-80c5-41ea-9079-eb5d9c990ce4\",\"cd84622a-df79-4b5b-9d98-f9e7ed621fd0\",\"72dbefd4-129d-400a-8161-f80241c6cd51\",\"ef1961c5-1e3c-4d3f-8f8e-b4ea3cfbed6e\",\"bb9b9ea2-bf37-44e0-be22-153bca5edd1b\",\"9d2b7c77-acc5-4dba-8641-d02de2fbc1b6\",\"9acc1147-87aa-4431-a099-130a6abe949c\"],\"includeTableView\":false,\"maxEntries\":12,\"minEntries\":null,\"pageSize\":50,\"propagationKeyFormat\":null,\"propagationMethod\":\"all\",\"showCardsInGrid\":false,\"viewMode\":\"cards\"}','2024-12-23 16:39:50','2024-12-23 16:39:50',NULL,'643f413e-3181-4811-821a-4eb565329c16'),(25,'Color Picker','colorPicker','global',NULL,NULL,0,'none',NULL,'craft\\fields\\Color','{\"defaultColor\":null,\"presets\":[\"#283450\",\"#475569\",\"#eeeeee\",\"#198754\"]}','2024-12-23 16:39:50','2024-12-23 16:39:50',NULL,'b28163a8-205c-4838-ac55-20538571deaa'),(26,'Navigation Links','navigationLinks','global',NULL,NULL,0,'none',NULL,'craft\\fields\\Entries','{\"allowSelfRelations\":false,\"branchLimit\":null,\"maintainHierarchy\":false,\"maxRelations\":10,\"minRelations\":null,\"selectionLabel\":\"Add a nav link\",\"showCardsInGrid\":false,\"showSiteMenu\":false,\"sources\":[\"section:d9c26beb-6bee-444c-b33f-13a168793722\",\"singles\"],\"targetSiteId\":null,\"validateRelatedElements\":false,\"viewMode\":\"list\"}','2024-12-23 16:39:50','2024-12-23 16:39:50',NULL,'186e3495-0405-4ef9-8b6a-13ea813ea449'),(27,'Video Select','videoSelect','global',NULL,NULL,0,'none',NULL,'craft\\fields\\Entries','{\"allowSelfRelations\":false,\"branchLimit\":null,\"maintainHierarchy\":false,\"maxRelations\":10,\"minRelations\":null,\"selectionLabel\":\"Add a video\",\"showCardsInGrid\":false,\"showSiteMenu\":false,\"sources\":[\"section:15fdb8d9-166a-4c6c-b61e-17cbec66abd1\"],\"targetSiteId\":null,\"validateRelatedElements\":false,\"viewMode\":\"cards\"}','2024-12-23 16:39:50','2024-12-23 16:39:50',NULL,'3b374f35-1602-4985-917c-bd65649ca09e'),(28,'Embed Select','embedSelect','global',NULL,NULL,0,'none',NULL,'craft\\fields\\Entries','{\"allowSelfRelations\":false,\"branchLimit\":null,\"maintainHierarchy\":false,\"maxRelations\":10,\"minRelations\":null,\"selectionLabel\":\"Add an embed\",\"showCardsInGrid\":false,\"showSiteMenu\":false,\"sources\":[\"section:e83e534b-ba3e-41e5-9e73-051db8c4b65b\"],\"targetSiteId\":null,\"validateRelatedElements\":false,\"viewMode\":\"list\"}','2024-12-23 16:39:50','2024-12-23 16:39:50',NULL,'299192bd-bbe9-4f2a-b1b4-b8f6f80905ef'),(29,'Autoplay Delay','autoplayDelay','global',NULL,NULL,0,'none',NULL,'craft\\fields\\Range','{\"defaultValue\":5,\"max\":12,\"min\":2,\"step\":1,\"suffix\":\"seconds\"}','2024-12-23 16:39:50','2024-12-23 16:39:50',NULL,'9200bcdf-7a8c-466f-97f5-f08080ac3d03'),(30,'Single Video','singleVideo','global',NULL,NULL,0,'none',NULL,'craft\\fields\\Assets','{\"allowSelfRelations\":false,\"allowSubfolders\":false,\"allowUploads\":true,\"allowedKinds\":[\"video\"],\"branchLimit\":null,\"defaultUploadLocationSource\":\"volume:542617dd-cf2a-41c4-9716-97fac95cd8f6\",\"defaultUploadLocationSubpath\":null,\"maintainHierarchy\":false,\"maxRelations\":1,\"minRelations\":null,\"previewMode\":\"full\",\"restrictFiles\":true,\"restrictLocation\":false,\"restrictedDefaultUploadSubpath\":null,\"restrictedLocationSource\":\"volume:4be4bc77-6721-4564-9441-605a1a6c0bad\",\"restrictedLocationSubpath\":null,\"selectionLabel\":\"Add a video\",\"showCardsInGrid\":false,\"showSiteMenu\":false,\"showUnpermittedFiles\":false,\"showUnpermittedVolumes\":false,\"sources\":[\"volume:542617dd-cf2a-41c4-9716-97fac95cd8f6\"],\"targetSiteId\":null,\"validateRelatedElements\":false,\"viewMode\":\"large\"}','2024-12-23 16:39:50','2024-12-23 16:39:50',NULL,'d10f8d89-ce67-4b10-bbe3-42358861dbc1'),(31,'Video Thumbnail','videoThumbnail','global',NULL,NULL,0,'none',NULL,'craft\\fields\\Assets','{\"allowSelfRelations\":false,\"allowSubfolders\":false,\"allowUploads\":true,\"allowedKinds\":[\"image\"],\"branchLimit\":null,\"defaultUploadLocationSource\":\"volume:4be4bc77-6721-4564-9441-605a1a6c0bad\",\"defaultUploadLocationSubpath\":\"video-thumbs\",\"maintainHierarchy\":false,\"maxRelations\":1,\"minRelations\":null,\"previewMode\":\"full\",\"restrictFiles\":true,\"restrictLocation\":false,\"restrictedDefaultUploadSubpath\":null,\"restrictedLocationSource\":\"volume:4be4bc77-6721-4564-9441-605a1a6c0bad\",\"restrictedLocationSubpath\":null,\"selectionLabel\":\"Add a thumbnail\",\"showCardsInGrid\":false,\"showSiteMenu\":false,\"showUnpermittedFiles\":false,\"showUnpermittedVolumes\":false,\"sources\":[\"volume:4be4bc77-6721-4564-9441-605a1a6c0bad\"],\"targetSiteId\":null,\"validateRelatedElements\":false,\"viewMode\":\"large\"}','2024-12-23 16:39:50','2024-12-23 16:39:50',NULL,'8714d452-365e-4edd-ba97-237557f2207f'),(32,'Page Select','pageSelect','global',NULL,NULL,0,'none',NULL,'craft\\fields\\Entries','{\"allowSelfRelations\":false,\"branchLimit\":null,\"maintainHierarchy\":false,\"maxRelations\":1,\"minRelations\":null,\"selectionLabel\":\"Add a page\",\"showCardsInGrid\":false,\"showSiteMenu\":false,\"sources\":[\"section:d9c26beb-6bee-444c-b33f-13a168793722\",\"singles\"],\"targetSiteId\":null,\"validateRelatedElements\":false,\"viewMode\":\"list\"}','2024-12-23 16:39:50','2024-12-23 16:39:50',NULL,'f03c2b0b-cfc0-4cb6-8b3a-940aed3e2bea'),(33,'Animation Effect','configEffect','global',NULL,NULL,0,'none',NULL,'craft\\fields\\Dropdown','{\"customOptions\":false,\"options\":[{\"label\":\"Slide\",\"value\":\"slide\",\"default\":\"1\"},{\"label\":\"Fade\",\"value\":\"fade\",\"default\":\"\"},{\"label\":\"Cube\",\"value\":\"cube\",\"default\":\"\"},{\"label\":\"Coverflow\",\"value\":\"coverflow\",\"default\":\"\"},{\"label\":\"Flip\",\"value\":\"flip\",\"default\":\"\"},{\"label\":\"Cards\",\"value\":\"cards\",\"default\":\"\"}]}','2024-12-23 16:39:50','2024-12-23 16:39:50',NULL,'46e12ab7-e122-464d-8364-4bfe2eefa5c3'),(34,'Heading','heading','global',NULL,NULL,0,'none',NULL,'craft\\fields\\PlainText','{\"byteLimit\":null,\"charLimit\":null,\"code\":false,\"initialRows\":4,\"multiline\":false,\"placeholder\":null,\"uiMode\":\"normal\"}','2024-12-23 16:39:50','2024-12-23 16:39:50',NULL,'d036f92a-3e96-4a73-b959-e8cf8df3c077'),(35,'Media Align','mediaAlign','global',NULL,NULL,0,'none',NULL,'craft\\fields\\Dropdown','{\"customOptions\":false,\"options\":[{\"label\":\"Left\",\"value\":\"left\",\"default\":\"1\"},{\"label\":\"Right\",\"value\":\"right\",\"default\":\"\"}]}','2024-12-23 16:39:50','2024-12-23 16:39:50',NULL,'e253049a-7803-4ae2-9b10-fb60c6c591b8'),(36,'Simple Toggle','simpleToggle','global',NULL,NULL,0,'none',NULL,'craft\\fields\\Lightswitch','{\"default\":false,\"offLabel\":null,\"onLabel\":null}','2024-12-23 16:39:50','2024-12-23 16:39:50',NULL,'8f75a6ba-cffb-47c7-8031-e37daf2cdd33'),(37,'Single Image','singleImage','global',NULL,NULL,0,'none',NULL,'craft\\fields\\Assets','{\"allowSelfRelations\":false,\"allowSubfolders\":false,\"allowUploads\":true,\"allowedKinds\":[\"image\"],\"branchLimit\":null,\"defaultUploadLocationSource\":\"volume:4be4bc77-6721-4564-9441-605a1a6c0bad\",\"defaultUploadLocationSubpath\":null,\"maintainHierarchy\":false,\"maxRelations\":1,\"minRelations\":null,\"previewMode\":\"full\",\"restrictFiles\":true,\"restrictLocation\":false,\"restrictedDefaultUploadSubpath\":null,\"restrictedLocationSource\":\"volume:4be4bc77-6721-4564-9441-605a1a6c0bad\",\"restrictedLocationSubpath\":null,\"selectionLabel\":\"Add an image\",\"showCardsInGrid\":false,\"showSiteMenu\":false,\"showUnpermittedFiles\":false,\"showUnpermittedVolumes\":false,\"sources\":[\"volume:4be4bc77-6721-4564-9441-605a1a6c0bad\"],\"targetSiteId\":null,\"validateRelatedElements\":false,\"viewMode\":\"large\"}','2024-12-23 16:39:50','2024-12-23 16:39:50',NULL,'77d34c46-29a6-47a9-b5c4-8a7ffa61a10d'),(38,'Swiper Speed','swiperSpeed','global',NULL,NULL,0,'none',NULL,'craft\\fields\\Range','{\"defaultValue\":3,\"max\":10,\"min\":1,\"step\":1,\"suffix\":\"seconds\"}','2024-12-23 16:39:50','2024-12-23 16:39:50',NULL,'bced0888-a5a3-4f1f-b38c-6b52b005477d'),(39,'Grid Columns','gridColumns','global',NULL,NULL,0,'none',NULL,'craft\\fields\\Dropdown','{\"customOptions\":false,\"options\":[{\"label\":\"2-column\",\"value\":\"lg:grid-cols-2\",\"default\":\"1\"},{\"label\":\"3-column\",\"value\":\"lg:grid-cols-3\",\"default\":\"\"},{\"label\":\"4-column\",\"value\":\"md:grid-cols-3 lg:grid-cols-4\",\"default\":\"\"}]}','2024-12-23 16:39:50','2024-12-23 16:39:50',NULL,'00f0f6fc-444a-4eb0-b660-fcbb5c85f41f');
commit;

--
-- Dumping data for table `freeform_crm_fields`
--

set autocommit=0;
commit;

--
-- Dumping data for table `freeform_email_marketing_fields`
--

set autocommit=0;
commit;

--
-- Dumping data for table `freeform_email_marketing_lists`
--

set autocommit=0;
commit;

--
-- Dumping data for table `freeform_export_notifications`
--

set autocommit=0;
commit;

--
-- Dumping data for table `freeform_export_profiles`
--

set autocommit=0;
commit;

--
-- Dumping data for table `freeform_export_settings`
--

set autocommit=0;
commit;

--
-- Dumping data for table `freeform_favorite_fields`
--

set autocommit=0;
commit;

--
-- Dumping data for table `freeform_feed_messages`
--

set autocommit=0;
commit;
set autocommit=0;
commit;

--
-- Dumping data for table `freeform_fields_type_groups`
--

set autocommit=0;
INSERT INTO `freeform_fields_type_groups` VALUES (1,'#007add','Text','[\"Solspace\\\\Freeform\\\\Fields\\\\Implementations\\\\TextField\",\"Solspace\\\\Freeform\\\\Fields\\\\Implementations\\\\TextareaField\",\"Solspace\\\\Freeform\\\\Fields\\\\Implementations\\\\EmailField\",\"Solspace\\\\Freeform\\\\Fields\\\\Implementations\\\\NumberField\",\"Solspace\\\\Freeform\\\\Fields\\\\Implementations\\\\Pro\\\\PhoneField\",\"Solspace\\\\Freeform\\\\Fields\\\\Implementations\\\\Pro\\\\DatetimeField\",\"Solspace\\\\Freeform\\\\Fields\\\\Implementations\\\\Pro\\\\WebsiteField\",\"Solspace\\\\Freeform\\\\Fields\\\\Implementations\\\\Pro\\\\RegexField\"]','2024-12-23 16:39:49','2024-12-23 16:39:49','e1b97ad0-859c-45d6-b5f5-f9851d2f5dc2'),(2,'#9013fe','Options','[\"Solspace\\\\Freeform\\\\Fields\\\\Implementations\\\\DropdownField\",\"Solspace\\\\Freeform\\\\Fields\\\\Implementations\\\\MultipleSelectField\",\"Solspace\\\\Freeform\\\\Fields\\\\Implementations\\\\CheckboxField\",\"Solspace\\\\Freeform\\\\Fields\\\\Implementations\\\\CheckboxesField\",\"Solspace\\\\Freeform\\\\Fields\\\\Implementations\\\\RadiosField\",\"Solspace\\\\Freeform\\\\Fields\\\\Implementations\\\\Pro\\\\OpinionScaleField\",\"Solspace\\\\Freeform\\\\Fields\\\\Implementations\\\\Pro\\\\RatingField\"]','2024-12-23 16:39:49','2024-12-23 16:39:49','944befd5-25bc-41c7-a1eb-4164674faf16'),(3,'#f5a623','Files','[\"Solspace\\\\Freeform\\\\Fields\\\\Implementations\\\\FileUploadField\",\"Solspace\\\\Freeform\\\\Fields\\\\Implementations\\\\Pro\\\\FileDragAndDropField\"]','2024-12-23 16:39:49','2024-12-23 16:39:49','66b373bf-3b88-4130-b681-de24aab670e8'),(4,'#5d9901','Special','[\"Solspace\\\\Freeform\\\\Fields\\\\Implementations\\\\Pro\\\\GroupField\",\"Solspace\\\\Freeform\\\\Fields\\\\Implementations\\\\Pro\\\\TableField\",\"Solspace\\\\Freeform\\\\Fields\\\\Implementations\\\\Pro\\\\ConfirmationField\",\"Solspace\\\\Freeform\\\\Fields\\\\Implementations\\\\Pro\\\\PasswordField\",\"Solspace\\\\Freeform\\\\Fields\\\\Implementations\\\\Pro\\\\CalculationField\",\"Solspace\\\\Freeform\\\\Fields\\\\Implementations\\\\Pro\\\\SignatureField\"]','2024-12-23 16:39:49','2024-12-23 16:39:49','a268c0b5-7b5c-439d-b456-3b6871ed87b9'),(5,'#000000','Content','[\"Solspace\\\\Freeform\\\\Fields\\\\Implementations\\\\HtmlField\",\"Solspace\\\\Freeform\\\\Fields\\\\Implementations\\\\Pro\\\\RichTextField\"]','2024-12-23 16:39:49','2024-12-23 16:39:49','48ee34ad-6056-49c3-99cc-b56fa1a63a62'),(6,'#9b9b9b','Hidden','[\"Solspace\\\\Freeform\\\\Fields\\\\Implementations\\\\HiddenField\",\"Solspace\\\\Freeform\\\\Fields\\\\Implementations\\\\Pro\\\\InvisibleField\"]','2024-12-23 16:39:49','2024-12-23 16:39:49','716a80f0-52f6-453a-86de-bc1ca8232156');
commit;

--
-- Dumping data for table `freeform_forms`
--

set autocommit=0;
INSERT INTO `freeform_forms` VALUES (1,'Solspace\\Freeform\\Form\\Types\\Regular','Contact Form','contactForm',0,'{\"behavior\":{\"ajax\":true,\"successBehavior\":\"reload\",\"duplicateCheck\":\"no_limit\",\"showProcessingSpinner\":true,\"successTemplate\":null,\"stopSubmissionsAfter\":null,\"showProcessingText\":true,\"returnUrl\":\"\",\"processingText\":\"Processing...\",\"successMessage\":\"Form has been submitted successfully!\",\"errorMessage\":\"Sorry, there was an error submitting the form. Please try again.\"},\"general\":{\"name\":\"Contact Form\",\"storeData\":true,\"handle\":\"contactForm\",\"defaultStatus\":2,\"type\":\"Solspace\\\\Freeform\\\\Form\\\\Types\\\\Regular\",\"collectIpAddresses\":true,\"sites\":[\"1\"],\"allowUsersToOptIn\":false,\"translations\":false,\"optInCheckbox\":null,\"submissionTitle\":\"{{ dateCreated|date(\\\"Y-m-d H:i:s\\\") }}\",\"formattingTemplate\":\"basic-light\\/index.twig\",\"description\":\"\",\"color\":\"#6302C5\",\"attributes\":{\"form\":{},\"row\":{},\"success\":{},\"errors\":{}}}}',NULL,3,3,NULL,'2024-12-23 16:56:46','2025-02-18 02:47:57','910c0e20-d19f-49d1-ae13-64cd64ce295f');
commit;

--
-- Dumping data for table `freeform_forms_fields`
--

set autocommit=0;
INSERT INTO `freeform_forms_fields` VALUES (1,1,'Solspace\\Freeform\\Fields\\Implementations\\HtmlField','{\"twig\":false,\"label\":\"HTML\",\"content\":\"<div>\\n    <h2>Please contact me below for any questions!<\\/h2>\\n    <h5>(Private lessons also available)<\\/h5>\\n<\\/div>\",\"handle\":\"html\",\"fieldType\":null,\"attributes\":{\"input\":{},\"label\":{},\"instructions\":{},\"container\":{},\"error\":{}},\"requiredMessage\":null}',1,0,'2024-12-23 16:58:39','2024-12-23 17:00:13','5141661f-87cc-46e9-ac6b-e8a06dd62a18'),(2,1,'Solspace\\Freeform\\Fields\\Implementations\\TextField','{\"label\":\"Full Name\",\"encrypted\":false,\"handle\":\"fullName\",\"fieldType\":null,\"instructions\":\"\",\"attributes\":{\"input\":{},\"label\":{},\"instructions\":{},\"container\":{},\"error\":{}},\"placeholder\":\"\",\"required\":true,\"requiredMessage\":null,\"defaultValue\":null,\"maxLength\":null}',2,0,'2024-12-23 16:58:39','2024-12-23 17:00:13','ef8100ce-5b0c-469b-8343-59b22d82d933'),(3,1,'Solspace\\Freeform\\Fields\\Implementations\\EmailField','{\"label\":\"Email Address\",\"encrypted\":false,\"handle\":\"emailAddress\",\"fieldType\":null,\"instructions\":\"\",\"attributes\":{\"input\":{},\"label\":{},\"instructions\":{},\"container\":{},\"error\":{}},\"placeholder\":\"\",\"required\":true,\"requiredMessage\":null,\"defaultValue\":null,\"maxLength\":null}',3,0,'2024-12-23 16:58:39','2024-12-23 17:00:13','7a16a837-0422-4d9a-8b7f-c4154de1c3ed'),(4,1,'Solspace\\Freeform\\Fields\\Implementations\\TextField','{\"label\":\"Subject\",\"encrypted\":false,\"handle\":\"subject\",\"fieldType\":null,\"instructions\":\"\",\"attributes\":{\"input\":{},\"label\":{},\"instructions\":{},\"container\":{},\"error\":{}},\"placeholder\":\"\",\"required\":true,\"requiredMessage\":null,\"defaultValue\":null,\"maxLength\":null}',4,0,'2024-12-23 16:58:39','2024-12-23 17:00:13','4ed4cf8b-0655-49a3-8e46-1c95685a9dac'),(5,1,'Solspace\\Freeform\\Fields\\Implementations\\TextareaField','{\"defaultValue\":null,\"label\":\"Message\",\"encrypted\":false,\"rows\":2,\"handle\":\"message\",\"fieldType\":null,\"instructions\":\"\",\"attributes\":{\"input\":{},\"label\":{},\"instructions\":{},\"container\":{},\"error\":{}},\"placeholder\":\"\",\"required\":false,\"requiredMessage\":null,\"maxLength\":null}',5,0,'2024-12-23 16:58:39','2024-12-23 17:00:13','5bc43cf6-4579-4fb3-8c7f-a0442344dbc4');
commit;

--
-- Dumping data for table `freeform_forms_groups`
--

set autocommit=0;
commit;

--
-- Dumping data for table `freeform_forms_groups_entries`
--

set autocommit=0;
commit;

--
-- Dumping data for table `freeform_forms_integrations`
--

set autocommit=0;
INSERT INTO `freeform_forms_integrations` VALUES (1,1,1,1,'{}','2024-12-23 17:04:08','2025-02-18 02:47:58','4f5bd3bf-decf-4498-b2da-6089a25eb94c'),(2,2,1,0,'{}','2025-02-18 02:47:15','2025-02-18 02:47:58','ec68cc1b-fee8-4666-beba-ca9e95be7e7c');
commit;

--
-- Dumping data for table `freeform_forms_layouts`
--

set autocommit=0;
INSERT INTO `freeform_forms_layouts` VALUES (1,1,'2024-12-23 16:58:39','2024-12-23 16:58:39','02db56f1-8916-4b72-99d9-078831264ae8');
commit;

--
-- Dumping data for table `freeform_forms_notifications`
--

set autocommit=0;
INSERT INTO `freeform_forms_notifications` VALUES (1,'Solspace\\Freeform\\Notifications\\Types\\Admin\\Admin',1,1,'{\"name\":\"Admin notification\",\"enabled\":true,\"template\":1,\"recipients\":[{\"email\":\"robmartinomusic@gmail.com\",\"name\":\"\"},{\"email\":\"jsudimak302@gmail.com\",\"name\":\"\"}]}','2024-12-23 17:00:13','2024-12-23 17:00:13','77f48cf3-4a2f-492f-8ff5-f42f1e2e8011');
commit;

--
